---------------------------------------------------------------------------------
-- Auteur :		Sébastien Guiwarch
-- Creation date :	19/07/2022
-- Last update	:	19/07/2022
---------------------------------------------------------------------------------
-- Description / objectif : 	This SQL script performs a transaction on the current database
--                              - to insert data. 
--					
--					The file of this script is encoded in UTF8 
-- Usage : 	*	This script should be run on a previously created database using the following scrip :
--				https://git.renater.fr/anonscm/gitweb?p=script/script.git;a=blob_plain;f=serveurs+virtuels/pggeodb/exploitation/creer_base.sh
--			* 	The account to use must have sufficient privileges to create tables, indexes and constraints ...
--			*	The use of an interpolated psql variable in the sql (\ set) code only works with the psql tool that should be used
--          *   to run this script (otherwise the script must be modified beforehand to comply with the Classic SQL.
--			* SYNTAXE : psql -f insert_schema_application_en.sql nombase
-- PARAMETERS :
--		entrance :
-- 			nothing
--		output :
-- 			
-- UPDATE :

START TRANSACTION;

/*==============================================================*/
/* Table : application.t_access_configuration_form_acf          */
/*==============================================================*/

insert into application.t_access_configuration_form_acf(acf_sgbd, acf_version, acf_odbc, acf_disconnected,acf_instance_num, acf_database, acf_role_writing, acf_tag) 
values ('postgresql', '15', true, false, null, 'db_ecological_db', 'ecological_db_ecriture', null);

/*==============================================================*/
/* Table : application.t_user_usr                               */
/*==============================================================*/

insert into application.t_user_usr(usr_login, usr_mail)
values('anonymous', 'anonymous@anonymous.fr');

/*==============================================================*/
/* Table : application.tr_role_rol                              */
/*==============================================================*/

insert into application.tr_role_rol(rol_label, rol_description)
values('administrator', 'Role to administer the application.');
insert into application.tr_role_rol(rol_label, rol_description)
values('dpo', 'Role to manage requests related to personal data.');
insert into application.tr_role_rol(rol_label, rol_description)
values('editor', 'Role allowing to write in the database.');
insert into application.tr_role_rol(rol_label, rol_description)
values('reader', 'Role used to read the data present in the database.');
insert into application.tr_role_rol(rol_label, rol_description)
values('limited-reader', 'Role allowing to read a sample of database data.');
insert into application.tr_role_rol(rol_label, rol_description)
values('guest', 'Role allowing access to content requiring authentication.');
insert into application.tr_role_rol(rol_label, rol_description)
values('sql', 'Role allowing to visualize some of the SQL queries generated by the application.');

/*==============================================================*/
/* Table : application.tr_permission_perm                       */
/*==============================================================*/

insert into application.tr_permission_perm(perm_label, perm_description)
values('administer', 'Permission granting the right to administer the application.');
insert into application.tr_permission_perm(perm_label, perm_description)
values('dpo', 'Permission granting the right to manage GDPR requests.');
insert into application.tr_permission_perm(perm_label, perm_description)
values('writing', 'Permission granting the right to write to the database.');
insert into application.tr_permission_perm(perm_label, perm_description)
values('reading', 'Permission granting the right to read the database.');
insert into application.tr_permission_perm(perm_label, perm_description)
values('read-limited', 'Permission granting the right to read sample data.');
insert into application.tr_permission_perm(perm_label, perm_description)
values('guest', 'Permission granting access to content requiring authentication.');
insert into application.tr_permission_perm(perm_label, perm_description)
values('sql', 'Permission to view some of the sql queries generated by the application.');

/*==============================================================*/
/* Table : application.tj_rol_rol_rolp                          */
/*==============================================================*/

insert into application.tj_rol_rol_rolp(rolp_role_parent_id, rolp_role_child_id) values(
	(select rol_id from application.tr_role_rol where rol_label = 'administrator'),
	(select rol_id from application.tr_role_rol where rol_label = 'dpo')
);
insert into application.tj_rol_rol_rolp(rolp_role_parent_id, rolp_role_child_id) values(
	(select rol_id from application.tr_role_rol where rol_label = 'administrator'),
	(select rol_id from application.tr_role_rol where rol_label = 'editor')
);
insert into application.tj_rol_rol_rolp(rolp_role_parent_id, rolp_role_child_id) values(
	(select rol_id from application.tr_role_rol where rol_label = 'editor'),
	(select rol_id from application.tr_role_rol where rol_label = 'reader')
);
insert into application.tj_rol_rol_rolp(rolp_role_parent_id, rolp_role_child_id) values(
	(select rol_id from application.tr_role_rol where rol_label = 'reader'),
	(select rol_id from application.tr_role_rol where rol_label = 'limited-reader')
);
insert into application.tj_rol_rol_rolp(rolp_role_parent_id, rolp_role_child_id) values(
	(select rol_id from application.tr_role_rol where rol_label = 'reader'),
	(select rol_id from application.tr_role_rol where rol_label = 'guest')
);

/*==============================================================*/
/* Table : application.tj_rol_perm_aperm                        */
/*==============================================================*/

insert into application.tj_rol_perm_aperm(aperm_rol_id, aperm_perm_id) values (
	(select rol_id from application.tr_role_rol where rol_label = 'administrator'),
	(select perm_id from application.tr_permission_perm where perm_label = 'administer')
);
insert into application.tj_rol_perm_aperm(aperm_rol_id, aperm_perm_id) values (
	(select rol_id from application.tr_role_rol where rol_label = 'dpo'),
	(select perm_id from application.tr_permission_perm where perm_label = 'dpo')
);
insert into application.tj_rol_perm_aperm(aperm_rol_id, aperm_perm_id) values (
	(select rol_id from application.tr_role_rol where rol_label = 'editor'),
	(select perm_id from application.tr_permission_perm where perm_label = 'writing')
);
insert into application.tj_rol_perm_aperm(aperm_rol_id, aperm_perm_id) values (
	(select rol_id from application.tr_role_rol where rol_label = 'reader'),
	(select perm_id from application.tr_permission_perm where perm_label = 'reading')
);
insert into application.tj_rol_perm_aperm(aperm_rol_id, aperm_perm_id) values (
	(select rol_id from application.tr_role_rol where rol_label = 'limited-reader'),
	(select perm_id from application.tr_permission_perm where perm_label = 'read-limited')
);
insert into application.tj_rol_perm_aperm(aperm_rol_id, aperm_perm_id) values (
	(select rol_id from application.tr_role_rol where rol_label = 'guest'),
	(select perm_id from application.tr_permission_perm where perm_label = 'guest')
);
insert into application.tj_rol_perm_aperm(aperm_rol_id, aperm_perm_id) values (
	(select rol_id from application.tr_role_rol where rol_label = 'sql'),
	(select perm_id from application.tr_permission_perm where perm_label = 'sql')
);

/*=============================================================*/
/* Table : application.tr_type_gdpr_typgdpr                    */
/*=============================================================*/

insert into application.tr_type_gdpr_typgdpr(typgdpr_code, typgdpr_label)
values	('access', 'Right to access'),
		('update', 'Right of rectification'),
		('anonymous', 'Right to anonymization'),
		('no-consent', 'Right to withdraw consent'),
		('portability', 'Right to data portability'),
		('opposition', 'Right of opposition');

COMMIT