﻿------------------------------------------------------------- 
-- Script d'initialisation de JEFY_ADMIN
-- executer à partir du user JEFY_ADMIN ou GRHUM
------------------------------------------------------------- 
-- version 1.0.0 
-- rodolphe.prin@univ-lr.fr


--------------------------------------------------------------
-- TODO
-- * lancer ce script à partir du user GRHUM ou JEFY_ADMIN
--------------------------------------------------------------


-- TYPE_ETAT
INSERT INTO jefy_admin.TYPE_ETAT ( TYET_ID, TYET_LIBELLE ) VALUES ( 1, 'VALIDE'); 
INSERT INTO jefy_admin.TYPE_ETAT ( TYET_ID, TYET_LIBELLE ) VALUES ( 2, 'ANNULE'); 
INSERT INTO jefy_admin.TYPE_ETAT ( TYET_ID, TYET_LIBELLE ) VALUES ( 3, 'OUI'); 
INSERT INTO jefy_admin.TYPE_ETAT ( TYET_ID, TYET_LIBELLE ) VALUES ( 4, 'NON'); 
INSERT INTO jefy_admin.TYPE_ETAT ( TYET_ID, TYET_LIBELLE ) VALUES ( 5, 'SUPPRIME'); 
INSERT INTO jefy_admin.TYPE_ETAT ( TYET_ID, TYET_LIBELLE ) VALUES ( 6, 'EN ATTENTE'); 
INSERT INTO jefy_admin.TYPE_ETAT ( TYET_ID, TYET_LIBELLE ) VALUES ( 7, 'A VALIDER'); 
INSERT INTO jefy_admin.TYPE_ETAT ( TYET_ID, TYET_LIBELLE ) VALUES ( 100, 'EN COURS'); 
INSERT INTO jefy_admin.TYPE_ETAT ( TYET_ID, TYET_LIBELLE ) VALUES ( 101, 'CONTROLE'); 
INSERT INTO jefy_admin.TYPE_ETAT ( TYET_ID, TYET_LIBELLE ) VALUES ( 102, 'CLOTURE'); 
INSERT INTO jefy_admin.TYPE_ETAT ( TYET_ID, TYET_LIBELLE ) VALUES ( 103, 'CALCULE'); 
INSERT INTO jefy_admin.TYPE_ETAT ( TYET_ID, TYET_LIBELLE ) VALUES ( 104, 'VOTE'); 
INSERT INTO jefy_admin.TYPE_ETAT ( TYET_ID, TYET_LIBELLE ) VALUES ( 200, 'O'); 
INSERT INTO jefy_admin.TYPE_ETAT ( TYET_ID, TYET_LIBELLE ) VALUES ( 201, 'N'); 
INSERT INTO jefy_admin.TYPE_ETAT ( TYET_ID, TYET_LIBELLE ) VALUES ( 202, 'PRECOMMANDE'); 
INSERT INTO jefy_admin.TYPE_ETAT ( TYET_ID, TYET_LIBELLE ) VALUES ( 203, 'PART_ENGAGEE'); 
INSERT INTO jefy_admin.TYPE_ETAT ( TYET_ID, TYET_LIBELLE ) VALUES ( 204, 'ENGAGEE'); 
INSERT INTO jefy_admin.TYPE_ETAT ( TYET_ID, TYET_LIBELLE ) VALUES ( 205, 'PART_SOLDEE'); 
INSERT INTO jefy_admin.TYPE_ETAT ( TYET_ID, TYET_LIBELLE ) VALUES ( 206, 'SOLDEE'); 
INSERT INTO jefy_admin.TYPE_ETAT ( TYET_ID, TYET_LIBELLE ) VALUES ( 207, 'ANNULEE'); 
INSERT INTO jefy_admin.TYPE_ETAT ( TYET_ID, TYET_LIBELLE ) VALUES ( 208, 'ENGAGE'); 
INSERT INTO jefy_admin.TYPE_ETAT ( TYET_ID, TYET_LIBELLE ) VALUES ( 209, 'PART_SOLDE'); 
INSERT INTO jefy_admin.TYPE_ETAT ( TYET_ID, TYET_LIBELLE ) VALUES ( 210, 'SOLDE'); 
INSERT INTO jefy_admin.TYPE_ETAT ( TYET_ID, TYET_LIBELLE ) VALUES ( 300, 'PREPARATION'); 



-- devises
INSERT INTO jefy_admin.DEVISE ( DEV_ID, DEV_CODE, DEV_LIBELLE ) VALUES ( 1, 'EUR', 'EURO'); 

-- parametres
INSERT INTO jefy_admin.PARAMETRE ( PAR_ORDRE, EXE_ORDRE, PAR_KEY, PAR_VALUE, PAR_DESCRIPTION,PAR_NIVEAU_MODIF ) VALUES ( 
11, 2006, 'LOLF_NIVEAU_DEPENSE', '3', 'niveau utilisable par les depenses dans l''arbre de la nomenclature lolf (table lolf_nomenclature_depense)', 300); 
INSERT INTO jefy_admin.PARAMETRE ( PAR_ORDRE, EXE_ORDRE, PAR_KEY, PAR_VALUE, PAR_DESCRIPTION,PAR_NIVEAU_MODIF ) 
VALUES (13, 2006, 'LOLF_NIVEAU_BUDGET_DEPENSE', '2', 'niveau dans la table lolf_nomenclature_depense a utiliser pour saisir le budget de gestion en depense', 300); 
INSERT INTO jefy_admin.PARAMETRE ( PAR_ORDRE, EXE_ORDRE, PAR_KEY, PAR_VALUE, PAR_DESCRIPTION,PAR_NIVEAU_MODIF ) VALUES ( 
14, 2006, 'LOLF_NIVEAU_BUDGET_RECETTE', '2', 'niveau dans la table lolf_nomenclature_recette a utiliser pour saisir le budget de gestion en recette', 300); 
INSERT INTO jefy_admin.PARAMETRE ( PAR_ORDRE, EXE_ORDRE, PAR_KEY, PAR_VALUE, PAR_DESCRIPTION,PAR_NIVEAU_MODIF ) VALUES ( 
12, 2006, 'LOLF_NIVEAU_RECETTE', '2', 'niveau utilisable par les recettes dans l''arbre de la nomenclature lolf (table lolf_nomenclature_recette)', NULL); 
INSERT INTO jefy_admin.PARAMETRE ( PAR_ORDRE, EXE_ORDRE, PAR_KEY, PAR_VALUE, PAR_DESCRIPTION,PAR_NIVEAU_MODIF ) VALUES (
9, 2006, 'UNIV', 'UNIVERSITE LA ROCHELLE', 'libelle Universite', 3); 
INSERT INTO jefy_admin.PARAMETRE ( PAR_ORDRE, EXE_ORDRE, PAR_KEY, PAR_VALUE, PAR_DESCRIPTION,PAR_NIVEAU_MODIF ) VALUES ( 
10, 2006, 'VILLE', 'La Rochelle', 'ville par defaut ', 3); 
INSERT INTO jefy_admin.PARAMETRE ( PAR_ORDRE, EXE_ORDRE, PAR_KEY, PAR_VALUE, PAR_DESCRIPTION,PAR_NIVEAU_MODIF ) VALUES ( 
5, 2006, 'ID_TPG', 'A174', 'id de la tpg (voir disquette)', 3); 
INSERT INTO jefy_admin.PARAMETRE ( PAR_ORDRE, EXE_ORDRE, PAR_KEY, PAR_VALUE, PAR_DESCRIPTION,PAR_NIVEAU_MODIF ) VALUES ( 
1, 2006, 'ADRESSE_UNIV', 'UNIVERSITE LA ROCHELLE
23 AVENUE ALBERT EINSTEIN
17071 LA ROCHELLE CEDEX
Tél : 05.46.45.91.14
Fax : 05.46.44.93.76
'
, 'adresse universite', 3); 
INSERT INTO jefy_admin.PARAMETRE ( PAR_ORDRE, EXE_ORDRE, PAR_KEY, PAR_VALUE, PAR_DESCRIPTION,PAR_NIVEAU_MODIF ) VALUES ( 
7, 2006, 'NUMERO_SIRET', '191.700.327.00015', 'numero de SIRET de l etablissement', 3); 
INSERT INTO jefy_admin.PARAMETRE ( PAR_ORDRE, EXE_ORDRE, PAR_KEY, PAR_VALUE, PAR_DESCRIPTION,PAR_NIVEAU_MODIF ) VALUES ( 
4, 2006, 'FORMAT_USE_DECIMAL', 'OUI', 'Indique s''il faut utiliser des decimales dans les affichages/saisies', 3); 
INSERT INTO jefy_admin.PARAMETRE ( PAR_ORDRE, EXE_ORDRE, PAR_KEY, PAR_VALUE, PAR_DESCRIPTION,PAR_NIVEAU_MODIF ) VALUES ( 
2, 2006, 'DEVISE_LIBELLE', 'euro', 'Libelle devise en cours', 3); 
INSERT INTO jefy_admin.PARAMETRE ( PAR_ORDRE, EXE_ORDRE, PAR_KEY, PAR_VALUE, PAR_DESCRIPTION,PAR_NIVEAU_MODIF ) VALUES ( 
8, 2006, 'TAU_CODE_DEFAUT', '0', 'Cle du taux de TVA a utiliser par defaut', 3); 
INSERT INTO jefy_admin.PARAMETRE ( PAR_ORDRE, EXE_ORDRE, PAR_KEY, PAR_VALUE, PAR_DESCRIPTION,PAR_NIVEAU_MODIF ) VALUES ( 
3, 2006, 'DEVISE_SYMBOLE', 'E', 'Symbole devise en cours', 3); 
INSERT INTO jefy_admin.PARAMETRE ( PAR_ORDRE, EXE_ORDRE, PAR_KEY, PAR_VALUE, PAR_DESCRIPTION,PAR_NIVEAU_MODIF ) VALUES ( 
6, 2006, 'MAIN_LOGO_URL', 'http://www.univ-lr.fr/image_partagee/ULRLogo90.gif', 'URL du logo de l''etablissement'
, 3); 





-- domaines
INSERT INTO jefy_admin.DOMAINE ( DOM_ID, DOM_LIBELLE ) VALUES ( 1, 'ADMINISTRATION'); 
INSERT INTO jefy_admin.DOMAINE ( DOM_ID, DOM_LIBELLE ) VALUES ( 2, 'BUDGET'); 
INSERT INTO jefy_admin.DOMAINE ( DOM_ID, DOM_LIBELLE ) VALUES ( 3, 'DEPENSE'); 
INSERT INTO jefy_admin.DOMAINE ( DOM_ID, DOM_LIBELLE ) VALUES ( 4, 'RECETTE'); 
INSERT INTO jefy_admin.DOMAINE ( DOM_ID, DOM_LIBELLE ) VALUES ( 5, 'COMPTABILITE'); 
INSERT INTO jefy_admin.DOMAINE ( DOM_ID, DOM_LIBELLE ) VALUES ( 6, 'ANNUAIRE'); 

-- TYPE_APPLICATION
INSERT INTO jefy_admin.TYPE_APPLICATION ( TYAP_ID, DOM_ID, TYAP_LIBELLE,TYAP_STRID ) VALUES (1, 1, 'JEFYADMIN', 'JEFYADMIN'); 
INSERT INTO jefy_admin.TYPE_APPLICATION ( TYAP_ID, DOM_ID, TYAP_LIBELLE,TYAP_STRID ) VALUES (2, 2, 'BIBASSE', 'BIBASSE'); 
INSERT INTO jefy_admin.TYPE_APPLICATION ( TYAP_ID, DOM_ID, TYAP_LIBELLE,TYAP_STRID ) VALUES (3, 3, 'DEPENSE', 'DEPENSE'); 
INSERT INTO jefy_admin.TYPE_APPLICATION ( TYAP_ID, DOM_ID, TYAP_LIBELLE,TYAP_STRID ) VALUES (4, 5, 'MARACUJA', 'MARACUJA'); 
INSERT INTO jefy_admin.TYPE_APPLICATION ( TYAP_ID, DOM_ID, TYAP_LIBELLE,TYAP_STRID ) VALUES (5, 6, 'ANNUAIRE', 'ANNUAIRE'); 
INSERT INTO jefy_admin.TYPE_APPLICATION ( TYAP_ID, DOM_ID, TYAP_LIBELLE,TYAP_STRID ) VALUES (6, 4, 'RECETTE', 'RECETTE'); 
INSERT INTO jefy_admin.TYPE_APPLICATION ( TYAP_ID, DOM_ID, TYAP_LIBELLE,TYAP_STRID ) VALUES (7, 3, 'KIWI', 'KIWI'); 
INSERT INTO jefy_admin.TYPE_APPLICATION ( TYAP_ID, DOM_ID, TYAP_LIBELLE,TYAP_STRID ) VALUES (8, 3, 'PRESTATION INTERNE', 'PRESTATION INTERNE'); 
INSERT INTO jefy_admin.TYPE_APPLICATION ( TYAP_ID, DOM_ID, TYAP_LIBELLE,TYAP_STRID ) VALUES (9, 3, 'PAPAYE', 'PAPAYE'); 




-- exercices
INSERT INTO jefy_admin.EXERCICE ( EXE_CLOTURE, EXE_EXERCICE, EXE_INVENTAIRE, EXE_ORDRE, EXE_OUVERTURE,EXE_STAT, EXE_TYPE, EXE_STAT_ENG ) VALUES ( 
 TO_DATE( '12/31/2004', 'MM/DD/YYYY'), 2004,  TO_DATE( '12/21/2004', 'MM/DD/YYYY'), 2004,  TO_DATE( '01/01/2004', 'MM/DD/YYYY'), 'C', 'C', 'C'); 
INSERT INTO jefy_admin.EXERCICE ( EXE_CLOTURE, EXE_EXERCICE, EXE_INVENTAIRE, EXE_ORDRE, EXE_OUVERTURE,EXE_STAT, EXE_TYPE, EXE_STAT_ENG ) VALUES ( 
 TO_DATE( '12/31/2005', 'MM/DD/YYYY'), 2005, NULL, 2005,  TO_DATE( '01/01/2005', 'MM/DD/YYYY'), 'C', 'C', 'C'); 
INSERT INTO jefy_admin.EXERCICE ( EXE_CLOTURE, EXE_EXERCICE, EXE_INVENTAIRE, EXE_ORDRE, EXE_OUVERTURE,EXE_STAT, EXE_TYPE, EXE_STAT_ENG ) VALUES ( 
NULL, 2006, NULL, 2006,  TO_DATE( '01/01/2006', 'MM/DD/YYYY'), 'O', 'T', 'O'); 
INSERT INTO jefy_admin.EXERCICE ( EXE_CLOTURE, EXE_EXERCICE, EXE_INVENTAIRE, EXE_ORDRE, EXE_OUVERTURE,EXE_STAT, EXE_TYPE, EXE_STAT_ENG ) VALUES ( 
NULL, 2007, NULL, 2007,  TO_DATE( '01/01/2007', 'MM/DD/YYYY'), 'P', 'P', 'P');


-- TYPE_ORGAN
INSERT INTO jefy_admin.TYPE_ORGAN ( TYOR_ID, TYOR_LIBELLE ) VALUES ( 1, 'LIGNE BUDGETAIRE'); 
INSERT INTO jefy_admin.TYPE_ORGAN ( TYOR_ID, TYOR_LIBELLE ) VALUES ( 2, 'CONVENTION R.A.'); 


-- TYPE_SIGNATURE
INSERT INTO jefy_admin.TYPE_SIGNATURE ( TYSI_ID, TYSI_LIBELLE ) VALUES ( 1, 'ORDONNATEUR PRINCIPAL'); 
INSERT INTO jefy_admin.TYPE_SIGNATURE ( TYSI_ID, TYSI_LIBELLE ) VALUES ( 2, 'ORDONNATEUR DE DROIT'); 
INSERT INTO jefy_admin.TYPE_SIGNATURE ( TYSI_ID, TYSI_LIBELLE ) VALUES ( 3, 'ORDONNATEUR DESIGNE'); 
INSERT INTO jefy_admin.TYPE_SIGNATURE ( TYSI_ID, TYSI_LIBELLE ) VALUES ( 4, 'ORDONNATEUR DELEGUE'); 



-- Code analytiques
INSERT INTO jefy_admin.CODE_ANALYTIQUE ( CAN_ID, CAN_CODE, CAN_LIBELLE, CAN_PUBLIC, CAN_UTILISABLE, TYET_ID,CAN_ID_PERE, CAN_OUVERTURE, CAN_FERMETURE, CAN_NIVEAU, UTL_ORDRE ) VALUES ( 
4, 'racine', 'racine', 3, 4, 1, NULL,  TO_DATE( '01/01/2006', 'MM/DD/YYYY'), NULL, 0, NULL);

-- fonctions
INSERT INTO JEFY_ADMIN.FONCTION ( FON_ORDRE, FON_ID_INTERNE, FON_CATEGORIE, FON_DESCRIPTION, FON_LIBELLE,
FON_SPEC_GESTION, FON_SPEC_ORGAN, FON_SPEC_EXERCICE, TYAP_ID ) VALUES ( 
1, 'ADUTA', 'Administration', 'Gestion des utilisateurs (toutes les applications)'
, 'Gestion des utilisateurs', 'N', 'N', 'N', 1); 
INSERT INTO JEFY_ADMIN.FONCTION ( FON_ORDRE, FON_ID_INTERNE, FON_CATEGORIE, FON_DESCRIPTION, FON_LIBELLE,
FON_SPEC_GESTION, FON_SPEC_ORGAN, FON_SPEC_EXERCICE, TYAP_ID ) VALUES ( 
2, 'ADORGAN', 'Administration', 'Gestion de l''organigramme budgétaire', 'Gestion de l''organigramme budgétaire'
, 'N', 'N', 'N', 1); 
INSERT INTO JEFY_ADMIN.FONCTION ( FON_ORDRE, FON_ID_INTERNE, FON_CATEGORIE, FON_DESCRIPTION, FON_LIBELLE,
FON_SPEC_GESTION, FON_SPEC_ORGAN, FON_SPEC_EXERCICE, TYAP_ID ) VALUES ( 
200, 'DEENG', 'Depense', 'Droit d''engager hors de la periode d''inventaire', 'Droit d''engager hors de la periode d''inventaire'
, 'N', 'N', 'O', 3); 
INSERT INTO JEFY_ADMIN.FONCTION ( FON_ORDRE, FON_ID_INTERNE, FON_CATEGORIE, FON_DESCRIPTION, FON_LIBELLE,
FON_SPEC_GESTION, FON_SPEC_ORGAN, FON_SPEC_EXERCICE, TYAP_ID ) VALUES ( 
201, 'DEENGINV', 'Depense', 'Droit d''engager pendant la periode d''inventaire', 'Droit d''engager pendant la periode d''inventaire'
, 'N', 'N', 'O', 3); 
INSERT INTO JEFY_ADMIN.FONCTION ( FON_ORDRE, FON_ID_INTERNE, FON_CATEGORIE, FON_DESCRIPTION, FON_LIBELLE,
FON_SPEC_GESTION, FON_SPEC_ORGAN, FON_SPEC_EXERCICE, TYAP_ID ) VALUES ( 
100, 'PILOTBUD', 'Budget', 'Pilotage du Budget', 'Pilotage du Budget', 'N', 'N', 'O'
, 2); 
INSERT INTO JEFY_ADMIN.FONCTION ( FON_ORDRE, FON_ID_INTERNE, FON_CATEGORIE, FON_DESCRIPTION, FON_LIBELLE,
FON_SPEC_GESTION, FON_SPEC_ORGAN, FON_SPEC_EXERCICE, TYAP_ID ) VALUES ( 
101, 'CTRLBUD', 'Budget', 'Controle Saisie CR', 'Controle Saisie Budgetaire', 'N'
, 'N', 'O', 2); 
INSERT INTO JEFY_ADMIN.FONCTION ( FON_ORDRE, FON_ID_INTERNE, FON_CATEGORIE, FON_DESCRIPTION, FON_LIBELLE,FON_SPEC_GESTION, FON_SPEC_ORGAN, FON_SPEC_EXERCICE, TYAP_ID ) VALUES ( 
102, 'VIREMENT', 'Budget', 'Virements', 'Virements', 'N', 'N', 'O', 2); 
INSERT INTO JEFY_ADMIN.FONCTION ( FON_ORDRE, FON_ID_INTERNE, FON_CATEGORIE, FON_DESCRIPTION, FON_LIBELLE,FON_SPEC_GESTION, FON_SPEC_ORGAN, FON_SPEC_EXERCICE, TYAP_ID ) VALUES ( 
103, 'VENTIL', 'Budget', 'Ventilations', 'Ventilations', 'N', 'N', 'O', 2); 
INSERT INTO JEFY_ADMIN.FONCTION ( FON_ORDRE, FON_ID_INTERNE, FON_CATEGORIE, FON_DESCRIPTION, FON_LIBELLE,FON_SPEC_GESTION, FON_SPEC_ORGAN, FON_SPEC_EXERCICE, TYAP_ID ) VALUES ( 
501, 'ADUT', 'Administration', NULL, 'Gestion des utilisateurs', 'N', 'N', 'N', 4); 
INSERT INTO JEFY_ADMIN.FONCTION ( FON_ORDRE, FON_ID_INTERNE, FON_CATEGORIE, FON_DESCRIPTION, FON_LIBELLE,FON_SPEC_GESTION, FON_SPEC_ORGAN, FON_SPEC_EXERCICE, TYAP_ID ) VALUES ( 
502, 'PAMP', 'Administration', NULL, 'Gestion des modes de paiement', 'N', 'N', 'N', 4); 
INSERT INTO JEFY_ADMIN.FONCTION ( FON_ORDRE, FON_ID_INTERNE, FON_CATEGORIE, FON_DESCRIPTION, FON_LIBELLE,FON_SPEC_GESTION, FON_SPEC_ORGAN, FON_SPEC_EXERCICE, TYAP_ID ) VALUES ( 
503, 'ADCO', 'Administration', NULL, 'Gestion des comptabilités', 'N', 'N', 'N', 4); 
INSERT INTO JEFY_ADMIN.FONCTION ( FON_ORDRE, FON_ID_INTERNE, FON_CATEGORIE, FON_DESCRIPTION, FON_LIBELLE,FON_SPEC_GESTION, FON_SPEC_ORGAN, FON_SPEC_EXERCICE, TYAP_ID ) VALUES ( 
504, 'ADGE', 'Administration', NULL, 'Gestion des codes gestion', 'N', 'N', 'N', 4); 
INSERT INTO JEFY_ADMIN.FONCTION ( FON_ORDRE, FON_ID_INTERNE, FON_CATEGORIE, FON_DESCRIPTION, FON_LIBELLE,FON_SPEC_GESTION, FON_SPEC_ORGAN, FON_SPEC_EXERCICE, TYAP_ID ) VALUES ( 
505, 'VIDE', 'Visa/Réimputations', NULL, 'Visa Dépenses', 'O', 'N', 'N', 4); 
INSERT INTO JEFY_ADMIN.FONCTION ( FON_ORDRE, FON_ID_INTERNE, FON_CATEGORIE, FON_DESCRIPTION, FON_LIBELLE,FON_SPEC_GESTION, FON_SPEC_ORGAN, FON_SPEC_EXERCICE, TYAP_ID ) VALUES ( 
506, 'VIRE', 'Visa/Réimputations', NULL, 'Visa Recettes', 'O', 'N', 'N', 4); 
INSERT INTO JEFY_ADMIN.FONCTION ( FON_ORDRE, FON_ID_INTERNE, FON_CATEGORIE, FON_DESCRIPTION, FON_LIBELLE,FON_SPEC_GESTION, FON_SPEC_ORGAN, FON_SPEC_EXERCICE, TYAP_ID ) VALUES ( 
507, 'VIPR', 'Visa/Réimputations', NULL, 'Visa Prestations Internes', 'O', 'N', 'N', 4); 
INSERT INTO JEFY_ADMIN.FONCTION ( FON_ORDRE, FON_ID_INTERNE, FON_CATEGORIE, FON_DESCRIPTION, FON_LIBELLE,FON_SPEC_GESTION, FON_SPEC_ORGAN, FON_SPEC_EXERCICE, TYAP_ID ) VALUES ( 
508, 'COCE', 'Journal/Ecritures', 'Consultation d''écritures', 'Ecritures', 'O', 'N', 'N', 4); 
INSERT INTO JEFY_ADMIN.FONCTION ( FON_ORDRE, FON_ID_INTERNE, FON_CATEGORIE, FON_DESCRIPTION, FON_LIBELLE,FON_SPEC_GESTION, FON_SPEC_ORGAN, FON_SPEC_EXERCICE, TYAP_ID ) VALUES ( 
509, 'COMO', 'Journal/Ecritures', NULL, 'Modification d ecritures', 'O', 'N', 'N', 4); 
INSERT INTO JEFY_ADMIN.FONCTION ( FON_ORDRE, FON_ID_INTERNE, FON_CATEGORIE, FON_DESCRIPTION, FON_LIBELLE,FON_SPEC_GESTION, FON_SPEC_ORGAN, FON_SPEC_EXERCICE, TYAP_ID ) VALUES ( 
510, 'COAN', 'Journal/Ecritures', NULL, 'Annulation d''écritures', 'O', 'N', 'N', 4); 
INSERT INTO JEFY_ADMIN.FONCTION ( FON_ORDRE, FON_ID_INTERNE, FON_CATEGORIE, FON_DESCRIPTION, FON_LIBELLE,FON_SPEC_GESTION, FON_SPEC_ORGAN, FON_SPEC_EXERCICE, TYAP_ID ) VALUES ( 
511, 'COEM', 'Journal/Emargements', 'Consultation d''émargements', 'Emargements', 'O', 'N', 'N', 4); 
INSERT INTO JEFY_ADMIN.FONCTION ( FON_ORDRE, FON_ID_INTERNE, FON_CATEGORIE, FON_DESCRIPTION, FON_LIBELLE,FON_SPEC_GESTION, FON_SPEC_ORGAN, FON_SPEC_EXERCICE, TYAP_ID ) VALUES ( 
512, 'PAPC', 'Administration', NULL, 'Gestion du plan comptable', 'N', 'N', 'N', 4); 
INSERT INTO JEFY_ADMIN.FONCTION ( FON_ORDRE, FON_ID_INTERNE, FON_CATEGORIE, FON_DESCRIPTION, FON_LIBELLE,FON_SPEC_GESTION, FON_SPEC_ORGAN, FON_SPEC_EXERCICE, TYAP_ID ) VALUES ( 
513, 'PAEX', 'Administration', NULL, 'Gestion des exercices', 'N', 'N', 'N', 4); 
INSERT INTO JEFY_ADMIN.FONCTION ( FON_ORDRE, FON_ID_INTERNE, FON_CATEGORIE, FON_DESCRIPTION, FON_LIBELLE,FON_SPEC_GESTION, FON_SPEC_ORGAN, FON_SPEC_EXERCICE, TYAP_ID ) VALUES ( 
515, 'PAGE', 'Paiements', NULL, 'Gestion des paiements', 'O', 'N', 'N', 4); 
INSERT INTO JEFY_ADMIN.FONCTION ( FON_ORDRE, FON_ID_INTERNE, FON_CATEGORIE, FON_DESCRIPTION, FON_LIBELLE,FON_SPEC_GESTION, FON_SPEC_ORGAN, FON_SPEC_EXERCICE, TYAP_ID ) VALUES ( 
516, 'PAOP', 'Paiements/OP', NULL, 'Ordres de paiement', 'O', 'N', 'N', 4); 
INSERT INTO JEFY_ADMIN.FONCTION ( FON_ORDRE, FON_ID_INTERNE, FON_CATEGORIE, FON_DESCRIPTION, FON_LIBELLE,FON_SPEC_GESTION, FON_SPEC_ORGAN, FON_SPEC_EXERCICE, TYAP_ID ) VALUES ( 
517, 'PARE', 'Paiements', NULL, 'Avances et retenues', 'O', 'N', 'N', 4); 
INSERT INTO JEFY_ADMIN.FONCTION ( FON_ORDRE, FON_ID_INTERNE, FON_CATEGORIE, FON_DESCRIPTION, FON_LIBELLE,FON_SPEC_GESTION, FON_SPEC_ORGAN, FON_SPEC_EXERCICE, TYAP_ID ) VALUES ( 
518, 'COEMAN', 'Journal/Emargements', NULL, 'Annulation Emargements', 'O', 'N', 'N', 4); 
INSERT INTO JEFY_ADMIN.FONCTION ( FON_ORDRE, FON_ID_INTERNE, FON_CATEGORIE, FON_DESCRIPTION, FON_LIBELLE,FON_SPEC_GESTION, FON_SPEC_ORGAN, FON_SPEC_EXERCICE, TYAP_ID ) VALUES ( 
519, 'REMA', 'Visa/Réimputations', NULL, 'Réimputation mandat', 'O', 'N', 'N', 4); 
INSERT INTO JEFY_ADMIN.FONCTION ( FON_ORDRE, FON_ID_INTERNE, FON_CATEGORIE, FON_DESCRIPTION, FON_LIBELLE,FON_SPEC_GESTION, FON_SPEC_ORGAN, FON_SPEC_EXERCICE, TYAP_ID ) VALUES ( 
520, 'RETI', 'Visa/Réimputations', NULL, 'Réimputation titre', 'O', 'N', 'N', 4); 
INSERT INTO JEFY_ADMIN.FONCTION ( FON_ORDRE, FON_ID_INTERNE, FON_CATEGORIE, FON_DESCRIPTION, FON_LIBELLE,FON_SPEC_GESTION, FON_SPEC_ORGAN, FON_SPEC_EXERCICE, TYAP_ID ) VALUES ( 
522, 'PAMR', 'Administration', NULL, 'Gestion des modes de recouvrement', 'N', 'N', 'N', 4); 
INSERT INTO JEFY_ADMIN.FONCTION ( FON_ORDRE, FON_ID_INTERNE, FON_CATEGORIE, FON_DESCRIPTION, FON_LIBELLE,FON_SPEC_GESTION, FON_SPEC_ORGAN, FON_SPEC_EXERCICE, TYAP_ID ) VALUES ( 
523, 'ADPA', 'Administration', NULL, 'Gestion des paramètres', 'N', 'N', 'N', 4); 
INSERT INTO JEFY_ADMIN.FONCTION ( FON_ORDRE, FON_ID_INTERNE, FON_CATEGORIE, FON_DESCRIPTION, FON_LIBELLE,FON_SPEC_GESTION, FON_SPEC_ORGAN, FON_SPEC_EXERCICE, TYAP_ID ) VALUES ( 
524, 'ADTC', 'Administration', NULL, 'Gestion des types de crédit', 'N', 'N', 'N', 4); 
INSERT INTO JEFY_ADMIN.FONCTION ( FON_ORDRE, FON_ID_INTERNE, FON_CATEGORIE, FON_DESCRIPTION, FON_LIBELLE,FON_SPEC_GESTION, FON_SPEC_ORGAN, FON_SPEC_EXERCICE, TYAP_ID ) VALUES ( 
525, 'PAMO', 'Paiements', NULL, 'Modification modes de paiements et ribs', 'O', 'N', 'N', 4); 
INSERT INTO JEFY_ADMIN.FONCTION ( FON_ORDRE, FON_ID_INTERNE, FON_CATEGORIE, FON_DESCRIPTION, FON_LIBELLE,FON_SPEC_GESTION, FON_SPEC_ORGAN, FON_SPEC_EXERCICE, TYAP_ID ) VALUES ( 
526, 'CHESA', 'Outils/Chèques', NULL, 'Saisie de bordereaux de chèques', 'O', 'N', 'N', 4); 
INSERT INTO JEFY_ADMIN.FONCTION ( FON_ORDRE, FON_ID_INTERNE, FON_CATEGORIE, FON_DESCRIPTION, FON_LIBELLE,FON_SPEC_GESTION, FON_SPEC_ORGAN, FON_SPEC_EXERCICE, TYAP_ID ) VALUES ( 
527, 'CHEVI', 'Outils/Chèques', NULL, 'Visa de bordereaux de chèques', 'O', 'N', 'N', 4); 
INSERT INTO JEFY_ADMIN.FONCTION ( FON_ORDRE, FON_ID_INTERNE, FON_CATEGORIE, FON_DESCRIPTION, FON_LIBELLE,FON_SPEC_GESTION, FON_SPEC_ORGAN, FON_SPEC_EXERCICE, TYAP_ID ) VALUES ( 
528, 'PAOPO', 'Paiements/OP', NULL, 'Ordres de paiement ordonnateur', 'O', 'N', 'N', 4); 
INSERT INTO JEFY_ADMIN.FONCTION ( FON_ORDRE, FON_ID_INTERNE, FON_CATEGORIE, FON_DESCRIPTION, FON_LIBELLE,FON_SPEC_GESTION, FON_SPEC_ORGAN, FON_SPEC_EXERCICE, TYAP_ID ) VALUES ( 
529, 'SCOL', 'Visa/Réimputations', NULL, 'Bordereaux Scolarix', 'O', 'N', 'N', 4); 
INSERT INTO JEFY_ADMIN.FONCTION ( FON_ORDRE, FON_ID_INTERNE, FON_CATEGORIE, FON_DESCRIPTION, FON_LIBELLE,FON_SPEC_GESTION, FON_SPEC_ORGAN, FON_SPEC_EXERCICE, TYAP_ID ) VALUES ( 
530, 'PAYE', 'Visa/Réimputations', NULL, 'Bordereaux Papaye', 'N', 'N', 'N', 4); 
INSERT INTO JEFY_ADMIN.FONCTION ( FON_ORDRE, FON_ID_INTERNE, FON_CATEGORIE, FON_DESCRIPTION, FON_LIBELLE,FON_SPEC_GESTION, FON_SPEC_ORGAN, FON_SPEC_EXERCICE, TYAP_ID ) VALUES ( 
531, 'RELANCE', 'Outils/Relances', NULL, 'Gestion des relances', 'O', 'N', 'N', 4); 
INSERT INTO JEFY_ADMIN.FONCTION ( FON_ORDRE, FON_ID_INTERNE, FON_CATEGORIE, FON_DESCRIPTION, FON_LIBELLE,FON_SPEC_GESTION, FON_SPEC_ORGAN, FON_SPEC_EXERCICE, TYAP_ID ) VALUES ( 
532, 'ADREL', 'Administration', NULL, 'Gestion des types de relance', 'N', 'N', 'N', 4); 
INSERT INTO JEFY_ADMIN.FONCTION ( FON_ORDRE, FON_ID_INTERNE, FON_CATEGORIE, FON_DESCRIPTION, FON_LIBELLE,FON_SPEC_GESTION, FON_SPEC_ORGAN, FON_SPEC_EXERCICE, TYAP_ID ) VALUES ( 
533, 'SRCH01', 'Outils/Recherche', 'Permet d''effectuer des recherches sur les écritures et les bordereaux', 'Rechercher', 'N', 'N', 'N', 4); 
INSERT INTO JEFY_ADMIN.FONCTION ( FON_ORDRE, FON_ID_INTERNE, FON_CATEGORIE, FON_DESCRIPTION, FON_LIBELLE,FON_SPEC_GESTION, FON_SPEC_ORGAN, FON_SPEC_EXERCICE, TYAP_ID ) VALUES ( 
534, 'SRCH02', 'Outils/Recherche', 'Permet d''effectuer des recherches sur les mandats et titres', 'Suivi dépenses/recettes', 'N', 'N', 'N', 4); 
INSERT INTO JEFY_ADMIN.FONCTION ( FON_ORDRE, FON_ID_INTERNE, FON_CATEGORIE, FON_DESCRIPTION, FON_LIBELLE,FON_SPEC_GESTION, FON_SPEC_ORGAN, FON_SPEC_EXERCICE, TYAP_ID ) VALUES ( 
535, 'EPN', 'Outils/transferts', 'Permet d''effectuer les remontées infocentre trimestrielles et annuelles pour la DGCP', 'Transferts DGCP', 'N', 'N', 'N', 4); 
INSERT INTO JEFY_ADMIN.FONCTION ( FON_ORDRE, FON_ID_INTERNE, FON_CATEGORIE, FON_DESCRIPTION, FON_LIBELLE,FON_SPEC_GESTION, FON_SPEC_ORGAN, FON_SPEC_EXERCICE, TYAP_ID ) VALUES ( 
536, 'IMPR001', 'Impressions', NULL, 'Journal général', 'O', 'N', 'N', 4); 
INSERT INTO JEFY_ADMIN.FONCTION ( FON_ORDRE, FON_ID_INTERNE, FON_CATEGORIE, FON_DESCRIPTION, FON_LIBELLE,FON_SPEC_GESTION, FON_SPEC_ORGAN, FON_SPEC_EXERCICE, TYAP_ID ) VALUES ( 
537, 'IMPR002', 'Impressions', 'Impression du grand livre (fiche de compte)', 'Grand livre', 'O', 'N', 'N', 4); 
INSERT INTO JEFY_ADMIN.FONCTION ( FON_ORDRE, FON_ID_INTERNE, FON_CATEGORIE, FON_DESCRIPTION, FON_LIBELLE,FON_SPEC_GESTION, FON_SPEC_ORGAN, FON_SPEC_EXERCICE, TYAP_ID ) VALUES ( 
538, 'IMPR003', 'Impressions', NULL, 'Balances', 'O', 'N', 'N', 4); 
INSERT INTO JEFY_ADMIN.FONCTION ( FON_ORDRE, FON_ID_INTERNE, FON_CATEGORIE, FON_DESCRIPTION, FON_LIBELLE,FON_SPEC_GESTION, FON_SPEC_ORGAN, FON_SPEC_EXERCICE, TYAP_ID ) VALUES ( 
539, 'IMPR004', 'Impressions', NULL, 'Etat dev. solde', 'O', 'N', 'N', 4); 
INSERT INTO JEFY_ADMIN.FONCTION ( FON_ORDRE, FON_ID_INTERNE, FON_CATEGORIE, FON_DESCRIPTION, FON_LIBELLE,
FON_SPEC_GESTION, FON_SPEC_ORGAN, FON_SPEC_EXERCICE, TYAP_ID ) VALUES ( 
540, 'IMPR005', 'Impressions', NULL, 'Tout émargement', 'O', 'N', 'N', 4); 
INSERT INTO JEFY_ADMIN.FONCTION ( FON_ORDRE, FON_ID_INTERNE, FON_CATEGORIE, FON_DESCRIPTION, FON_LIBELLE,
FON_SPEC_GESTION, FON_SPEC_ORGAN, FON_SPEC_EXERCICE, TYAP_ID ) VALUES ( 
542, 'IMPR007', 'Impressions', NULL, 'Plan comptable', 'N', 'N', 'N', 4); 
INSERT INTO JEFY_ADMIN.FONCTION ( FON_ORDRE, FON_ID_INTERNE, FON_CATEGORIE, FON_DESCRIPTION, FON_LIBELLE,
FON_SPEC_GESTION, FON_SPEC_ORGAN, FON_SPEC_EXERCICE, TYAP_ID ) VALUES ( 
543, 'IMPR008', 'Impressions', NULL, 'Modes de paiement', 'N', 'N', 'N', 4); 
INSERT INTO JEFY_ADMIN.FONCTION ( FON_ORDRE, FON_ID_INTERNE, FON_CATEGORIE, FON_DESCRIPTION, FON_LIBELLE,
FON_SPEC_GESTION, FON_SPEC_ORGAN, FON_SPEC_EXERCICE, TYAP_ID ) VALUES ( 
544, 'IMPR009', 'Impressions', NULL, 'Restes à recouvrer', 'O', 'N', 'N', 4); 
INSERT INTO JEFY_ADMIN.FONCTION ( FON_ORDRE, FON_ID_INTERNE, FON_CATEGORIE, FON_DESCRIPTION, FON_LIBELLE,
FON_SPEC_GESTION, FON_SPEC_ORGAN, FON_SPEC_EXERCICE, TYAP_ID ) VALUES ( 
545, 'IMPR010', 'Impressions', NULL, 'Feuillets budgétaires', 'O', 'N', 'N', 4); 
INSERT INTO JEFY_ADMIN.FONCTION ( FON_ORDRE, FON_ID_INTERNE, FON_CATEGORIE, FON_DESCRIPTION, FON_LIBELLE,
FON_SPEC_GESTION, FON_SPEC_ORGAN, FON_SPEC_EXERCICE, TYAP_ID ) VALUES ( 
546, 'IMPR011', 'Impressions', NULL, 'Journal de TVA', 'O', 'N', 'N', 4); 
INSERT INTO JEFY_ADMIN.FONCTION ( FON_ORDRE, FON_ID_INTERNE, FON_CATEGORIE, FON_DESCRIPTION, FON_LIBELLE,
FON_SPEC_GESTION, FON_SPEC_ORGAN, FON_SPEC_EXERCICE, TYAP_ID ) VALUES ( 
547, 'IMPR012', 'Impressions', NULL, 'Journaux divisionnaires', 'O', 'N', 'N', 4); 
INSERT INTO JEFY_ADMIN.FONCTION ( FON_ORDRE, FON_ID_INTERNE, FON_CATEGORIE, FON_DESCRIPTION, FON_LIBELLE,
FON_SPEC_GESTION, FON_SPEC_ORGAN, FON_SPEC_EXERCICE, TYAP_ID ) VALUES ( 
548, 'VITA', 'Visa/Réimputations', 'Visa des bordereaux provenant de l''application Taxe d''apprentissage'
, 'Bordereaux Taxe d''apprentissage', 'N', 'N', 'N', 4); 
INSERT INTO JEFY_ADMIN.FONCTION ( FON_ORDRE, FON_ID_INTERNE, FON_CATEGORIE, FON_DESCRIPTION, FON_LIBELLE,
FON_SPEC_GESTION, FON_SPEC_ORGAN, FON_SPEC_EXERCICE, TYAP_ID ) VALUES ( 
549, 'OUTBE', 'Outils', 'Balance d''entrée de l''exercice précédent', 'Balance d''entrée'
, 'N', 'N', 'N', 4); 
INSERT INTO JEFY_ADMIN.FONCTION ( FON_ORDRE, FON_ID_INTERNE, FON_CATEGORIE, FON_DESCRIPTION, FON_LIBELLE,
FON_SPEC_GESTION, FON_SPEC_ORGAN, FON_SPEC_EXERCICE, TYAP_ID ) VALUES ( 
550, 'JOECSA', 'Journal/Ecritures', 'Saisie manuelle d''écritures', 'Création d''écritures'
, 'O', 'N', 'N', 4); 
INSERT INTO JEFY_ADMIN.FONCTION ( FON_ORDRE, FON_ID_INTERNE, FON_CATEGORIE, FON_DESCRIPTION, FON_LIBELLE,
FON_SPEC_GESTION, FON_SPEC_ORGAN, FON_SPEC_EXERCICE, TYAP_ID ) VALUES ( 
551, 'JOEMSA', 'Journal/Emargements', 'Saisie manuelle d''émargements', 'Création d''émargements'
, 'O', 'N', 'N', 4); 
INSERT INTO JEFY_ADMIN.FONCTION ( FON_ORDRE, FON_ID_INTERNE, FON_CATEGORIE, FON_DESCRIPTION, FON_LIBELLE,
FON_SPEC_GESTION, FON_SPEC_ORGAN, FON_SPEC_EXERCICE, TYAP_ID ) VALUES ( 
552, 'PAOPSA', 'Paiements/OP', 'Saisie d''ordres de paiement comptable', 'Saisie d''ordres de paiement comptables'
, 'O', 'N', 'N', 4); 
INSERT INTO JEFY_ADMIN.FONCTION ( FON_ORDRE, FON_ID_INTERNE, FON_CATEGORIE, FON_DESCRIPTION, FON_LIBELLE,
FON_SPEC_GESTION, FON_SPEC_ORGAN, FON_SPEC_EXERCICE, TYAP_ID ) VALUES ( 
553, 'PAOPVI', 'Paiements/OP', 'Visa d''ordres de paiement', 'Visa d''ordres de paiement comptables'
, 'O', 'N', 'N', 4); 
INSERT INTO JEFY_ADMIN.FONCTION ( FON_ORDRE, FON_ID_INTERNE, FON_CATEGORIE, FON_DESCRIPTION, FON_LIBELLE,
FON_SPEC_GESTION, FON_SPEC_ORGAN, FON_SPEC_EXERCICE, TYAP_ID ) VALUES ( 
554, 'PAOPSU', 'Paiements/OP', 'Suppression d''ordres de paiement', 'Suppression d''ordres de paiement'
, 'O', 'N', 'N', 4); 
INSERT INTO JEFY_ADMIN.FONCTION ( FON_ORDRE, FON_ID_INTERNE, FON_CATEGORIE, FON_DESCRIPTION, FON_LIBELLE,
FON_SPEC_GESTION, FON_SPEC_ORGAN, FON_SPEC_EXERCICE, TYAP_ID ) VALUES ( 
555, 'IMPR013', 'Impressions', 'Permet de vérifier si les soldes des comptes respectent ce qui est indiqué dans le plan comptable.'
, 'Vérification soldes', 'N', 'N', 'N', 4); 
INSERT INTO JEFY_ADMIN.FONCTION ( FON_ORDRE, FON_ID_INTERNE, FON_CATEGORIE, FON_DESCRIPTION, FON_LIBELLE,
FON_SPEC_GESTION, FON_SPEC_ORGAN, FON_SPEC_EXERCICE, TYAP_ID ) VALUES ( 
556, 'OUTCFI', 'Outils', 'Editions du compte financier', 'Compte financier', 'N', 'N'
, 'N', 4); 
INSERT INTO JEFY_ADMIN.FONCTION ( FON_ORDRE, FON_ID_INTERNE, FON_CATEGORIE, FON_DESCRIPTION, FON_LIBELLE,
FON_SPEC_GESTION, FON_SPEC_ORGAN, FON_SPEC_EXERCICE, TYAP_ID ) VALUES ( 
557, 'IMPR014', 'Impressions', NULL, 'Situation dépenses par fournisseur', 'N', 'N'
, 'N', 4); 
INSERT INTO JEFY_ADMIN.FONCTION ( FON_ORDRE, FON_ID_INTERNE, FON_CATEGORIE, FON_DESCRIPTION, FON_LIBELLE,
FON_SPEC_GESTION, FON_SPEC_ORGAN, FON_SPEC_EXERCICE, TYAP_ID ) VALUES ( 
3, 'ADACTLOD', 'Administration', 'Gestion des programmes & actions (Dépenses)', 'Gestion des programmes & actions (Dépenses)'
, 'N', 'N', 'N', 1); 
INSERT INTO JEFY_ADMIN.FONCTION ( FON_ORDRE, FON_ID_INTERNE, FON_CATEGORIE, FON_DESCRIPTION, FON_LIBELLE,
FON_SPEC_GESTION, FON_SPEC_ORGAN, FON_SPEC_EXERCICE, TYAP_ID ) VALUES ( 
4, 'ADTCD', 'Administration', 'Gestion des types de crédit', 'Gestion des types de crédit'
, 'N', 'N', 'N', 1); 
INSERT INTO JEFY_ADMIN.FONCTION ( FON_ORDRE, FON_ID_INTERNE, FON_CATEGORIE, FON_DESCRIPTION, FON_LIBELLE,
FON_SPEC_GESTION, FON_SPEC_ORGAN, FON_SPEC_EXERCICE, TYAP_ID ) VALUES ( 
5, 'ADCANAL', 'Administration', 'Gestion des codes analytiques', 'Gestion des codes analytiques'
, 'N', 'N', 'N', 1); 
INSERT INTO JEFY_ADMIN.FONCTION ( FON_ORDRE, FON_ID_INTERNE, FON_CATEGORIE, FON_DESCRIPTION, FON_LIBELLE,
FON_SPEC_GESTION, FON_SPEC_ORGAN, FON_SPEC_EXERCICE, TYAP_ID ) VALUES ( 
6, 'ADEXER', 'Administration', 'Gestion des exercices', 'Gestion des exercices', 'N'
, 'N', 'N', 1); 
INSERT INTO JEFY_ADMIN.FONCTION ( FON_ORDRE, FON_ID_INTERNE, FON_CATEGORIE, FON_DESCRIPTION, FON_LIBELLE,
FON_SPEC_GESTION, FON_SPEC_ORGAN, FON_SPEC_EXERCICE, TYAP_ID ) VALUES ( 
7, 'ADTVA', 'Administration', 'Gestion des taux de TVA', 'Gestion des taux de TVA'
, 'N', 'N', 'N', 1); 
INSERT INTO JEFY_ADMIN.FONCTION ( FON_ORDRE, FON_ID_INTERNE, FON_CATEGORIE, FON_DESCRIPTION, FON_LIBELLE,
FON_SPEC_GESTION, FON_SPEC_ORGAN, FON_SPEC_EXERCICE, TYAP_ID ) VALUES ( 
8, 'ADPRORAT', 'Administration', 'Gestion des taux de prorata', 'Gestion des taux de prorata'
, 'N', 'N', 'N', 1); 
INSERT INTO JEFY_ADMIN.FONCTION ( FON_ORDRE, FON_ID_INTERNE, FON_CATEGORIE, FON_DESCRIPTION, FON_LIBELLE,
FON_SPEC_GESTION, FON_SPEC_ORGAN, FON_SPEC_EXERCICE, TYAP_ID ) VALUES ( 
9, 'ADPARAM', 'Administration', 'Gestion des parametres', 'Gestion des parametres'
, 'N', 'N', 'N', 1); 
INSERT INTO JEFY_ADMIN.FONCTION ( FON_ORDRE, FON_ID_INTERNE, FON_CATEGORIE, FON_DESCRIPTION, FON_LIBELLE,
FON_SPEC_GESTION, FON_SPEC_ORGAN, FON_SPEC_EXERCICE, TYAP_ID ) VALUES ( 
104, 'VOTEBUD', 'Budget', 'Vote du Budget', 'Vote du Budget', 'N', 'N', 'O', 2); 
INSERT INTO JEFY_ADMIN.FONCTION ( FON_ORDRE, FON_ID_INTERNE, FON_CATEGORIE, FON_DESCRIPTION, FON_LIBELLE,
FON_SPEC_GESTION, FON_SPEC_ORGAN, FON_SPEC_EXERCICE, TYAP_ID ) VALUES ( 
10, 'ADSIGN', 'Administration', 'Gestion des signatures', 'Gestion des signatures'
, 'N', 'N', 'N', 1); 
INSERT INTO JEFY_ADMIN.FONCTION ( FON_ORDRE, FON_ID_INTERNE, FON_CATEGORIE, FON_DESCRIPTION, FON_LIBELLE,
FON_SPEC_GESTION, FON_SPEC_ORGAN, FON_SPEC_EXERCICE, TYAP_ID ) VALUES ( 
202, 'DELIQ', 'Depense', 'Droit de liquider hors de la periode d''inventaire', 'Droit de liquider hors de la periode d''inventaire'
, 'N', 'N', 'O', 3); 
INSERT INTO JEFY_ADMIN.FONCTION ( FON_ORDRE, FON_ID_INTERNE, FON_CATEGORIE, FON_DESCRIPTION, FON_LIBELLE,
FON_SPEC_GESTION, FON_SPEC_ORGAN, FON_SPEC_EXERCICE, TYAP_ID ) VALUES ( 
203, 'DELIQINV', 'Depense', 'Droit de liquider pendant la periode d''inventaire', 'Droit de liquider pendant la periode d''inventaire'
, 'N', 'N', 'O', 3); 
INSERT INTO JEFY_ADMIN.FONCTION ( FON_ORDRE, FON_ID_INTERNE, FON_CATEGORIE, FON_DESCRIPTION, FON_LIBELLE,
FON_SPEC_GESTION, FON_SPEC_ORGAN, FON_SPEC_EXERCICE, TYAP_ID ) VALUES ( 
11, 'ADACTLOR', 'Administration', 'Gestion des programmes & actions (Recettes)', 'Gestion des programmes & actions (Recettes)'
, 'N', 'N', 'N', 1); 
INSERT INTO JEFY_ADMIN.FONCTION ( FON_ORDRE, FON_ID_INTERNE, FON_CATEGORIE, FON_DESCRIPTION, FON_LIBELLE,
FON_SPEC_GESTION, FON_SPEC_ORGAN, FON_SPEC_EXERCICE, TYAP_ID ) VALUES ( 
106, 'CLOSEBUD', 'Budget', 'Cloture Saisie CR', 'Cloture Saisie Budgetaire', 'N', 'N'
, 'O', 2); 
INSERT INTO JEFY_ADMIN.FONCTION ( FON_ORDRE, FON_ID_INTERNE, FON_CATEGORIE, FON_DESCRIPTION, FON_LIBELLE,
FON_SPEC_GESTION, FON_SPEC_ORGAN, FON_SPEC_EXERCICE, TYAP_ID ) VALUES ( 
105, 'SAISBUD', 'Budget', 'Saisie Budget CR', 'Saisie du budget pour un CR', 'N', 'N'
, 'O', 2); 
INSERT INTO JEFY_ADMIN.FONCTION ( FON_ORDRE, FON_ID_INTERNE, FON_CATEGORIE, FON_DESCRIPTION, FON_LIBELLE,
FON_SPEC_GESTION, FON_SPEC_ORGAN, FON_SPEC_EXERCICE, TYAP_ID ) VALUES ( 
107, 'ADUT', 'Administration', 'Gestion des utilisateurs', 'Gestion des utilisateurs'
, 'N', 'N', 'N', 2); 
INSERT INTO JEFY_ADMIN.FONCTION ( FON_ORDRE, FON_ID_INTERNE, FON_CATEGORIE, FON_DESCRIPTION, FON_LIBELLE,
FON_SPEC_GESTION, FON_SPEC_ORGAN, FON_SPEC_EXERCICE, TYAP_ID ) VALUES ( 
204, 'ADUT', 'Administration', 'Gestion des utilisateurs', 'Gestion des utilisateurs'
, 'N', 'N', 'N', 3); 
INSERT INTO JEFY_ADMIN.FONCTION ( FON_ORDRE, FON_ID_INTERNE, FON_CATEGORIE, FON_DESCRIPTION, FON_LIBELLE,
FON_SPEC_GESTION, FON_SPEC_ORGAN, FON_SPEC_EXERCICE, TYAP_ID ) VALUES ( 
12, 'ADUTORG', 'Administration', 'Affectation des lignes budgétaires aux utilisateurs'
, 'Affectation des lignes budgétaires aux utilisateur', 'N', 'N', 'N', 1); 
INSERT INTO JEFY_ADMIN.FONCTION ( FON_ORDRE, FON_ID_INTERNE, FON_CATEGORIE, FON_DESCRIPTION, FON_LIBELLE,
FON_SPEC_GESTION, FON_SPEC_ORGAN, FON_SPEC_EXERCICE, TYAP_ID ) VALUES ( 
601, 'ANFOUCR', 'Fournisseur', 'Création de fournisseurs', 'Création de fournisseurs'
, 'N', 'N', 'N', 5); 
INSERT INTO JEFY_ADMIN.FONCTION ( FON_ORDRE, FON_ID_INTERNE, FON_CATEGORIE, FON_DESCRIPTION, FON_LIBELLE,
FON_SPEC_GESTION, FON_SPEC_ORGAN, FON_SPEC_EXERCICE, TYAP_ID ) VALUES ( 
602, 'ANFOUVAL', 'Fournisseur', 'Validation de fournisseurs', 'Validation de fournisseurs'
, 'N', 'N', 'N', 5); 
INSERT INTO JEFY_ADMIN.FONCTION ( FON_ORDRE, FON_ID_INTERNE, FON_CATEGORIE, FON_DESCRIPTION, FON_LIBELLE,
FON_SPEC_GESTION, FON_SPEC_ORGAN, FON_SPEC_EXERCICE, TYAP_ID ) VALUES ( 
600, 'ADUT', 'Administration', 'Gestion des utilisateurs', 'Gestion des utilisateurs'
, 'N', 'N', 'N', 5); 
INSERT INTO JEFY_ADMIN.FONCTION ( FON_ORDRE, FON_ID_INTERNE, FON_CATEGORIE, FON_DESCRIPTION, FON_LIBELLE,
FON_SPEC_GESTION, FON_SPEC_ORGAN, FON_SPEC_EXERCICE, TYAP_ID ) VALUES ( 
108, 'OPENBUD', 'Budget', 'Ouverture d''un Budget', 'Ouverture d''un Budget', 'N'
, 'N', 'O', 2); 
INSERT INTO JEFY_ADMIN.FONCTION ( FON_ORDRE, FON_ID_INTERNE, FON_CATEGORIE, FON_DESCRIPTION, FON_LIBELLE,
FON_SPEC_GESTION, FON_SPEC_ORGAN, FON_SPEC_EXERCICE, TYAP_ID ) VALUES ( 
300, 'REFAC', 'Recette', 'Droit de facturer hors de la periode d''inventaire', 'Droit de facturer hors de la periode d''inventaire'
, 'N', 'N', 'O', 6); 
INSERT INTO JEFY_ADMIN.FONCTION ( FON_ORDRE, FON_ID_INTERNE, FON_CATEGORIE, FON_DESCRIPTION, FON_LIBELLE,
FON_SPEC_GESTION, FON_SPEC_ORGAN, FON_SPEC_EXERCICE, TYAP_ID ) VALUES ( 
301, 'REFACINV', 'Recette', 'Droit d''engager pendant la periode d''inventaire', 'Droit de facturer pendant la periode d''inventaire'
, 'N', 'N', 'O', 6); 
INSERT INTO JEFY_ADMIN.FONCTION ( FON_ORDRE, FON_ID_INTERNE, FON_CATEGORIE, FON_DESCRIPTION, FON_LIBELLE,
FON_SPEC_GESTION, FON_SPEC_ORGAN, FON_SPEC_EXERCICE, TYAP_ID ) VALUES ( 
302, 'REREC', 'Recette', 'Droit de recetter hors de la periode d''inventaire', 'Droit de recetter hors de la periode d''inventaire'
, 'N', 'N', 'O', 6); 
INSERT INTO JEFY_ADMIN.FONCTION ( FON_ORDRE, FON_ID_INTERNE, FON_CATEGORIE, FON_DESCRIPTION, FON_LIBELLE,
FON_SPEC_GESTION, FON_SPEC_ORGAN, FON_SPEC_EXERCICE, TYAP_ID ) VALUES ( 
303, 'RERECINV', 'Recette', 'Droit de recetter pendant la periode d''inventaire', 'Droit de recetter pendant la periode d''inventaire'
, 'N', 'N', 'O', 6); 
INSERT INTO JEFY_ADMIN.FONCTION ( FON_ORDRE, FON_ID_INTERNE, FON_CATEGORIE, FON_DESCRIPTION, FON_LIBELLE,
FON_SPEC_GESTION, FON_SPEC_ORGAN, FON_SPEC_EXERCICE, TYAP_ID ) VALUES ( 
205, 'DEAUTIMP', 'Depense', 'Droit d''utiliser des comptes autre que ceux de classe 2 ou 6'
, 'Droit d''utiliser des comptes autre que ceux de cla', 'N', 'N', 'O', 3); 
INSERT INTO JEFY_ADMIN.FONCTION ( FON_ORDRE, FON_ID_INTERNE, FON_CATEGORIE, FON_DESCRIPTION, FON_LIBELLE,
FON_SPEC_GESTION, FON_SPEC_ORGAN, FON_SPEC_EXERCICE, TYAP_ID ) VALUES ( 
304, 'REAUTIMP', 'Recette', 'Droit d''utiliser des comptes recette autre que ceux de classe 1 ou 7'
, 'Droit d''utiliser des comptes recette autre que ceu', 'N', 'N', 'O', 6); 
INSERT INTO JEFY_ADMIN.FONCTION ( FON_ORDRE, FON_ID_INTERNE, FON_CATEGORIE, FON_DESCRIPTION, FON_LIBELLE,
FON_SPEC_GESTION, FON_SPEC_ORGAN, FON_SPEC_EXERCICE, TYAP_ID ) VALUES ( 
305, 'REAITVA', 'Recette', 'Droit d''utiliser des comptes recette TVA autre que ceux de classe 4'
, 'Droit d''utiliser des comptes recette TVA autre que', 'N', 'N', 'O', 6); 
INSERT INTO JEFY_ADMIN.FONCTION ( FON_ORDRE, FON_ID_INTERNE, FON_CATEGORIE, FON_DESCRIPTION, FON_LIBELLE,
FON_SPEC_GESTION, FON_SPEC_ORGAN, FON_SPEC_EXERCICE, TYAP_ID ) VALUES ( 
306, 'REAICTP', 'Recette', 'Droit d''utiliser des comptes recette contrepartie autre que ceux de classe 4, 5 ou 18'
, 'Droit d''utiliser des comptes recette contrepartie ', 'N', 'N', 'O', 6); 

--LOLF_NOMENCLATURE_TYPE
INSERT INTO JEFY_ADMIN.LOLF_NOMENCLATURE_TYPE ( LOLF_TYPE, LOLF_LIBELLE ) VALUES ( 
'P', 'Programme'); 
INSERT INTO JEFY_ADMIN.LOLF_NOMENCLATURE_TYPE ( LOLF_TYPE, LOLF_LIBELLE ) VALUES ( 
'A', 'Action'); 
INSERT INTO JEFY_ADMIN.LOLF_NOMENCLATURE_TYPE ( LOLF_TYPE, LOLF_LIBELLE ) VALUES ( 
'R', 'Racine'); 
INSERT INTO JEFY_ADMIN.LOLF_NOMENCLATURE_TYPE ( LOLF_TYPE, LOLF_LIBELLE ) VALUES ( 
'SA', 'Sous action'); 



-- lolf_nomenclature_depense
INSERT INTO JEFY_ADMIN.LOLF_NOMENCLATURE_DEPENSE ( LOLF_ID, LOLF_CODE, LOLF_ABREVIATION, LOLF_LIBELLE,
LOLF_NIVEAU, LOLF_TYPE, LOLF_PERE, LOLF_OUVERTURE, LOLF_FERMETURE, LOLF_ORDRE_AFFICHAGE,
TYET_ID ) VALUES ( 
0, '-1', 'Racine', 'Racine', -1, 'R', NULL,  TO_DATE( '01/01/2007', 'MM/DD/YYYY')
, NULL, 0, 1); 
INSERT INTO JEFY_ADMIN.LOLF_NOMENCLATURE_DEPENSE ( LOLF_ID, LOLF_CODE, LOLF_ABREVIATION, LOLF_LIBELLE,
LOLF_NIVEAU, LOLF_TYPE, LOLF_PERE, LOLF_OUVERTURE, LOLF_FERMETURE, LOLF_ORDRE_AFFICHAGE,
TYET_ID ) VALUES ( 
1, '1', 'Formation/Recherche', 'Formations supérieures et recherches universitaires'
, 0, 'P', 0,  TO_DATE( '01/01/2007', 'MM/DD/YYYY'), NULL, 0
, 1); 
INSERT INTO JEFY_ADMIN.LOLF_NOMENCLATURE_DEPENSE ( LOLF_ID, LOLF_CODE, LOLF_ABREVIATION, LOLF_LIBELLE,
LOLF_NIVEAU, LOLF_TYPE, LOLF_PERE, LOLF_OUVERTURE, LOLF_FERMETURE, LOLF_ORDRE_AFFICHAGE,
TYET_ID ) VALUES ( 
2, '2', 'Vie étudiante', 'Vie étudiante', 0, 'P', 0,  TO_DATE( '01/01/2007', 'MM/DD/YYYY')
, NULL, 1, 1); 
INSERT INTO JEFY_ADMIN.LOLF_NOMENCLATURE_DEPENSE ( LOLF_ID, LOLF_CODE, LOLF_ABREVIATION, LOLF_LIBELLE,
LOLF_NIVEAU, LOLF_TYPE, LOLF_PERE, LOLF_OUVERTURE, LOLF_FERMETURE, LOLF_ORDRE_AFFICHAGE,
TYET_ID ) VALUES ( 
31, '3', 'Dép. non décaissable', 'Dépenses non décaissables', 0, 'P', 0,  TO_DATE( '01/01/2007', 'MM/DD/YYYY')
, NULL, 2, 1); 
INSERT INTO JEFY_ADMIN.LOLF_NOMENCLATURE_DEPENSE ( LOLF_ID, LOLF_CODE, LOLF_ABREVIATION, LOLF_LIBELLE,
LOLF_NIVEAU, LOLF_TYPE, LOLF_PERE, LOLF_OUVERTURE, LOLF_FERMETURE, LOLF_ORDRE_AFFICHAGE,
TYET_ID ) VALUES ( 
32, '4', 'Dép. à ventiler', 'Dépenses à ventiler', 0, 'P', 0,  TO_DATE( '01/01/2007', 'MM/DD/YYYY')
, NULL, 3, 1); 
INSERT INTO JEFY_ADMIN.LOLF_NOMENCLATURE_DEPENSE ( LOLF_ID, LOLF_CODE, LOLF_ABREVIATION, LOLF_LIBELLE,
LOLF_NIVEAU, LOLF_TYPE, LOLF_PERE, LOLF_OUVERTURE, LOLF_FERMETURE, LOLF_ORDRE_AFFICHAGE,
TYET_ID ) VALUES ( 
100, '101', 'Licence', 'Licence', 1, 'A', 1,  TO_DATE( '01/01/2007', 'MM/DD/YYYY')
, NULL, 0, 1); 
INSERT INTO JEFY_ADMIN.LOLF_NOMENCLATURE_DEPENSE ( LOLF_ID, LOLF_CODE, LOLF_ABREVIATION, LOLF_LIBELLE,
LOLF_NIVEAU, LOLF_TYPE, LOLF_PERE, LOLF_OUVERTURE, LOLF_FERMETURE, LOLF_ORDRE_AFFICHAGE,
TYET_ID ) VALUES ( 
101, '102', 'Master', 'Master', 1, 'A', 1,  TO_DATE( '01/01/2007', 'MM/DD/YYYY')
, NULL, 1, 1); 
INSERT INTO JEFY_ADMIN.LOLF_NOMENCLATURE_DEPENSE ( LOLF_ID, LOLF_CODE, LOLF_ABREVIATION, LOLF_LIBELLE,
LOLF_NIVEAU, LOLF_TYPE, LOLF_PERE, LOLF_OUVERTURE, LOLF_FERMETURE, LOLF_ORDRE_AFFICHAGE,
TYET_ID ) VALUES ( 
102, '103', 'Doctorat', 'Doctorat', 1, 'A', 1,  TO_DATE( '01/01/2007', 'MM/DD/YYYY')
, NULL, 2, 1); 
INSERT INTO JEFY_ADMIN.LOLF_NOMENCLATURE_DEPENSE ( LOLF_ID, LOLF_CODE, LOLF_ABREVIATION, LOLF_LIBELLE,
LOLF_NIVEAU, LOLF_TYPE, LOLF_PERE, LOLF_OUVERTURE, LOLF_FERMETURE, LOLF_ORDRE_AFFICHAGE,
TYET_ID ) VALUES ( 
103, '105', 'Bibliothèques', 'Bibliothèques', 1, 'A', 1,  TO_DATE( '01/01/2007', 'MM/DD/YYYY')
, NULL, 4, 1); 
INSERT INTO JEFY_ADMIN.LOLF_NOMENCLATURE_DEPENSE ( LOLF_ID, LOLF_CODE, LOLF_ABREVIATION, LOLF_LIBELLE,
LOLF_NIVEAU, LOLF_TYPE, LOLF_PERE, LOLF_OUVERTURE, LOLF_FERMETURE, LOLF_ORDRE_AFFICHAGE,
TYET_ID ) VALUES ( 
104, '104', 'Enseignement privé', 'Etablissement d''enseignement privé', 1, 'A', 1
,  TO_DATE( '01/01/2007', 'MM/DD/YYYY'), NULL, 3, 1); 
INSERT INTO JEFY_ADMIN.LOLF_NOMENCLATURE_DEPENSE ( LOLF_ID, LOLF_CODE, LOLF_ABREVIATION, LOLF_LIBELLE,
LOLF_NIVEAU, LOLF_TYPE, LOLF_PERE, LOLF_OUVERTURE, LOLF_FERMETURE, LOLF_ORDRE_AFFICHAGE,
TYET_ID ) VALUES ( 
105, '106', 'Sciences de la vie', 'Sciences de la vie, biotechnologies et santé', 1
, 'A', 1,  TO_DATE( '01/01/2007', 'MM/DD/YYYY'), NULL, 5, 1); 
INSERT INTO JEFY_ADMIN.LOLF_NOMENCLATURE_DEPENSE ( LOLF_ID, LOLF_CODE, LOLF_ABREVIATION, LOLF_LIBELLE,
LOLF_NIVEAU, LOLF_TYPE, LOLF_PERE, LOLF_OUVERTURE, LOLF_FERMETURE, LOLF_ORDRE_AFFICHAGE,
TYET_ID ) VALUES ( 
106, '107', 'Mathématiques', 'Mathématiques, sciences et techniques de l''information et de la communication, micro et nanotechnologiques'
, 1, 'A', 1,  TO_DATE( '01/01/2007', 'MM/DD/YYYY'), NULL, 6
, 1); 
INSERT INTO JEFY_ADMIN.LOLF_NOMENCLATURE_DEPENSE ( LOLF_ID, LOLF_CODE, LOLF_ABREVIATION, LOLF_LIBELLE,
LOLF_NIVEAU, LOLF_TYPE, LOLF_PERE, LOLF_OUVERTURE, LOLF_FERMETURE, LOLF_ORDRE_AFFICHAGE,
TYET_ID ) VALUES ( 
107, '108', 'Physique/chimie', 'Physique, chimie et sciences pour l''ingénieur', 1
, 'A', 1,  TO_DATE( '01/01/2007', 'MM/DD/YYYY'), NULL, 7, 1); 
INSERT INTO JEFY_ADMIN.LOLF_NOMENCLATURE_DEPENSE ( LOLF_ID, LOLF_CODE, LOLF_ABREVIATION, LOLF_LIBELLE,
LOLF_NIVEAU, LOLF_TYPE, LOLF_PERE, LOLF_OUVERTURE, LOLF_FERMETURE, LOLF_ORDRE_AFFICHAGE,
TYET_ID ) VALUES ( 
108, '109', 'Physique nucléaire', 'Physique nucléaire et des hautes énergies', 1, 'A'
, 1,  TO_DATE( '01/01/2007', 'MM/DD/YYYY'), NULL, 8, 1); 
INSERT INTO JEFY_ADMIN.LOLF_NOMENCLATURE_DEPENSE ( LOLF_ID, LOLF_CODE, LOLF_ABREVIATION, LOLF_LIBELLE,
LOLF_NIVEAU, LOLF_TYPE, LOLF_PERE, LOLF_OUVERTURE, LOLF_FERMETURE, LOLF_ORDRE_AFFICHAGE,
TYET_ID ) VALUES ( 
109, '110', 'Sciences de la terre', 'Sciences de la terre, de l''univers et de l''environnement'
, 1, 'A', 1,  TO_DATE( '01/01/2007', 'MM/DD/YYYY'), NULL, 9
, 1); 
INSERT INTO JEFY_ADMIN.LOLF_NOMENCLATURE_DEPENSE ( LOLF_ID, LOLF_CODE, LOLF_ABREVIATION, LOLF_LIBELLE,
LOLF_NIVEAU, LOLF_TYPE, LOLF_PERE, LOLF_OUVERTURE, LOLF_FERMETURE, LOLF_ORDRE_AFFICHAGE,
TYET_ID ) VALUES ( 
110, '111', 'Sciences de l''homme', 'Sciences de l''homme et de la société', 1, 'A'
, 1,  TO_DATE( '01/01/2007', 'MM/DD/YYYY'), NULL, 10, 1); 
INSERT INTO JEFY_ADMIN.LOLF_NOMENCLATURE_DEPENSE ( LOLF_ID, LOLF_CODE, LOLF_ABREVIATION, LOLF_LIBELLE,
LOLF_NIVEAU, LOLF_TYPE, LOLF_PERE, LOLF_OUVERTURE, LOLF_FERMETURE, LOLF_ORDRE_AFFICHAGE,
TYET_ID ) VALUES ( 
111, '112', 'Rech. univ. transv.', 'Recherche universitaire interdisplinaire et transversale'
, 1, 'A', 1,  TO_DATE( '01/01/2007', 'MM/DD/YYYY'), NULL, 11
, 1); 
INSERT INTO JEFY_ADMIN.LOLF_NOMENCLATURE_DEPENSE ( LOLF_ID, LOLF_CODE, LOLF_ABREVIATION, LOLF_LIBELLE,
LOLF_NIVEAU, LOLF_TYPE, LOLF_PERE, LOLF_OUVERTURE, LOLF_FERMETURE, LOLF_ORDRE_AFFICHAGE,
TYET_ID ) VALUES ( 
112, '113', 'Diffusion savoirs', 'Diffusion des savoirs', 1, 'A', 1,  TO_DATE( '01/01/2007', 'MM/DD/YYYY')
, NULL, 12, 1); 
INSERT INTO JEFY_ADMIN.LOLF_NOMENCLATURE_DEPENSE ( LOLF_ID, LOLF_CODE, LOLF_ABREVIATION, LOLF_LIBELLE,
LOLF_NIVEAU, LOLF_TYPE, LOLF_PERE, LOLF_OUVERTURE, LOLF_FERMETURE, LOLF_ORDRE_AFFICHAGE,
TYET_ID ) VALUES ( 
113, '114', 'Immobilier', 'Immobilier', 1, 'A', 1,  TO_DATE( '01/01/2007', 'MM/DD/YYYY')
, NULL, 13, 1); 
INSERT INTO JEFY_ADMIN.LOLF_NOMENCLATURE_DEPENSE ( LOLF_ID, LOLF_CODE, LOLF_ABREVIATION, LOLF_LIBELLE,
LOLF_NIVEAU, LOLF_TYPE, LOLF_PERE, LOLF_OUVERTURE, LOLF_FERMETURE, LOLF_ORDRE_AFFICHAGE,
TYET_ID ) VALUES ( 
114, '115', 'Pilotage/animation', 'Pilotage et animation du programme', 1, 'A', 1
,  TO_DATE( '01/01/2007', 'MM/DD/YYYY'), NULL, 14, 1); 
INSERT INTO JEFY_ADMIN.LOLF_NOMENCLATURE_DEPENSE ( LOLF_ID, LOLF_CODE, LOLF_ABREVIATION, LOLF_LIBELLE,
LOLF_NIVEAU, LOLF_TYPE, LOLF_PERE, LOLF_OUVERTURE, LOLF_FERMETURE, LOLF_ORDRE_AFFICHAGE,
TYET_ID ) VALUES ( 
115, '116', 'Dotations', 'Dotations globalisés aux établissements publics d''enseignement supérieur'
, 1, 'A', 1,  TO_DATE( '01/01/2007', 'MM/DD/YYYY'), NULL, 15
, 1); 
INSERT INTO JEFY_ADMIN.LOLF_NOMENCLATURE_DEPENSE ( LOLF_ID, LOLF_CODE, LOLF_ABREVIATION, LOLF_LIBELLE,
LOLF_NIVEAU, LOLF_TYPE, LOLF_PERE, LOLF_OUVERTURE, LOLF_FERMETURE, LOLF_ORDRE_AFFICHAGE,
TYET_ID ) VALUES ( 
116, '201', 'Aides directes', 'Aides directes', 1, 'A', 2,  TO_DATE( '01/01/2007', 'MM/DD/YYYY')
, NULL, 16, 1); 
INSERT INTO JEFY_ADMIN.LOLF_NOMENCLATURE_DEPENSE ( LOLF_ID, LOLF_CODE, LOLF_ABREVIATION, LOLF_LIBELLE,
LOLF_NIVEAU, LOLF_TYPE, LOLF_PERE, LOLF_OUVERTURE, LOLF_FERMETURE, LOLF_ORDRE_AFFICHAGE,
TYET_ID ) VALUES ( 
117, '202', 'Aides indirectes', 'Aides indirectes', 1, 'A', 2,  TO_DATE( '01/01/2007', 'MM/DD/YYYY')
, NULL, 17, 1); 
INSERT INTO JEFY_ADMIN.LOLF_NOMENCLATURE_DEPENSE ( LOLF_ID, LOLF_CODE, LOLF_ABREVIATION, LOLF_LIBELLE,
LOLF_NIVEAU, LOLF_TYPE, LOLF_PERE, LOLF_OUVERTURE, LOLF_FERMETURE, LOLF_ORDRE_AFFICHAGE,
TYET_ID ) VALUES ( 
118, '203', 'Santé/acitvités', 'Santé des étudiants et activités associatives, culturelles et sportives'
, 1, 'A', 2,  TO_DATE( '01/01/2007', 'MM/DD/YYYY'), NULL, 18
, 1); 
INSERT INTO JEFY_ADMIN.LOLF_NOMENCLATURE_DEPENSE ( LOLF_ID, LOLF_CODE, LOLF_ABREVIATION, LOLF_LIBELLE,
LOLF_NIVEAU, LOLF_TYPE, LOLF_PERE, LOLF_OUVERTURE, LOLF_FERMETURE, LOLF_ORDRE_AFFICHAGE,
TYET_ID ) VALUES ( 
119, '204', 'Pilotage/animation', 'Pilotage et animation du programme', 1, 'A', 2
,  TO_DATE( '01/01/2007', 'MM/DD/YYYY'), NULL, 19, 1); 
INSERT INTO JEFY_ADMIN.LOLF_NOMENCLATURE_DEPENSE ( LOLF_ID, LOLF_CODE, LOLF_ABREVIATION, LOLF_LIBELLE,
LOLF_NIVEAU, LOLF_TYPE, LOLF_PERE, LOLF_OUVERTURE, LOLF_FERMETURE, LOLF_ORDRE_AFFICHAGE,
TYET_ID ) VALUES ( 
120, 'DZ', 'Amortissements', 'Amortissements', 1, 'A', 31,  TO_DATE( '01/01/2007', 'MM/DD/YYYY')
, NULL, 20, 1); 
INSERT INTO JEFY_ADMIN.LOLF_NOMENCLATURE_DEPENSE ( LOLF_ID, LOLF_CODE, LOLF_ABREVIATION, LOLF_LIBELLE,
LOLF_NIVEAU, LOLF_TYPE, LOLF_PERE, LOLF_OUVERTURE, LOLF_FERMETURE, LOLF_ORDRE_AFFICHAGE,
TYET_ID ) VALUES ( 
121, 'DZ', 'Provisions', 'Provisions', 1, 'A', 31,  TO_DATE( '01/01/2007', 'MM/DD/YYYY')
, NULL, 21, 1); 
INSERT INTO JEFY_ADMIN.LOLF_NOMENCLATURE_DEPENSE ( LOLF_ID, LOLF_CODE, LOLF_ABREVIATION, LOLF_LIBELLE,
LOLF_NIVEAU, LOLF_TYPE, LOLF_PERE, LOLF_OUVERTURE, LOLF_FERMETURE, LOLF_ORDRE_AFFICHAGE,
TYET_ID ) VALUES ( 
122, 'DZ', 'Variations de stock', 'Variations de stock', 1, 'A', 31,  TO_DATE( '01/01/2007', 'MM/DD/YYYY')
, NULL, 22, 1); 
INSERT INTO JEFY_ADMIN.LOLF_NOMENCLATURE_DEPENSE ( LOLF_ID, LOLF_CODE, LOLF_ABREVIATION, LOLF_LIBELLE,
LOLF_NIVEAU, LOLF_TYPE, LOLF_PERE, LOLF_OUVERTURE, LOLF_FERMETURE, LOLF_ORDRE_AFFICHAGE,
TYET_ID ) VALUES ( 
123, 'DZ', 'Prestations internes', 'Prestations internes', 1, 'A', 31,  TO_DATE( '01/01/2007', 'MM/DD/YYYY')
, NULL, 23, 1); 
INSERT INTO JEFY_ADMIN.LOLF_NOMENCLATURE_DEPENSE ( LOLF_ID, LOLF_CODE, LOLF_ABREVIATION, LOLF_LIBELLE,
LOLF_NIVEAU, LOLF_TYPE, LOLF_PERE, LOLF_OUVERTURE, LOLF_FERMETURE, LOLF_ORDRE_AFFICHAGE,
TYET_ID ) VALUES ( 
124, 'DZ', 'Dép. à ventiler', 'Dépenses à ventiler', 1, 'A', 32,  TO_DATE( '01/01/2007', 'MM/DD/YYYY')
, NULL, 24, 1); 
INSERT INTO JEFY_ADMIN.LOLF_NOMENCLATURE_DEPENSE ( LOLF_ID, LOLF_CODE, LOLF_ABREVIATION, LOLF_LIBELLE,
LOLF_NIVEAU, LOLF_TYPE, LOLF_PERE, LOLF_OUVERTURE, LOLF_FERMETURE, LOLF_ORDRE_AFFICHAGE,
TYET_ID ) VALUES ( 
200, '101', 'Licence', 'Licence', 2, 'SA', 100,  TO_DATE( '01/01/2007', 'MM/DD/YYYY')
, NULL, 0, 1); 
INSERT INTO JEFY_ADMIN.LOLF_NOMENCLATURE_DEPENSE ( LOLF_ID, LOLF_CODE, LOLF_ABREVIATION, LOLF_LIBELLE,
LOLF_NIVEAU, LOLF_TYPE, LOLF_PERE, LOLF_OUVERTURE, LOLF_FERMETURE, LOLF_ORDRE_AFFICHAGE,
TYET_ID ) VALUES ( 
201, '102', 'Master', 'Master', 2, 'SA', 101,  TO_DATE( '01/01/2007', 'MM/DD/YYYY')
, NULL, 1, 1); 
INSERT INTO JEFY_ADMIN.LOLF_NOMENCLATURE_DEPENSE ( LOLF_ID, LOLF_CODE, LOLF_ABREVIATION, LOLF_LIBELLE,
LOLF_NIVEAU, LOLF_TYPE, LOLF_PERE, LOLF_OUVERTURE, LOLF_FERMETURE, LOLF_ORDRE_AFFICHAGE,
TYET_ID ) VALUES ( 
202, '103', 'Doctorat', 'Doctorat', 2, 'SA', 102,  TO_DATE( '01/01/2007', 'MM/DD/YYYY')
, NULL, 2, 1); 
INSERT INTO JEFY_ADMIN.LOLF_NOMENCLATURE_DEPENSE ( LOLF_ID, LOLF_CODE, LOLF_ABREVIATION, LOLF_LIBELLE,
LOLF_NIVEAU, LOLF_TYPE, LOLF_PERE, LOLF_OUVERTURE, LOLF_FERMETURE, LOLF_ORDRE_AFFICHAGE,
TYET_ID ) VALUES ( 
203, '105', 'Bibliothèques', 'Bibliothèques', 2, 'SA', 103,  TO_DATE( '01/01/2007', 'MM/DD/YYYY')
, NULL, 4, 1); 
INSERT INTO JEFY_ADMIN.LOLF_NOMENCLATURE_DEPENSE ( LOLF_ID, LOLF_CODE, LOLF_ABREVIATION, LOLF_LIBELLE,
LOLF_NIVEAU, LOLF_TYPE, LOLF_PERE, LOLF_OUVERTURE, LOLF_FERMETURE, LOLF_ORDRE_AFFICHAGE,
TYET_ID ) VALUES ( 
204, '104', 'Enseignement privé', 'Etablissement d''enseignement privé', 2, 'SA', 104
,  TO_DATE( '01/01/2007', 'MM/DD/YYYY'),  TO_DATE( '01/01/2007', 'MM/DD/YYYY')
, 3, 1); 
INSERT INTO JEFY_ADMIN.LOLF_NOMENCLATURE_DEPENSE ( LOLF_ID, LOLF_CODE, LOLF_ABREVIATION, LOLF_LIBELLE,
LOLF_NIVEAU, LOLF_TYPE, LOLF_PERE, LOLF_OUVERTURE, LOLF_FERMETURE, LOLF_ORDRE_AFFICHAGE,
TYET_ID ) VALUES ( 
205, '106', 'Sciences de la vie', 'Sciences de la vie, biotechnologies et santé', 2
, 'SA', 105,  TO_DATE( '01/01/2007', 'MM/DD/YYYY'), NULL, 5
, 1); 
INSERT INTO JEFY_ADMIN.LOLF_NOMENCLATURE_DEPENSE ( LOLF_ID, LOLF_CODE, LOLF_ABREVIATION, LOLF_LIBELLE,
LOLF_NIVEAU, LOLF_TYPE, LOLF_PERE, LOLF_OUVERTURE, LOLF_FERMETURE, LOLF_ORDRE_AFFICHAGE,
TYET_ID ) VALUES ( 
206, '107', 'Mathématiques', 'Mathématiques, sciences et techniques de l''information et de la communication, micro et nanotechnologiques'
, 2, 'SA', 106,  TO_DATE( '01/01/2007', 'MM/DD/YYYY'), NULL
, 6, 1); 
INSERT INTO JEFY_ADMIN.LOLF_NOMENCLATURE_DEPENSE ( LOLF_ID, LOLF_CODE, LOLF_ABREVIATION, LOLF_LIBELLE,
LOLF_NIVEAU, LOLF_TYPE, LOLF_PERE, LOLF_OUVERTURE, LOLF_FERMETURE, LOLF_ORDRE_AFFICHAGE,
TYET_ID ) VALUES ( 
207, '108', 'Physique/chimie', 'Physique, chimie et sciences pour l''ingénieur', 2
, 'SA', 107,  TO_DATE( '01/01/2007', 'MM/DD/YYYY'), NULL, 7
, 1); 
INSERT INTO JEFY_ADMIN.LOLF_NOMENCLATURE_DEPENSE ( LOLF_ID, LOLF_CODE, LOLF_ABREVIATION, LOLF_LIBELLE,
LOLF_NIVEAU, LOLF_TYPE, LOLF_PERE, LOLF_OUVERTURE, LOLF_FERMETURE, LOLF_ORDRE_AFFICHAGE,
TYET_ID ) VALUES ( 
208, '109', 'Physique nucléaire', 'Physique nucléaire et des hautes énergies', 2, 'SA'
, 108,  TO_DATE( '01/01/2007', 'MM/DD/YYYY'),  TO_DATE( '01/01/2007', 'MM/DD/YYYY')
, 8, 1); 
INSERT INTO JEFY_ADMIN.LOLF_NOMENCLATURE_DEPENSE ( LOLF_ID, LOLF_CODE, LOLF_ABREVIATION, LOLF_LIBELLE,
LOLF_NIVEAU, LOLF_TYPE, LOLF_PERE, LOLF_OUVERTURE, LOLF_FERMETURE, LOLF_ORDRE_AFFICHAGE,
TYET_ID ) VALUES ( 
209, '110', 'Sciences de la terre', 'Sciences de la terre, de l''univers et de l''environnement'
, 2, 'SA', 109,  TO_DATE( '01/01/2007', 'MM/DD/YYYY'), NULL
, 9, 1); 
INSERT INTO JEFY_ADMIN.LOLF_NOMENCLATURE_DEPENSE ( LOLF_ID, LOLF_CODE, LOLF_ABREVIATION, LOLF_LIBELLE,
LOLF_NIVEAU, LOLF_TYPE, LOLF_PERE, LOLF_OUVERTURE, LOLF_FERMETURE, LOLF_ORDRE_AFFICHAGE,
TYET_ID ) VALUES ( 
210, '111', 'Sciences de l''homme', 'Sciences de l''homme et de la société', 2, 'SA'
, 110,  TO_DATE( '01/01/2007', 'MM/DD/YYYY'), NULL, 10, 1); 
INSERT INTO JEFY_ADMIN.LOLF_NOMENCLATURE_DEPENSE ( LOLF_ID, LOLF_CODE, LOLF_ABREVIATION, LOLF_LIBELLE,
LOLF_NIVEAU, LOLF_TYPE, LOLF_PERE, LOLF_OUVERTURE, LOLF_FERMETURE, LOLF_ORDRE_AFFICHAGE,
TYET_ID ) VALUES ( 
211, '112', 'Rech. univ. transv.', 'Recherche universitaire interdisplinaire et transversale'
, 2, 'SA', 111,  TO_DATE( '01/01/2007', 'MM/DD/YYYY'), NULL
, 11, 1); 
INSERT INTO JEFY_ADMIN.LOLF_NOMENCLATURE_DEPENSE ( LOLF_ID, LOLF_CODE, LOLF_ABREVIATION, LOLF_LIBELLE,
LOLF_NIVEAU, LOLF_TYPE, LOLF_PERE, LOLF_OUVERTURE, LOLF_FERMETURE, LOLF_ORDRE_AFFICHAGE,
TYET_ID ) VALUES ( 
212, '113', 'Diffusion savoirs', 'Diffusion des savoirs', 2, 'SA', 112,  TO_DATE( '01/01/2007', 'MM/DD/YYYY')
, NULL, 12, 1); 
INSERT INTO JEFY_ADMIN.LOLF_NOMENCLATURE_DEPENSE ( LOLF_ID, LOLF_CODE, LOLF_ABREVIATION, LOLF_LIBELLE,
LOLF_NIVEAU, LOLF_TYPE, LOLF_PERE, LOLF_OUVERTURE, LOLF_FERMETURE, LOLF_ORDRE_AFFICHAGE,
TYET_ID ) VALUES ( 
213, '1141', 'Charges', 'Charges', 2, 'SA', 113,  TO_DATE( '01/01/2007', 'MM/DD/YYYY')
, NULL, 13, 1); 
INSERT INTO JEFY_ADMIN.LOLF_NOMENCLATURE_DEPENSE ( LOLF_ID, LOLF_CODE, LOLF_ABREVIATION, LOLF_LIBELLE,
LOLF_NIVEAU, LOLF_TYPE, LOLF_PERE, LOLF_OUVERTURE, LOLF_FERMETURE, LOLF_ORDRE_AFFICHAGE,
TYET_ID ) VALUES ( 
214, '1151', 'Pil . système univ.', 'Pilotage du système universitaire', 2, 'SA', 114
,  TO_DATE( '01/01/2007', 'MM/DD/YYYY'), NULL, 21, 1); 
INSERT INTO JEFY_ADMIN.LOLF_NOMENCLATURE_DEPENSE ( LOLF_ID, LOLF_CODE, LOLF_ABREVIATION, LOLF_LIBELLE,
LOLF_NIVEAU, LOLF_TYPE, LOLF_PERE, LOLF_OUVERTURE, LOLF_FERMETURE, LOLF_ORDRE_AFFICHAGE,
TYET_ID ) VALUES ( 
215, '1152', 'Pil. opérationnel', 'Pilotage opérationnel des établissements', 2, 'SA'
, 114,  TO_DATE( '01/01/2007', 'MM/DD/YYYY'), NULL, 22, 1); 
INSERT INTO JEFY_ADMIN.LOLF_NOMENCLATURE_DEPENSE ( LOLF_ID, LOLF_CODE, LOLF_ABREVIATION, LOLF_LIBELLE,
LOLF_NIVEAU, LOLF_TYPE, LOLF_PERE, LOLF_OUVERTURE, LOLF_FERMETURE, LOLF_ORDRE_AFFICHAGE,
TYET_ID ) VALUES ( 
216, '1153', 'Formation du vivier', 'Formation du vivier', 2, 'SA', 114,  TO_DATE( '01/01/2007', 'MM/DD/YYYY')
, NULL, 23, 1); 
INSERT INTO JEFY_ADMIN.LOLF_NOMENCLATURE_DEPENSE ( LOLF_ID, LOLF_CODE, LOLF_ABREVIATION, LOLF_LIBELLE,
LOLF_NIVEAU, LOLF_TYPE, LOLF_PERE, LOLF_OUVERTURE, LOLF_FERMETURE, LOLF_ORDRE_AFFICHAGE,
TYET_ID ) VALUES ( 
217, '116', 'Dotations', 'Dotations globalisés aux établissements publics d''enseignement supérieur'
, 2, 'SA', 115,  TO_DATE( '01/01/2007', 'MM/DD/YYYY'),  TO_DATE( '01/01/2007', 'MM/DD/YYYY')
, 24, 1); 
INSERT INTO JEFY_ADMIN.LOLF_NOMENCLATURE_DEPENSE ( LOLF_ID, LOLF_CODE, LOLF_ABREVIATION, LOLF_LIBELLE,
LOLF_NIVEAU, LOLF_TYPE, LOLF_PERE, LOLF_OUVERTURE, LOLF_FERMETURE, LOLF_ORDRE_AFFICHAGE,
TYET_ID ) VALUES ( 
218, '201', 'Aides directes', 'Aides directes', 2, 'SA', 116,  TO_DATE( '01/01/2007', 'MM/DD/YYYY')
, NULL, 25, 1); 
INSERT INTO JEFY_ADMIN.LOLF_NOMENCLATURE_DEPENSE ( LOLF_ID, LOLF_CODE, LOLF_ABREVIATION, LOLF_LIBELLE,
LOLF_NIVEAU, LOLF_TYPE, LOLF_PERE, LOLF_OUVERTURE, LOLF_FERMETURE, LOLF_ORDRE_AFFICHAGE,
TYET_ID ) VALUES ( 
219, '202', 'Aides indirectes', 'Aides indirectes', 2, 'SA', 117,  TO_DATE( '01/01/2007', 'MM/DD/YYYY')
, NULL, 26, 1); 
INSERT INTO JEFY_ADMIN.LOLF_NOMENCLATURE_DEPENSE ( LOLF_ID, LOLF_CODE, LOLF_ABREVIATION, LOLF_LIBELLE,
LOLF_NIVEAU, LOLF_TYPE, LOLF_PERE, LOLF_OUVERTURE, LOLF_FERMETURE, LOLF_ORDRE_AFFICHAGE,
TYET_ID ) VALUES ( 
220, '203', 'Santé/acitvités', 'Santé des étudiants et activités associatives, culturelles et sportives'
, 2, 'SA', 118,  TO_DATE( '01/01/2007', 'MM/DD/YYYY'), NULL
, 27, 1); 
INSERT INTO JEFY_ADMIN.LOLF_NOMENCLATURE_DEPENSE ( LOLF_ID, LOLF_CODE, LOLF_ABREVIATION, LOLF_LIBELLE,
LOLF_NIVEAU, LOLF_TYPE, LOLF_PERE, LOLF_OUVERTURE, LOLF_FERMETURE, LOLF_ORDRE_AFFICHAGE,
TYET_ID ) VALUES ( 
221, '204', 'Pilotage/animation', 'Pilotage et animation du programme', 2, 'SA', 119
,  TO_DATE( '01/01/2007', 'MM/DD/YYYY'), NULL, 28, 1); 
INSERT INTO JEFY_ADMIN.LOLF_NOMENCLATURE_DEPENSE ( LOLF_ID, LOLF_CODE, LOLF_ABREVIATION, LOLF_LIBELLE,
LOLF_NIVEAU, LOLF_TYPE, LOLF_PERE, LOLF_OUVERTURE, LOLF_FERMETURE, LOLF_ORDRE_AFFICHAGE,
TYET_ID ) VALUES ( 
222, '1144', 'Fonctionnement', 'Fonctionnement', 2, 'SA', 113,  TO_DATE( '01/01/2007', 'MM/DD/YYYY')
, NULL, 16, 1); 
INSERT INTO JEFY_ADMIN.LOLF_NOMENCLATURE_DEPENSE ( LOLF_ID, LOLF_CODE, LOLF_ABREVIATION, LOLF_LIBELLE,
LOLF_NIVEAU, LOLF_TYPE, LOLF_PERE, LOLF_OUVERTURE, LOLF_FERMETURE, LOLF_ORDRE_AFFICHAGE,
TYET_ID ) VALUES ( 
223, '1145', 'Maintenance', 'Maintenance', 2, 'SA', 113,  TO_DATE( '01/01/2007', 'MM/DD/YYYY')
, NULL, 17, 1); 
INSERT INTO JEFY_ADMIN.LOLF_NOMENCLATURE_DEPENSE ( LOLF_ID, LOLF_CODE, LOLF_ABREVIATION, LOLF_LIBELLE,
LOLF_NIVEAU, LOLF_TYPE, LOLF_PERE, LOLF_OUVERTURE, LOLF_FERMETURE, LOLF_ORDRE_AFFICHAGE,
TYET_ID ) VALUES ( 
224, '1142', 'CPER', 'CPER', 2, 'SA', 113,  TO_DATE( '01/01/2007', 'MM/DD/YYYY')
, NULL, 14, 1); 
INSERT INTO JEFY_ADMIN.LOLF_NOMENCLATURE_DEPENSE ( LOLF_ID, LOLF_CODE, LOLF_ABREVIATION, LOLF_LIBELLE,
LOLF_NIVEAU, LOLF_TYPE, LOLF_PERE, LOLF_OUVERTURE, LOLF_FERMETURE, LOLF_ORDRE_AFFICHAGE,
TYET_ID ) VALUES ( 
225, '1143', 'Fluide', 'Fluide', 2, 'SA', 113,  TO_DATE( '01/01/2007', 'MM/DD/YYYY')
, NULL, 15, 1); 
INSERT INTO JEFY_ADMIN.LOLF_NOMENCLATURE_DEPENSE ( LOLF_ID, LOLF_CODE, LOLF_ABREVIATION, LOLF_LIBELLE,
LOLF_NIVEAU, LOLF_TYPE, LOLF_PERE, LOLF_OUVERTURE, LOLF_FERMETURE, LOLF_ORDRE_AFFICHAGE,
TYET_ID ) VALUES ( 
226, 'DA', 'Amotissements', 'Amotissements', 2, 'SA', 120,  TO_DATE( '01/01/2007', 'MM/DD/YYYY')
, NULL, 29, 1); 
INSERT INTO JEFY_ADMIN.LOLF_NOMENCLATURE_DEPENSE ( LOLF_ID, LOLF_CODE, LOLF_ABREVIATION, LOLF_LIBELLE,
LOLF_NIVEAU, LOLF_TYPE, LOLF_PERE, LOLF_OUVERTURE, LOLF_FERMETURE, LOLF_ORDRE_AFFICHAGE,
TYET_ID ) VALUES ( 
227, 'DP', 'Provisions', 'Provisions', 2, 'SA', 121,  TO_DATE( '01/01/2007', 'MM/DD/YYYY')
, NULL, 30, 1); 
INSERT INTO JEFY_ADMIN.LOLF_NOMENCLATURE_DEPENSE ( LOLF_ID, LOLF_CODE, LOLF_ABREVIATION, LOLF_LIBELLE,
LOLF_NIVEAU, LOLF_TYPE, LOLF_PERE, LOLF_OUVERTURE, LOLF_FERMETURE, LOLF_ORDRE_AFFICHAGE,
TYET_ID ) VALUES ( 
228, 'SD', 'Variations de stock', 'Variations de stock', 2, 'SA', 122,  TO_DATE( '01/01/2007', 'MM/DD/YYYY')
, NULL, 31, 1); 
INSERT INTO JEFY_ADMIN.LOLF_NOMENCLATURE_DEPENSE ( LOLF_ID, LOLF_CODE, LOLF_ABREVIATION, LOLF_LIBELLE,
LOLF_NIVEAU, LOLF_TYPE, LOLF_PERE, LOLF_OUVERTURE, LOLF_FERMETURE, LOLF_ORDRE_AFFICHAGE,
TYET_ID ) VALUES ( 
229, 'PI', 'Prestations internes', 'Prestations internes', 2, 'SA', 123,  TO_DATE( '01/01/2007', 'MM/DD/YYYY')
, NULL, 32, 1); 
INSERT INTO JEFY_ADMIN.LOLF_NOMENCLATURE_DEPENSE ( LOLF_ID, LOLF_CODE, LOLF_ABREVIATION, LOLF_LIBELLE,
LOLF_NIVEAU, LOLF_TYPE, LOLF_PERE, LOLF_OUVERTURE, LOLF_FERMETURE, LOLF_ORDRE_AFFICHAGE,
TYET_ID ) VALUES ( 
230, 'DV', 'Dép. à ventiler', 'Dépenses à ventiler', 2, 'SA', 124,  TO_DATE( '01/01/2007', 'MM/DD/YYYY')
, NULL, 33, 1); 
INSERT INTO JEFY_ADMIN.LOLF_NOMENCLATURE_DEPENSE ( LOLF_ID, LOLF_CODE, LOLF_ABREVIATION, LOLF_LIBELLE,
LOLF_NIVEAU, LOLF_TYPE, LOLF_PERE, LOLF_OUVERTURE, LOLF_FERMETURE, LOLF_ORDRE_AFFICHAGE,
TYET_ID ) VALUES ( 
231, '1146', 'Nettoyage et sureté', 'Nettoyage et sureté', 2, 'SA', 113,  TO_DATE( '01/01/2007', 'MM/DD/YYYY')
, NULL, 18, 1); 
INSERT INTO JEFY_ADMIN.LOLF_NOMENCLATURE_DEPENSE ( LOLF_ID, LOLF_CODE, LOLF_ABREVIATION, LOLF_LIBELLE,
LOLF_NIVEAU, LOLF_TYPE, LOLF_PERE, LOLF_OUVERTURE, LOLF_FERMETURE, LOLF_ORDRE_AFFICHAGE,
TYET_ID ) VALUES ( 
300, '101', 'Licence', 'Licence', 3, 'SA', 200,  TO_DATE( '01/01/2005 12:00:00 AM', 'MM/DD/YYYY HH:MI:SS AM')
, NULL, 0, 1); 
INSERT INTO JEFY_ADMIN.LOLF_NOMENCLATURE_DEPENSE ( LOLF_ID, LOLF_CODE, LOLF_ABREVIATION, LOLF_LIBELLE,
LOLF_NIVEAU, LOLF_TYPE, LOLF_PERE, LOLF_OUVERTURE, LOLF_FERMETURE, LOLF_ORDRE_AFFICHAGE,
TYET_ID ) VALUES ( 
301, '102', 'Master', 'Master', 3, 'SA', 201,  TO_DATE( '01/01/2007', 'MM/DD/YYYY')
, NULL, 1, 1); 
INSERT INTO JEFY_ADMIN.LOLF_NOMENCLATURE_DEPENSE ( LOLF_ID, LOLF_CODE, LOLF_ABREVIATION, LOLF_LIBELLE,
LOLF_NIVEAU, LOLF_TYPE, LOLF_PERE, LOLF_OUVERTURE, LOLF_FERMETURE, LOLF_ORDRE_AFFICHAGE,
TYET_ID ) VALUES ( 
302, '103', 'Doctorat', 'Doctorat', 3, 'SA', 202,  TO_DATE( '01/01/2007', 'MM/DD/YYYY')
, NULL, 2, 1); 
INSERT INTO JEFY_ADMIN.LOLF_NOMENCLATURE_DEPENSE ( LOLF_ID, LOLF_CODE, LOLF_ABREVIATION, LOLF_LIBELLE,
LOLF_NIVEAU, LOLF_TYPE, LOLF_PERE, LOLF_OUVERTURE, LOLF_FERMETURE, LOLF_ORDRE_AFFICHAGE,
TYET_ID ) VALUES ( 
303, '105', 'Bibliothèques', 'Bibliothèques', 3, 'SA', 203,  TO_DATE( '01/01/2007', 'MM/DD/YYYY')
, NULL, 4, 1); 
INSERT INTO JEFY_ADMIN.LOLF_NOMENCLATURE_DEPENSE ( LOLF_ID, LOLF_CODE, LOLF_ABREVIATION, LOLF_LIBELLE,
LOLF_NIVEAU, LOLF_TYPE, LOLF_PERE, LOLF_OUVERTURE, LOLF_FERMETURE, LOLF_ORDRE_AFFICHAGE,
TYET_ID ) VALUES ( 
304, '104', 'Enseignement privé', 'Etablissement d''enseignement privé', 3, 'SA', 204
,  TO_DATE( '01/01/2007', 'MM/DD/YYYY'),  TO_DATE( '01/01/2007', 'MM/DD/YYYY')
, 3, 1); 
INSERT INTO JEFY_ADMIN.LOLF_NOMENCLATURE_DEPENSE ( LOLF_ID, LOLF_CODE, LOLF_ABREVIATION, LOLF_LIBELLE,
LOLF_NIVEAU, LOLF_TYPE, LOLF_PERE, LOLF_OUVERTURE, LOLF_FERMETURE, LOLF_ORDRE_AFFICHAGE,
TYET_ID ) VALUES ( 
305, '106', 'Sciences de la vie', 'Sciences de la vie, biotechnologies et santé', 3
, 'SA', 205,  TO_DATE( '01/01/2007', 'MM/DD/YYYY'), NULL, 5
, 1); 
INSERT INTO JEFY_ADMIN.LOLF_NOMENCLATURE_DEPENSE ( LOLF_ID, LOLF_CODE, LOLF_ABREVIATION, LOLF_LIBELLE,
LOLF_NIVEAU, LOLF_TYPE, LOLF_PERE, LOLF_OUVERTURE, LOLF_FERMETURE, LOLF_ORDRE_AFFICHAGE,
TYET_ID ) VALUES ( 
306, '107', 'Mathématiques', 'Mathématiques, sciences et techniques de l''information et de la communication, micro et nanotechnologiques'
, 3, 'SA', 206,  TO_DATE( '01/01/2007', 'MM/DD/YYYY'), NULL
, 6, 1); 
INSERT INTO JEFY_ADMIN.LOLF_NOMENCLATURE_DEPENSE ( LOLF_ID, LOLF_CODE, LOLF_ABREVIATION, LOLF_LIBELLE,
LOLF_NIVEAU, LOLF_TYPE, LOLF_PERE, LOLF_OUVERTURE, LOLF_FERMETURE, LOLF_ORDRE_AFFICHAGE,
TYET_ID ) VALUES ( 
307, '108', 'Physique/chimie', 'Physique, chimie et sciences pour l''ingénieur', 3
, 'SA', 207,  TO_DATE( '01/01/2007', 'MM/DD/YYYY'), NULL, 7
, 1); 
INSERT INTO JEFY_ADMIN.LOLF_NOMENCLATURE_DEPENSE ( LOLF_ID, LOLF_CODE, LOLF_ABREVIATION, LOLF_LIBELLE,
LOLF_NIVEAU, LOLF_TYPE, LOLF_PERE, LOLF_OUVERTURE, LOLF_FERMETURE, LOLF_ORDRE_AFFICHAGE,
TYET_ID ) VALUES ( 
308, '109', 'Physique nucléaire', 'Physique nucléaire et des hautes énergies', 3, 'SA'
, 208,  TO_DATE( '01/01/2007', 'MM/DD/YYYY'),  TO_DATE( '01/01/2007', 'MM/DD/YYYY')
, 8, 1); 
INSERT INTO JEFY_ADMIN.LOLF_NOMENCLATURE_DEPENSE ( LOLF_ID, LOLF_CODE, LOLF_ABREVIATION, LOLF_LIBELLE,
LOLF_NIVEAU, LOLF_TYPE, LOLF_PERE, LOLF_OUVERTURE, LOLF_FERMETURE, LOLF_ORDRE_AFFICHAGE,
TYET_ID ) VALUES ( 
309, '110', 'Sciences de la terre', 'Sciences de la terre, de l''univers et de l''environnement'
, 3, 'SA', 209,  TO_DATE( '01/01/2007', 'MM/DD/YYYY'), NULL
, 9, 1); 
INSERT INTO JEFY_ADMIN.LOLF_NOMENCLATURE_DEPENSE ( LOLF_ID, LOLF_CODE, LOLF_ABREVIATION, LOLF_LIBELLE,
LOLF_NIVEAU, LOLF_TYPE, LOLF_PERE, LOLF_OUVERTURE, LOLF_FERMETURE, LOLF_ORDRE_AFFICHAGE,
TYET_ID ) VALUES ( 
310, '111', 'Sciences de l''homme', 'Sciences de l''homme et de la société', 3, 'SA'
, 210,  TO_DATE( '01/01/2007', 'MM/DD/YYYY'), NULL, 10, 1); 
INSERT INTO JEFY_ADMIN.LOLF_NOMENCLATURE_DEPENSE ( LOLF_ID, LOLF_CODE, LOLF_ABREVIATION, LOLF_LIBELLE,
LOLF_NIVEAU, LOLF_TYPE, LOLF_PERE, LOLF_OUVERTURE, LOLF_FERMETURE, LOLF_ORDRE_AFFICHAGE,
TYET_ID ) VALUES ( 
311, '112', 'Rech. univ. transv.', 'Recherche universitaire interdisplinaire et transversale'
, 3, 'SA', 211,  TO_DATE( '01/01/2007', 'MM/DD/YYYY'), NULL
, 11, 1); 
INSERT INTO JEFY_ADMIN.LOLF_NOMENCLATURE_DEPENSE ( LOLF_ID, LOLF_CODE, LOLF_ABREVIATION, LOLF_LIBELLE,
LOLF_NIVEAU, LOLF_TYPE, LOLF_PERE, LOLF_OUVERTURE, LOLF_FERMETURE, LOLF_ORDRE_AFFICHAGE,
TYET_ID ) VALUES ( 
312, '113', 'Diffusion savoirs', 'Diffusion des savoirs', 3, 'SA', 212,  TO_DATE( '01/01/2007', 'MM/DD/YYYY')
, NULL, 12, 1); 
INSERT INTO JEFY_ADMIN.LOLF_NOMENCLATURE_DEPENSE ( LOLF_ID, LOLF_CODE, LOLF_ABREVIATION, LOLF_LIBELLE,
LOLF_NIVEAU, LOLF_TYPE, LOLF_PERE, LOLF_OUVERTURE, LOLF_FERMETURE, LOLF_ORDRE_AFFICHAGE,
TYET_ID ) VALUES ( 
313, '11411', 'Assurance batiment', 'Assurance batiment', 3, 'SA', 213,  TO_DATE( '01/01/2007', 'MM/DD/YYYY')
, NULL, 13, 1); 
INSERT INTO JEFY_ADMIN.LOLF_NOMENCLATURE_DEPENSE ( LOLF_ID, LOLF_CODE, LOLF_ABREVIATION, LOLF_LIBELLE,
LOLF_NIVEAU, LOLF_TYPE, LOLF_PERE, LOLF_OUVERTURE, LOLF_FERMETURE, LOLF_ORDRE_AFFICHAGE,
TYET_ID ) VALUES ( 
314, '1151', 'Pil . système univ.', 'Pilotage du système universitaire', 3, 'SA', 214
,  TO_DATE( '01/01/2007', 'MM/DD/YYYY'), NULL, 38, 1); 
INSERT INTO JEFY_ADMIN.LOLF_NOMENCLATURE_DEPENSE ( LOLF_ID, LOLF_CODE, LOLF_ABREVIATION, LOLF_LIBELLE,
LOLF_NIVEAU, LOLF_TYPE, LOLF_PERE, LOLF_OUVERTURE, LOLF_FERMETURE, LOLF_ORDRE_AFFICHAGE,
TYET_ID ) VALUES ( 
315, '1152', 'Pil. opérationnel', 'Pilotage opérationnel des établissements', 3, 'SA'
, 215,  TO_DATE( '01/01/2007', 'MM/DD/YYYY'), NULL, 39, 1); 
INSERT INTO JEFY_ADMIN.LOLF_NOMENCLATURE_DEPENSE ( LOLF_ID, LOLF_CODE, LOLF_ABREVIATION, LOLF_LIBELLE,
LOLF_NIVEAU, LOLF_TYPE, LOLF_PERE, LOLF_OUVERTURE, LOLF_FERMETURE, LOLF_ORDRE_AFFICHAGE,
TYET_ID ) VALUES ( 
316, '1153', 'Formation du vivier', 'Formation du vivier', 3, 'SA', 216,  TO_DATE( '01/01/2007', 'MM/DD/YYYY')
, NULL, 40, 1); 
INSERT INTO JEFY_ADMIN.LOLF_NOMENCLATURE_DEPENSE ( LOLF_ID, LOLF_CODE, LOLF_ABREVIATION, LOLF_LIBELLE,
LOLF_NIVEAU, LOLF_TYPE, LOLF_PERE, LOLF_OUVERTURE, LOLF_FERMETURE, LOLF_ORDRE_AFFICHAGE,
TYET_ID ) VALUES ( 
317, '116', 'Dotations', 'Dotations globalisés aux établissements publics d''enseignement supérieur'
, 3, 'SA', 217,  TO_DATE( '01/01/2007', 'MM/DD/YYYY'),  TO_DATE( '01/01/2007', 'MM/DD/YYYY')
, 41, 1); 
INSERT INTO JEFY_ADMIN.LOLF_NOMENCLATURE_DEPENSE ( LOLF_ID, LOLF_CODE, LOLF_ABREVIATION, LOLF_LIBELLE,
LOLF_NIVEAU, LOLF_TYPE, LOLF_PERE, LOLF_OUVERTURE, LOLF_FERMETURE, LOLF_ORDRE_AFFICHAGE,
TYET_ID ) VALUES ( 
318, '201', 'Aides directes', 'Aides directes', 3, 'SA', 218,  TO_DATE( '01/01/2007', 'MM/DD/YYYY')
, NULL, 42, 1); 
INSERT INTO JEFY_ADMIN.LOLF_NOMENCLATURE_DEPENSE ( LOLF_ID, LOLF_CODE, LOLF_ABREVIATION, LOLF_LIBELLE,
LOLF_NIVEAU, LOLF_TYPE, LOLF_PERE, LOLF_OUVERTURE, LOLF_FERMETURE, LOLF_ORDRE_AFFICHAGE,
TYET_ID ) VALUES ( 
319, '202', 'Aides indirectes', 'Aides indirectes', 3, 'SA', 219,  TO_DATE( '01/01/2007', 'MM/DD/YYYY')
, NULL, 43, 1); 
INSERT INTO JEFY_ADMIN.LOLF_NOMENCLATURE_DEPENSE ( LOLF_ID, LOLF_CODE, LOLF_ABREVIATION, LOLF_LIBELLE,
LOLF_NIVEAU, LOLF_TYPE, LOLF_PERE, LOLF_OUVERTURE, LOLF_FERMETURE, LOLF_ORDRE_AFFICHAGE,
TYET_ID ) VALUES ( 
320, '203', 'Santé/acitvités', 'Santé des étudiants et activités associatives, culturelles et sportives'
, 3, 'SA', 220,  TO_DATE( '01/01/2007', 'MM/DD/YYYY'), NULL
, 44, 1); 
INSERT INTO JEFY_ADMIN.LOLF_NOMENCLATURE_DEPENSE ( LOLF_ID, LOLF_CODE, LOLF_ABREVIATION, LOLF_LIBELLE,
LOLF_NIVEAU, LOLF_TYPE, LOLF_PERE, LOLF_OUVERTURE, LOLF_FERMETURE, LOLF_ORDRE_AFFICHAGE,
TYET_ID ) VALUES ( 
321, '204', 'Pilotage/animation', 'Pilotage et animation du programme', 3, 'SA', 221
,  TO_DATE( '01/01/2007', 'MM/DD/YYYY'), NULL, 45, 1); 
INSERT INTO JEFY_ADMIN.LOLF_NOMENCLATURE_DEPENSE ( LOLF_ID, LOLF_CODE, LOLF_ABREVIATION, LOLF_LIBELLE,
LOLF_NIVEAU, LOLF_TYPE, LOLF_PERE, LOLF_OUVERTURE, LOLF_FERMETURE, LOLF_ORDRE_AFFICHAGE,
TYET_ID ) VALUES ( 
322, '11441', 'Documentation', 'Documentation', 3, 'SA', 222,  TO_DATE( '01/01/2007', 'MM/DD/YYYY')
, NULL, 22, 1); 
INSERT INTO JEFY_ADMIN.LOLF_NOMENCLATURE_DEPENSE ( LOLF_ID, LOLF_CODE, LOLF_ABREVIATION, LOLF_LIBELLE,
LOLF_NIVEAU, LOLF_TYPE, LOLF_PERE, LOLF_OUVERTURE, LOLF_FERMETURE, LOLF_ORDRE_AFFICHAGE,
TYET_ID ) VALUES ( 
323, '11451', 'Consommable', 'Consommable', 3, 'SA', 223,  TO_DATE( '01/01/2007', 'MM/DD/YYYY')
, NULL, 25, 1); 
INSERT INTO JEFY_ADMIN.LOLF_NOMENCLATURE_DEPENSE ( LOLF_ID, LOLF_CODE, LOLF_ABREVIATION, LOLF_LIBELLE,
LOLF_NIVEAU, LOLF_TYPE, LOLF_PERE, LOLF_OUVERTURE, LOLF_FERMETURE, LOLF_ORDRE_AFFICHAGE,
TYET_ID ) VALUES ( 
324, '11421', 'Construction', 'Construction', 3, 'SA', 224,  TO_DATE( '01/01/2007', 'MM/DD/YYYY')
, NULL, 16, 1); 
INSERT INTO JEFY_ADMIN.LOLF_NOMENCLATURE_DEPENSE ( LOLF_ID, LOLF_CODE, LOLF_ABREVIATION, LOLF_LIBELLE,
LOLF_NIVEAU, LOLF_TYPE, LOLF_PERE, LOLF_OUVERTURE, LOLF_FERMETURE, LOLF_ORDRE_AFFICHAGE,
TYET_ID ) VALUES ( 
325, '11431', 'Eau', 'Eau', 3, 'SA', 225,  TO_DATE( '01/01/2007', 'MM/DD/YYYY')
, NULL, 18, 1); 
INSERT INTO JEFY_ADMIN.LOLF_NOMENCLATURE_DEPENSE ( LOLF_ID, LOLF_CODE, LOLF_ABREVIATION, LOLF_LIBELLE,
LOLF_NIVEAU, LOLF_TYPE, LOLF_PERE, LOLF_OUVERTURE, LOLF_FERMETURE, LOLF_ORDRE_AFFICHAGE,
TYET_ID ) VALUES ( 
326, 'DA', 'Amotissements', 'Amotissements', 3, 'SA', 226,  TO_DATE( '01/01/2007', 'MM/DD/YYYY')
, NULL, 46, 1); 
INSERT INTO JEFY_ADMIN.LOLF_NOMENCLATURE_DEPENSE ( LOLF_ID, LOLF_CODE, LOLF_ABREVIATION, LOLF_LIBELLE,
LOLF_NIVEAU, LOLF_TYPE, LOLF_PERE, LOLF_OUVERTURE, LOLF_FERMETURE, LOLF_ORDRE_AFFICHAGE,
TYET_ID ) VALUES ( 
327, 'DP', 'Provisions', 'Provisions', 3, 'SA', 227,  TO_DATE( '01/01/2007', 'MM/DD/YYYY')
, NULL, 47, 1); 
INSERT INTO JEFY_ADMIN.LOLF_NOMENCLATURE_DEPENSE ( LOLF_ID, LOLF_CODE, LOLF_ABREVIATION, LOLF_LIBELLE,
LOLF_NIVEAU, LOLF_TYPE, LOLF_PERE, LOLF_OUVERTURE, LOLF_FERMETURE, LOLF_ORDRE_AFFICHAGE,
TYET_ID ) VALUES ( 
328, 'SD', 'Variations de stock', 'Variations de stock', 3, 'SA', 228,  TO_DATE( '01/01/2007', 'MM/DD/YYYY')
, NULL, 48, 1); 
INSERT INTO JEFY_ADMIN.LOLF_NOMENCLATURE_DEPENSE ( LOLF_ID, LOLF_CODE, LOLF_ABREVIATION, LOLF_LIBELLE,
LOLF_NIVEAU, LOLF_TYPE, LOLF_PERE, LOLF_OUVERTURE, LOLF_FERMETURE, LOLF_ORDRE_AFFICHAGE,
TYET_ID ) VALUES ( 
329, 'PI', 'Prestations internes', 'Prestations internes', 3, 'SA', 229,  TO_DATE( '01/01/2007', 'MM/DD/YYYY')
, NULL, 49, 1); 
INSERT INTO JEFY_ADMIN.LOLF_NOMENCLATURE_DEPENSE ( LOLF_ID, LOLF_CODE, LOLF_ABREVIATION, LOLF_LIBELLE,
LOLF_NIVEAU, LOLF_TYPE, LOLF_PERE, LOLF_OUVERTURE, LOLF_FERMETURE, LOLF_ORDRE_AFFICHAGE,
TYET_ID ) VALUES ( 
330, 'DV', 'Dép. à ventiler', 'Dépenses à ventiler', 3, 'SA', 230,  TO_DATE( '01/01/2007', 'MM/DD/YYYY')
, NULL, 50, 1); 
INSERT INTO JEFY_ADMIN.LOLF_NOMENCLATURE_DEPENSE ( LOLF_ID, LOLF_CODE, LOLF_ABREVIATION, LOLF_LIBELLE,
LOLF_NIVEAU, LOLF_TYPE, LOLF_PERE, LOLF_OUVERTURE, LOLF_FERMETURE, LOLF_ORDRE_AFFICHAGE,
TYET_ID ) VALUES ( 
331, '11461', 'Analyse', 'Analyse', 3, 'SA', 231,  TO_DATE( '01/01/2007', 'MM/DD/YYYY')
, NULL, 29, 1); 
INSERT INTO JEFY_ADMIN.LOLF_NOMENCLATURE_DEPENSE ( LOLF_ID, LOLF_CODE, LOLF_ABREVIATION, LOLF_LIBELLE,
LOLF_NIVEAU, LOLF_TYPE, LOLF_PERE, LOLF_OUVERTURE, LOLF_FERMETURE, LOLF_ORDRE_AFFICHAGE,
TYET_ID ) VALUES ( 
340, '11412', 'Frais mise a dispo.', 'Frais de mise a disposition', 3, 'SA', 213,  TO_DATE( '01/01/2007', 'MM/DD/YYYY')
, NULL, 14, 1); 
INSERT INTO JEFY_ADMIN.LOLF_NOMENCLATURE_DEPENSE ( LOLF_ID, LOLF_CODE, LOLF_ABREVIATION, LOLF_LIBELLE,
LOLF_NIVEAU, LOLF_TYPE, LOLF_PERE, LOLF_OUVERTURE, LOLF_FERMETURE, LOLF_ORDRE_AFFICHAGE,
TYET_ID ) VALUES ( 
341, '11413', 'Location immobiliere', 'Location immobiliere', 3, 'SA', 213,  TO_DATE( '01/01/2007', 'MM/DD/YYYY')
, NULL, 15, 1); 
INSERT INTO JEFY_ADMIN.LOLF_NOMENCLATURE_DEPENSE ( LOLF_ID, LOLF_CODE, LOLF_ABREVIATION, LOLF_LIBELLE,
LOLF_NIVEAU, LOLF_TYPE, LOLF_PERE, LOLF_OUVERTURE, LOLF_FERMETURE, LOLF_ORDRE_AFFICHAGE,
TYET_ID ) VALUES ( 
342, '11422', '1er equipement', '1er equipement', 3, 'SA', 224,  TO_DATE( '01/01/2007', 'MM/DD/YYYY')
, NULL, 17, 1); 
INSERT INTO JEFY_ADMIN.LOLF_NOMENCLATURE_DEPENSE ( LOLF_ID, LOLF_CODE, LOLF_ABREVIATION, LOLF_LIBELLE,
LOLF_NIVEAU, LOLF_TYPE, LOLF_PERE, LOLF_OUVERTURE, LOLF_FERMETURE, LOLF_ORDRE_AFFICHAGE,
TYET_ID ) VALUES ( 
343, '11432', 'Electricite', 'Electricite', 3, 'SA', 225,  TO_DATE( '01/01/2007', 'MM/DD/YYYY')
, NULL, 19, 1); 
INSERT INTO JEFY_ADMIN.LOLF_NOMENCLATURE_DEPENSE ( LOLF_ID, LOLF_CODE, LOLF_ABREVIATION, LOLF_LIBELLE,
LOLF_NIVEAU, LOLF_TYPE, LOLF_PERE, LOLF_OUVERTURE, LOLF_FERMETURE, LOLF_ORDRE_AFFICHAGE,
TYET_ID ) VALUES ( 
344, '11433', 'Gaz', 'Gaz', 3, 'SA', 225,  TO_DATE( '01/01/2007', 'MM/DD/YYYY')
, NULL, 20, 1); 
INSERT INTO JEFY_ADMIN.LOLF_NOMENCLATURE_DEPENSE ( LOLF_ID, LOLF_CODE, LOLF_ABREVIATION, LOLF_LIBELLE,
LOLF_NIVEAU, LOLF_TYPE, LOLF_PERE, LOLF_OUVERTURE, LOLF_FERMETURE, LOLF_ORDRE_AFFICHAGE,
TYET_ID ) VALUES ( 
345, '11434', 'Maintenance', 'Maintenance', 3, 'SA', 225,  TO_DATE( '01/01/2007', 'MM/DD/YYYY')
, NULL, 21, 1); 
INSERT INTO JEFY_ADMIN.LOLF_NOMENCLATURE_DEPENSE ( LOLF_ID, LOLF_CODE, LOLF_ABREVIATION, LOLF_LIBELLE,
LOLF_NIVEAU, LOLF_TYPE, LOLF_PERE, LOLF_OUVERTURE, LOLF_FERMETURE, LOLF_ORDRE_AFFICHAGE,
TYET_ID ) VALUES ( 
346, '11442', 'Matériel d''atelier', 'Matériel d''atelier', 3, 'SA', 222,  TO_DATE( '01/01/2007', 'MM/DD/YYYY')
, NULL, 23, 1); 
INSERT INTO JEFY_ADMIN.LOLF_NOMENCLATURE_DEPENSE ( LOLF_ID, LOLF_CODE, LOLF_ABREVIATION, LOLF_LIBELLE,
LOLF_NIVEAU, LOLF_TYPE, LOLF_PERE, LOLF_OUVERTURE, LOLF_FERMETURE, LOLF_ORDRE_AFFICHAGE,
TYET_ID ) VALUES ( 
347, '11443', 'Telephone', 'Telephone', 3, 'SA', 222,  TO_DATE( '01/01/2007', 'MM/DD/YYYY')
, NULL, 24, 1); 
INSERT INTO JEFY_ADMIN.LOLF_NOMENCLATURE_DEPENSE ( LOLF_ID, LOLF_CODE, LOLF_ABREVIATION, LOLF_LIBELLE,
LOLF_NIVEAU, LOLF_TYPE, LOLF_PERE, LOLF_OUVERTURE, LOLF_FERMETURE, LOLF_ORDRE_AFFICHAGE,
TYET_ID ) VALUES ( 
348, '11462', 'Collecte des dechets', 'Collecte des dechets', 3, 'SA', 231,  TO_DATE( '01/01/2007', 'MM/DD/YYYY')
, NULL, 30, 1); 
INSERT INTO JEFY_ADMIN.LOLF_NOMENCLATURE_DEPENSE ( LOLF_ID, LOLF_CODE, LOLF_ABREVIATION, LOLF_LIBELLE,
LOLF_NIVEAU, LOLF_TYPE, LOLF_PERE, LOLF_OUVERTURE, LOLF_FERMETURE, LOLF_ORDRE_AFFICHAGE,
TYET_ID ) VALUES ( 
349, '11463', 'Nettoyage', 'Nettoyage', 3, 'SA', 231,  TO_DATE( '01/01/2007', 'MM/DD/YYYY')
, NULL, 31, 1); 
INSERT INTO JEFY_ADMIN.LOLF_NOMENCLATURE_DEPENSE ( LOLF_ID, LOLF_CODE, LOLF_ABREVIATION, LOLF_LIBELLE,
LOLF_NIVEAU, LOLF_TYPE, LOLF_PERE, LOLF_OUVERTURE, LOLF_FERMETURE, LOLF_ORDRE_AFFICHAGE,
TYET_ID ) VALUES ( 
350, '11464', 'Surveillance', 'Surveillance', 3, 'SA', 231,  TO_DATE( '01/01/2007', 'MM/DD/YYYY')
, NULL, 32, 1); 
INSERT INTO JEFY_ADMIN.LOLF_NOMENCLATURE_DEPENSE ( LOLF_ID, LOLF_CODE, LOLF_ABREVIATION, LOLF_LIBELLE,
LOLF_NIVEAU, LOLF_TYPE, LOLF_PERE, LOLF_OUVERTURE, LOLF_FERMETURE, LOLF_ORDRE_AFFICHAGE,
TYET_ID ) VALUES ( 
351, '11452', 'Contrat maintenance', 'Contrat de maintenance', 3, 'SA', 223,  TO_DATE( '01/01/2007', 'MM/DD/YYYY')
, NULL, 26, 1); 
INSERT INTO JEFY_ADMIN.LOLF_NOMENCLATURE_DEPENSE ( LOLF_ID, LOLF_CODE, LOLF_ABREVIATION, LOLF_LIBELLE,
LOLF_NIVEAU, LOLF_TYPE, LOLF_PERE, LOLF_OUVERTURE, LOLF_FERMETURE, LOLF_ORDRE_AFFICHAGE,
TYET_ID ) VALUES ( 
352, '11453', 'Controle obligatoire', 'Controle obligatoire', 3, 'SA', 223,  TO_DATE( '01/01/2007', 'MM/DD/YYYY')
, NULL, 27, 1); 
INSERT INTO JEFY_ADMIN.LOLF_NOMENCLATURE_DEPENSE ( LOLF_ID, LOLF_CODE, LOLF_ABREVIATION, LOLF_LIBELLE,
LOLF_NIVEAU, LOLF_TYPE, LOLF_PERE, LOLF_OUVERTURE, LOLF_FERMETURE, LOLF_ORDRE_AFFICHAGE,
TYET_ID ) VALUES ( 
353, '11454', 'Travaux', 'Travaux', 3, 'SA', 223,  TO_DATE( '01/01/2007', 'MM/DD/YYYY')
, NULL, 28, 1); 
INSERT INTO JEFY_ADMIN.LOLF_NOMENCLATURE_DEPENSE ( LOLF_ID, LOLF_CODE, LOLF_ABREVIATION, LOLF_LIBELLE,
LOLF_NIVEAU, LOLF_TYPE, LOLF_PERE, LOLF_OUVERTURE, LOLF_FERMETURE, LOLF_ORDRE_AFFICHAGE,
TYET_ID ) VALUES ( 
360, '11465', 'Papier', 'Papier', 3, 'SA', 231,  TO_DATE( '01/01/2007', 'MM/DD/YYYY')
, NULL, 33, 1); 
INSERT INTO JEFY_ADMIN.LOLF_NOMENCLATURE_DEPENSE ( LOLF_ID, LOLF_CODE, LOLF_ABREVIATION, LOLF_LIBELLE,
LOLF_NIVEAU, LOLF_TYPE, LOLF_PERE, LOLF_OUVERTURE, LOLF_FERMETURE, LOLF_ORDRE_AFFICHAGE,
TYET_ID ) VALUES ( 
361, '11466', 'Fourniture & CFC', 'Fourniture & CFC', 3, 'SA', 231,  TO_DATE( '01/01/2007', 'MM/DD/YYYY')
, NULL, 34, 1); 
INSERT INTO JEFY_ADMIN.LOLF_NOMENCLATURE_DEPENSE ( LOLF_ID, LOLF_CODE, LOLF_ABREVIATION, LOLF_LIBELLE,
LOLF_NIVEAU, LOLF_TYPE, LOLF_PERE, LOLF_OUVERTURE, LOLF_FERMETURE, LOLF_ORDRE_AFFICHAGE,
TYET_ID ) VALUES ( 
362, '11467', 'Location mobilier', 'Location mobilier', 3, 'SA', 231,  TO_DATE( '01/01/2007', 'MM/DD/YYYY')
, NULL, 35, 1); 
INSERT INTO JEFY_ADMIN.LOLF_NOMENCLATURE_DEPENSE ( LOLF_ID, LOLF_CODE, LOLF_ABREVIATION, LOLF_LIBELLE,
LOLF_NIVEAU, LOLF_TYPE, LOLF_PERE, LOLF_OUVERTURE, LOLF_FERMETURE, LOLF_ORDRE_AFFICHAGE,
TYET_ID ) VALUES ( 
363, '11468', 'Assurance', 'Assurance', 3, 'SA', 231,  TO_DATE( '01/01/2007', 'MM/DD/YYYY')
, NULL, 36, 1); 
INSERT INTO JEFY_ADMIN.LOLF_NOMENCLATURE_DEPENSE ( LOLF_ID, LOLF_CODE, LOLF_ABREVIATION, LOLF_LIBELLE,
LOLF_NIVEAU, LOLF_TYPE, LOLF_PERE, LOLF_OUVERTURE, LOLF_FERMETURE, LOLF_ORDRE_AFFICHAGE,
TYET_ID ) VALUES ( 
364, '11469', 'Carburant', 'Carburant', 3, 'SA', 231,  TO_DATE( '01/01/2007', 'MM/DD/YYYY')
, NULL, 37, 1); 

-- lolf_nomenclature_recette
INSERT INTO JEFY_ADMIN.LOLF_NOMENCLATURE_RECETTE ( LOLF_ID, LOLF_CODE, LOLF_ABREVIATION, LOLF_LIBELLE,
LOLF_NIVEAU, LOLF_TYPE, LOLF_PERE, LOLF_OUVERTURE, LOLF_FERMETURE, LOLF_ORDRE_AFFICHAGE,
TYET_ID ) VALUES ( 
499, 'Racine', 'Racine', 'Racine', -1, 'R', NULL,  TO_DATE( '01/01/2007', 'MM/DD/YYYY')
, NULL, 1, 1); 
INSERT INTO JEFY_ADMIN.LOLF_NOMENCLATURE_RECETTE ( LOLF_ID, LOLF_CODE, LOLF_ABREVIATION, LOLF_LIBELLE,
LOLF_NIVEAU, LOLF_TYPE, LOLF_PERE, LOLF_OUVERTURE, LOLF_FERMETURE, LOLF_ORDRE_AFFICHAGE,
TYET_ID ) VALUES ( 
513, '11', 'Etat', 'Etat', 1, 'A', 500,  TO_DATE( '01/01/2007', 'MM/DD/YYYY')
, NULL, 1, 1); 
INSERT INTO JEFY_ADMIN.LOLF_NOMENCLATURE_RECETTE ( LOLF_ID, LOLF_CODE, LOLF_ABREVIATION, LOLF_LIBELLE,
LOLF_NIVEAU, LOLF_TYPE, LOLF_PERE, LOLF_OUVERTURE, LOLF_FERMETURE, LOLF_ORDRE_AFFICHAGE,
TYET_ID ) VALUES ( 
514, '12', 'Collectivites', 'Collectivites', 1, 'A', 500,  TO_DATE( '01/01/2007', 'MM/DD/YYYY')
, NULL, 2, 1); 
INSERT INTO JEFY_ADMIN.LOLF_NOMENCLATURE_RECETTE ( LOLF_ID, LOLF_CODE, LOLF_ABREVIATION, LOLF_LIBELLE,
LOLF_NIVEAU, LOLF_TYPE, LOLF_PERE, LOLF_OUVERTURE, LOLF_FERMETURE, LOLF_ORDRE_AFFICHAGE,
TYET_ID ) VALUES ( 
515, '13', 'Europe', 'Europe', 1, 'A', 500,  TO_DATE( '01/01/2007', 'MM/DD/YYYY')
, NULL, 3, 1); 
INSERT INTO JEFY_ADMIN.LOLF_NOMENCLATURE_RECETTE ( LOLF_ID, LOLF_CODE, LOLF_ABREVIATION, LOLF_LIBELLE,
LOLF_NIVEAU, LOLF_TYPE, LOLF_PERE, LOLF_OUVERTURE, LOLF_FERMETURE, LOLF_ORDRE_AFFICHAGE,
TYET_ID ) VALUES ( 
516, '14', 'Ress. propres', 'Ressources propres', 1, 'A', 500,  TO_DATE( '01/01/2007', 'MM/DD/YYYY')
, NULL, 4, 1); 
INSERT INTO JEFY_ADMIN.LOLF_NOMENCLATURE_RECETTE ( LOLF_ID, LOLF_CODE, LOLF_ABREVIATION, LOLF_LIBELLE,
LOLF_NIVEAU, LOLF_TYPE, LOLF_PERE, LOLF_OUVERTURE, LOLF_FERMETURE, LOLF_ORDRE_AFFICHAGE,
TYET_ID ) VALUES ( 
517, '15', 'Prest.internes', 'Prestations internes', 1, 'A', 500,  TO_DATE( '01/01/2007', 'MM/DD/YYYY')
, NULL, 5, 1); 
INSERT INTO JEFY_ADMIN.LOLF_NOMENCLATURE_RECETTE ( LOLF_ID, LOLF_CODE, LOLF_ABREVIATION, LOLF_LIBELLE,
LOLF_NIVEAU, LOLF_TYPE, LOLF_PERE, LOLF_OUVERTURE, LOLF_FERMETURE, LOLF_ORDRE_AFFICHAGE,
TYET_ID ) VALUES ( 
520, '111', 'Etat - Recherche', 'Etat - Recherche', 2, 'SA', 513,  TO_DATE( '01/01/2007', 'MM/DD/YYYY')
, NULL, 1, 1); 
INSERT INTO JEFY_ADMIN.LOLF_NOMENCLATURE_RECETTE ( LOLF_ID, LOLF_CODE, LOLF_ABREVIATION, LOLF_LIBELLE,
LOLF_NIVEAU, LOLF_TYPE, LOLF_PERE, LOLF_OUVERTURE, LOLF_FERMETURE, LOLF_ORDRE_AFFICHAGE,
TYET_ID ) VALUES ( 
521, '112', 'Etat - Hors rech.', 'Etat - Hors recherche', 2, 'SA', 513,  TO_DATE( '01/01/2007', 'MM/DD/YYYY')
, NULL, 2, 1); 
INSERT INTO JEFY_ADMIN.LOLF_NOMENCLATURE_RECETTE ( LOLF_ID, LOLF_CODE, LOLF_ABREVIATION, LOLF_LIBELLE,
LOLF_NIVEAU, LOLF_TYPE, LOLF_PERE, LOLF_OUVERTURE, LOLF_FERMETURE, LOLF_ORDRE_AFFICHAGE,
TYET_ID ) VALUES ( 
522, '121', 'Coll. - Recherche', 'Collectivités - Recherche', 2, 'SA', 514,  TO_DATE( '01/01/2007', 'MM/DD/YYYY')
, NULL, 3, 1); 
INSERT INTO JEFY_ADMIN.LOLF_NOMENCLATURE_RECETTE ( LOLF_ID, LOLF_CODE, LOLF_ABREVIATION, LOLF_LIBELLE,
LOLF_NIVEAU, LOLF_TYPE, LOLF_PERE, LOLF_OUVERTURE, LOLF_FERMETURE, LOLF_ORDRE_AFFICHAGE,
TYET_ID ) VALUES ( 
523, '122', 'Coll. - Hors reh.', 'Collectivités - Hors recherche', 2, 'SA', 514,  TO_DATE( '01/01/2007', 'MM/DD/YYYY')
, NULL, 4, 1); 
INSERT INTO JEFY_ADMIN.LOLF_NOMENCLATURE_RECETTE ( LOLF_ID, LOLF_CODE, LOLF_ABREVIATION, LOLF_LIBELLE,
LOLF_NIVEAU, LOLF_TYPE, LOLF_PERE, LOLF_OUVERTURE, LOLF_FERMETURE, LOLF_ORDRE_AFFICHAGE,
TYET_ID ) VALUES ( 
524, '131', 'Europe - Recherche', 'Europe - Recherche', 2, 'SA', 515,  TO_DATE( '01/01/2007', 'MM/DD/YYYY')
, NULL, 5, 1); 
INSERT INTO JEFY_ADMIN.LOLF_NOMENCLATURE_RECETTE ( LOLF_ID, LOLF_CODE, LOLF_ABREVIATION, LOLF_LIBELLE,
LOLF_NIVEAU, LOLF_TYPE, LOLF_PERE, LOLF_OUVERTURE, LOLF_FERMETURE, LOLF_ORDRE_AFFICHAGE,
TYET_ID ) VALUES ( 
525, '132', 'Europe - Hors rech.', 'Europe - Hors recherche', 2, 'SA', 515,  TO_DATE( '01/01/2007', 'MM/DD/YYYY')
, NULL, 6, 1); 
INSERT INTO JEFY_ADMIN.LOLF_NOMENCLATURE_RECETTE ( LOLF_ID, LOLF_CODE, LOLF_ABREVIATION, LOLF_LIBELLE,
LOLF_NIVEAU, LOLF_TYPE, LOLF_PERE, LOLF_OUVERTURE, LOLF_FERMETURE, LOLF_ORDRE_AFFICHAGE,
TYET_ID ) VALUES ( 
526, '141', 'Ress prop - Rech', 'Ressources propres - Recherche', 2, 'SA', 516,  TO_DATE( '01/01/2007', 'MM/DD/YYYY')
, NULL, 7, 1); 
INSERT INTO JEFY_ADMIN.LOLF_NOMENCLATURE_RECETTE ( LOLF_ID, LOLF_CODE, LOLF_ABREVIATION, LOLF_LIBELLE,
LOLF_NIVEAU, LOLF_TYPE, LOLF_PERE, LOLF_OUVERTURE, LOLF_FERMETURE, LOLF_ORDRE_AFFICHAGE,
TYET_ID ) VALUES ( 
527, '142', 'Ress prop - Hors rec', 'Ressources propres - Hors recherche', 2, 'SA'
, 516,  TO_DATE( '01/01/2007', 'MM/DD/YYYY'), NULL, 8, 1); 
INSERT INTO JEFY_ADMIN.LOLF_NOMENCLATURE_RECETTE ( LOLF_ID, LOLF_CODE, LOLF_ABREVIATION, LOLF_LIBELLE,
LOLF_NIVEAU, LOLF_TYPE, LOLF_PERE, LOLF_OUVERTURE, LOLF_FERMETURE, LOLF_ORDRE_AFFICHAGE,
TYET_ID ) VALUES ( 
528, '151', 'Pres int - Recherche', 'Prestations internes - Recherche', 2, 'SA', 517
,  TO_DATE( '01/01/2007', 'MM/DD/YYYY'), NULL, 9, 1); 
INSERT INTO JEFY_ADMIN.LOLF_NOMENCLATURE_RECETTE ( LOLF_ID, LOLF_CODE, LOLF_ABREVIATION, LOLF_LIBELLE,
LOLF_NIVEAU, LOLF_TYPE, LOLF_PERE, LOLF_OUVERTURE, LOLF_FERMETURE, LOLF_ORDRE_AFFICHAGE,
TYET_ID ) VALUES ( 
529, '152', 'Pres int - Hors rech', 'Prestations internes - Hors recherche', 2, 'SA'
, 517,  TO_DATE( '01/01/2007', 'MM/DD/YYYY'), NULL, 10, 1); 
INSERT INTO JEFY_ADMIN.LOLF_NOMENCLATURE_RECETTE ( LOLF_ID, LOLF_CODE, LOLF_ABREVIATION, LOLF_LIBELLE,
LOLF_NIVEAU, LOLF_TYPE, LOLF_PERE, LOLF_OUVERTURE, LOLF_FERMETURE, LOLF_ORDRE_AFFICHAGE,
TYET_ID ) VALUES ( 
552, '16', 'Recettes non decais.', 'Recettes non decaissables', 1, 'A', 500,  TO_DATE( '01/01/2007', 'MM/DD/YYYY')
, NULL, 6, 1); 
INSERT INTO JEFY_ADMIN.LOLF_NOMENCLATURE_RECETTE ( LOLF_ID, LOLF_CODE, LOLF_ABREVIATION, LOLF_LIBELLE,
LOLF_NIVEAU, LOLF_TYPE, LOLF_PERE, LOLF_OUVERTURE, LOLF_FERMETURE, LOLF_ORDRE_AFFICHAGE,
TYET_ID ) VALUES ( 
553, 'RA', 'Rec.non.dec - Amort', 'Recettes non decaissables - Amortissements', 2
, 'SA', 552,  TO_DATE( '01/01/2007', 'MM/DD/YYYY'), NULL, 11
, 1); 
INSERT INTO JEFY_ADMIN.LOLF_NOMENCLATURE_RECETTE ( LOLF_ID, LOLF_CODE, LOLF_ABREVIATION, LOLF_LIBELLE,
LOLF_NIVEAU, LOLF_TYPE, LOLF_PERE, LOLF_OUVERTURE, LOLF_FERMETURE, LOLF_ORDRE_AFFICHAGE,
TYET_ID ) VALUES ( 
554, 'RP', 'Rec.non.dec - Prov', 'Recettes non decaissables - Provisions', 2, 'SA'
, 552,  TO_DATE( '01/01/2007', 'MM/DD/YYYY'), NULL, 12, 1); 
INSERT INTO JEFY_ADMIN.LOLF_NOMENCLATURE_RECETTE ( LOLF_ID, LOLF_CODE, LOLF_ABREVIATION, LOLF_LIBELLE,
LOLF_NIVEAU, LOLF_TYPE, LOLF_PERE, LOLF_OUVERTURE, LOLF_FERMETURE, LOLF_ORDRE_AFFICHAGE,
TYET_ID ) VALUES ( 
555, 'RV', 'Rec.non.dec - Ventil', 'Recettes non decaissables - A ventiler', 2, 'SA'
, 552,  TO_DATE( '01/01/2007', 'MM/DD/YYYY'), NULL, 13, 1); 
INSERT INTO JEFY_ADMIN.LOLF_NOMENCLATURE_RECETTE ( LOLF_ID, LOLF_CODE, LOLF_ABREVIATION, LOLF_LIBELLE,
LOLF_NIVEAU, LOLF_TYPE, LOLF_PERE, LOLF_OUVERTURE, LOLF_FERMETURE, LOLF_ORDRE_AFFICHAGE,
TYET_ID ) VALUES ( 
556, 'PI', 'Rec.non.dec - Prest', 'Recettes non decaissables - Prestations internes'
, 2, 'SA', 552,  TO_DATE( '01/01/2007', 'MM/DD/YYYY'), NULL
, 14, 1); 
INSERT INTO JEFY_ADMIN.LOLF_NOMENCLATURE_RECETTE ( LOLF_ID, LOLF_CODE, LOLF_ABREVIATION, LOLF_LIBELLE,
LOLF_NIVEAU, LOLF_TYPE, LOLF_PERE, LOLF_OUVERTURE, LOLF_FERMETURE, LOLF_ORDRE_AFFICHAGE,
TYET_ID ) VALUES ( 
557, 'SR', 'Rec.non.dec - Stock', 'Recettes non decaissables - Variation de stock'
, 2, 'SA', 552,  TO_DATE( '01/01/2007', 'MM/DD/YYYY'), NULL
, 15, 1); 
INSERT INTO JEFY_ADMIN.LOLF_NOMENCLATURE_RECETTE ( LOLF_ID, LOLF_CODE, LOLF_ABREVIATION, LOLF_LIBELLE,
LOLF_NIVEAU, LOLF_TYPE, LOLF_PERE, LOLF_OUVERTURE, LOLF_FERMETURE, LOLF_ORDRE_AFFICHAGE,
TYET_ID ) VALUES ( 
500, 'Programme', 'Programme', 'Programme', 0, 'P', 499,  TO_DATE( '01/01/2007', 'MM/DD/YYYY')
, NULL, 1, 1); 


-- TAUX_PRORATA
INSERT INTO JEFY_ADMIN.TAUX_PRORATA ( TAP_ID, TAP_TAUX, TYET_ID ) VALUES ( 
1, 0, 1); 
INSERT INTO JEFY_ADMIN.TAUX_PRORATA ( TAP_ID, TAP_TAUX, TYET_ID ) VALUES ( 
2, 100, 1); 


-- TVA
INSERT INTO JEFY_ADMIN.TVA ( TVA_ID, TVA_TAUX, TYET_ID ) VALUES ( 
0, 0, 1); 
INSERT INTO JEFY_ADMIN.TVA ( TVA_ID, TVA_TAUX, TYET_ID ) VALUES ( 
5, 5.5, 1); 
INSERT INTO JEFY_ADMIN.TVA ( TVA_ID, TVA_TAUX, TYET_ID ) VALUES ( 
19, 19.6, 1); 

--TYPAP_VERSION
INSERT INTO JEFY_ADMIN.TYPAP_VERSION ( TYAV_ID, TYAP_ID, TYAV_TYPE_VERSION, TYAV_VERSION, TYAV_DATE,
TYAV_COMMENT ) VALUES ( 
1, 1, 'BD', '1.0.0',  TO_DATE( '09/19/2006 10:16:55 AM', 'MM/DD/YYYY HH:MI:SS AM')
, 'Premiere installation'); 


-- TYPE_CREDIT
INSERT INTO JEFY_ADMIN.TYPE_CREDIT ( EXE_ORDRE, TCD_ORDRE, TCD_CODE, TCD_LIBELLE, TCD_ABREGE, TCD_SECT,TCD_PRESIDENT, TCD_TYPE, TCD_BUDGET, TYET_ID ) VALUES ( 
2006, 67, '01', 'Section 1', 'S1', '1', 10000000, 'RECETTE', 'EXECUTOIRE', 1); 
INSERT INTO JEFY_ADMIN.TYPE_CREDIT ( EXE_ORDRE, TCD_ORDRE, TCD_CODE, TCD_LIBELLE, TCD_ABREGE, TCD_SECT,TCD_PRESIDENT, TCD_TYPE, TCD_BUDGET, TYET_ID ) VALUES ( 
2006, 68, '02', 'Section 2', 'S2', '2', 10000000, 'RECETTE', 'EXECUTOIRE', 1); 
INSERT INTO JEFY_ADMIN.TYPE_CREDIT ( EXE_ORDRE, TCD_ORDRE, TCD_CODE, TCD_LIBELLE, TCD_ABREGE, TCD_SECT,TCD_PRESIDENT, TCD_TYPE, TCD_BUDGET, TYET_ID ) VALUES ( 
2006, 69, '00', 'RESERVE', 'Reserve', '1', 0, 'RECETTE', 'RESERVE', 1); 
INSERT INTO JEFY_ADMIN.TYPE_CREDIT ( EXE_ORDRE, TCD_ORDRE, TCD_CODE, TCD_LIBELLE, TCD_ABREGE, TCD_SECT,TCD_PRESIDENT, TCD_TYPE, TCD_BUDGET, TYET_ID ) VALUES ( 
2004, 45, '20', 'CREDITS D''EQUIPEMENT', 'Equipt.', '2', 0, 'DEPENSE', 'EXECUTOIRE'
, 1); 
INSERT INTO JEFY_ADMIN.TYPE_CREDIT ( EXE_ORDRE, TCD_ORDRE, TCD_CODE, TCD_LIBELLE, TCD_ABREGE, TCD_SECT,TCD_PRESIDENT, TCD_TYPE, TCD_BUDGET, TYET_ID ) VALUES ( 
2004, 46, '30', 'DEPENSES DE PERSONNEL', 'Pers.', '2', 10000000, 'DEPENSE', 'EXECUTOIRE'
, 1); 
INSERT INTO JEFY_ADMIN.TYPE_CREDIT ( EXE_ORDRE, TCD_ORDRE, TCD_CODE, TCD_LIBELLE, TCD_ABREGE, TCD_SECT,TCD_PRESIDENT, TCD_TYPE, TCD_BUDGET, TYET_ID ) VALUES ( 
2004, 47, '40', 'TAXES D''APPRENTISSAGE', 'Taxe App.', '1', 3500, 'DEPENSE', 'EXECUTOIRE'
, 1); 
INSERT INTO JEFY_ADMIN.TYPE_CREDIT ( EXE_ORDRE, TCD_ORDRE, TCD_CODE, TCD_LIBELLE, TCD_ABREGE, TCD_SECT,TCD_PRESIDENT, TCD_TYPE, TCD_BUDGET, TYET_ID ) VALUES ( 
2004, 48, '10', 'CREDITS DE FONCTIONNEMENT', 'Fonct.', '1', 3500, 'DEPENSE', 'EXECUTOIRE'
, 1); 
INSERT INTO JEFY_ADMIN.TYPE_CREDIT ( EXE_ORDRE, TCD_ORDRE, TCD_CODE, TCD_LIBELLE, TCD_ABREGE, TCD_SECT,TCD_PRESIDENT, TCD_TYPE, TCD_BUDGET, TYET_ID ) VALUES ( 
2004, 49, '50', 'Fonctionnement sur AP', 'Fct sur AP', '1', 3500, 'DEPENSE', 'EXECUTOIRE'
, 1); 
INSERT INTO JEFY_ADMIN.TYPE_CREDIT ( EXE_ORDRE, TCD_ORDRE, TCD_CODE, TCD_LIBELLE, TCD_ABREGE, TCD_SECT,TCD_PRESIDENT, TCD_TYPE, TCD_BUDGET, TYET_ID ) VALUES ( 
2004, 50, '60', 'Amortissement ', 'Amort.', '1', 3500, 'DEPENSE', 'BUDGETAIRE', 1); 
INSERT INTO JEFY_ADMIN.TYPE_CREDIT ( EXE_ORDRE, TCD_ORDRE, TCD_CODE, TCD_LIBELLE, TCD_ABREGE, TCD_SECT,TCD_PRESIDENT, TCD_TYPE, TCD_BUDGET, TYET_ID ) VALUES ( 
2005, 51, '20', 'CREDITS D''EQUIPEMENT', 'Equipt.', '2', 0, 'DEPENSE', 'EXECUTOIRE', 1); 
INSERT INTO JEFY_ADMIN.TYPE_CREDIT ( EXE_ORDRE, TCD_ORDRE, TCD_CODE, TCD_LIBELLE, TCD_ABREGE, TCD_SECT,TCD_PRESIDENT, TCD_TYPE, TCD_BUDGET, TYET_ID ) VALUES ( 
2005, 52, '30', 'DEPENSES DE PERSONNEL', 'Pers.', '2', 10000000, 'DEPENSE', 'EXECUTOIRE'
, 1); 
INSERT INTO JEFY_ADMIN.TYPE_CREDIT ( EXE_ORDRE, TCD_ORDRE, TCD_CODE, TCD_LIBELLE, TCD_ABREGE, TCD_SECT,
TCD_PRESIDENT, TCD_TYPE, TCD_BUDGET, TYET_ID ) VALUES ( 
2005, 53, '40', 'TAXES D''APPRENTISSAGE', 'Taxe App.', '1', 4000, 'DEPENSE', 'EXECUTOIRE'
, 1); 
INSERT INTO JEFY_ADMIN.TYPE_CREDIT ( EXE_ORDRE, TCD_ORDRE, TCD_CODE, TCD_LIBELLE, TCD_ABREGE, TCD_SECT,
TCD_PRESIDENT, TCD_TYPE, TCD_BUDGET, TYET_ID ) VALUES ( 
2005, 54, '10', 'CREDITS DE FONCTIONNEMENT', 'Fonct.', '1', 4000, 'DEPENSE', 'EXECUTOIRE'
, 1); 
INSERT INTO JEFY_ADMIN.TYPE_CREDIT ( EXE_ORDRE, TCD_ORDRE, TCD_CODE, TCD_LIBELLE, TCD_ABREGE, TCD_SECT,
TCD_PRESIDENT, TCD_TYPE, TCD_BUDGET, TYET_ID ) VALUES ( 
2005, 55, '50', 'Fonctionnement sur AP', 'Fct sur AP', '1', 4000, 'DEPENSE', 'EXECUTOIRE'
, 1); 
INSERT INTO JEFY_ADMIN.TYPE_CREDIT ( EXE_ORDRE, TCD_ORDRE, TCD_CODE, TCD_LIBELLE, TCD_ABREGE, TCD_SECT,
TCD_PRESIDENT, TCD_TYPE, TCD_BUDGET, TYET_ID ) VALUES ( 
2005, 56, '60', 'Amortissement ', 'Amort.', '1', 4000, 'DEPENSE', 'BUDGETAIRE', 1); 
INSERT INTO JEFY_ADMIN.TYPE_CREDIT ( EXE_ORDRE, TCD_ORDRE, TCD_CODE, TCD_LIBELLE, TCD_ABREGE, TCD_SECT,
TCD_PRESIDENT, TCD_TYPE, TCD_BUDGET, TYET_ID ) VALUES ( 
2006, 61, '20', 'CREDITS D''EQUIPEMENT', 'Equipt.', '2', 0, 'DEPENSE', 'EXECUTOIRE'
, 1); 
INSERT INTO JEFY_ADMIN.TYPE_CREDIT ( EXE_ORDRE, TCD_ORDRE, TCD_CODE, TCD_LIBELLE, TCD_ABREGE, TCD_SECT,
TCD_PRESIDENT, TCD_TYPE, TCD_BUDGET, TYET_ID ) VALUES ( 
2006, 62, '30', 'DEPENSES DE PERSONNEL', 'Pers.', '1', 10000000, 'DEPENSE', 'EXECUTOIRE'
, 1); 
INSERT INTO JEFY_ADMIN.TYPE_CREDIT ( EXE_ORDRE, TCD_ORDRE, TCD_CODE, TCD_LIBELLE, TCD_ABREGE, TCD_SECT,
TCD_PRESIDENT, TCD_TYPE, TCD_BUDGET, TYET_ID ) VALUES ( 
2006, 63, '40', 'TAXES D''APPRENTISSAGE', 'Taxe App.', '1', 4000, 'DEPENSE', 'EXECUTOIRE'
, 1); 
INSERT INTO JEFY_ADMIN.TYPE_CREDIT ( EXE_ORDRE, TCD_ORDRE, TCD_CODE, TCD_LIBELLE, TCD_ABREGE, TCD_SECT,
TCD_PRESIDENT, TCD_TYPE, TCD_BUDGET, TYET_ID ) VALUES ( 
2006, 64, '10', 'CREDITS DE FONCTIONNEMENT', 'Fonct.', '1', 4000, 'DEPENSE', 'EXECUTOIRE'
, 1); 


commit;