SET DEFINE OFF;

--
-- 
-- ____________________________________________________________________________________________
--  /!\ ATTENTION /!\  fichier encodé en UTF-8   (  il peut  contenir des é è ç à î ê ô ... )
-- ____________________________________________________________________________________________
--
--

--
-- 
-- Fichier: n°3
-- Type: DML
-- Schéma:  RECHERCHE
-- Numéro de version :  1.0.0.0
-- Date de publication :  20/10/2010
-- Auteurs : Julien Lafourcade, Bruno Garnier
-- Licence : CeCILL version 2
--
--


/*
 Création du schéma RECHERCHE dédié la gestion de la Recherche 
 l'application Sangria l'utilisera
*/


whenever sqlerror exit sql.sqlcode ;


create or replace procedure grhum.init_nomenclature
as
le_pers_id_createur integer;
begin

-- Recup du pers_id de GRHUM_CREATEUR
SELECT PERS_ID INTO le_pers_id_createur FROM COMPTE WHERE CPT_LOGIN =
  (SELECT PARAM_VALUE FROM GRHUM.GRHUM_PARAMETRES WHERE PARAM_ORDRE =
    (SELECT MIN(PARAM_ORDRE) FROM GRHUM.GRHUM_PARAMETRES WHERE PARAM_KEY='GRHUM_CREATEUR'));


-- LES NOUVELLES CLASSIFICATIONS DE CONTRATS UTILISEES PAR SANGRIA
Insert into ACCORDS.TYPE_CLASSIFICATION_CONTRAT (TCC_CODE,TCC_ID,TCC_LIBELLE) values ('AAP',(SELECT MAX(TCC_ID)+1 FROM ACCORDS.TYPE_CLASSIFICATION_CONTRAT),'Appel à projet');
INSERT INTO ACCORDS.TYPE_CLASSIFICATION_CONTRAT (TCC_CODE, TCC_ID, TCC_LIBELLE) VALUES ('PROJ_SCIEN', (SELECT MAX(TCC_ID)+1 FROM ACCORDS.TYPE_CLASSIFICATION_CONTRAT), 'Contrat de projet de recherche');

-- TYPE DANS ACCORDS.PROJET POUR PROJET RECHERCHE
INSERT INTO ACCORDS.TYPE_PROJET (TPJT_ID, TPJT_CODE) VALUES ('2', 'RECHERCHE');

Insert into ACCORDS.TYPE_CONTRAT (TYCON_ID,TYCON_ID_PERE,TYCON_LIBELLE,TYCON_NATURE,TYCON_RECHERCHE,TYCON_NIVEAU,TYCON_ID_INTERNE) values ((SELECT MAX(TYCON_ID)+1 FROM ACCORDS.TYPE_CONTRAT),10,'Accords-cadre de recherche','TYPE','O',2,'CONT_CADRE_RECH');
Insert into ACCORDS.TYPE_CONTRAT (TYCON_ID,TYCON_ID_PERE,TYCON_LIBELLE,TYCON_NATURE,TYCON_RECHERCHE,TYCON_NIVEAU,TYCON_ID_INTERNE) values ((SELECT MAX(TYCON_ID)+1 FROM ACCORDS.TYPE_CONTRAT),10,'Conventions des cellules d''application','TYPE','O',2,'CONT_CELL_APP');
Insert into ACCORDS.TYPE_CONTRAT (TYCON_ID,TYCON_ID_PERE,TYCON_LIBELLE,TYCON_NATURE,TYCON_RECHERCHE,TYCON_NIVEAU,TYCON_ID_INTERNE) values ((SELECT MAX(TYCON_ID)+1 FROM ACCORDS.TYPE_CONTRAT),6,'Accords de consortium','TYPE','O',2,'CONT_ACCO_CONSORT');
Insert into ACCORDS.TYPE_CONTRAT (TYCON_ID,TYCON_ID_PERE,TYCON_LIBELLE,TYCON_NATURE,TYCON_RECHERCHE,TYCON_NIVEAU,TYCON_ID_INTERNE) values ((SELECT MAX(TYCON_ID)+1 FROM ACCORDS.TYPE_CONTRAT),6,'Contrats de recherche','TYPE','O',2,'CONT_RECH');
Insert into ACCORDS.TYPE_CONTRAT (TYCON_ID,TYCON_ID_PERE,TYCON_LIBELLE,TYCON_NATURE,TYCON_RECHERCHE,TYCON_NIVEAU,TYCON_ID_INTERNE) values ((SELECT MAX(TYCON_ID)+1 FROM ACCORDS.TYPE_CONTRAT),10,'Contrats d''étude','TYPE','O',2,'CONT_ETUDE');
Insert into ACCORDS.TYPE_CONTRAT (TYCON_ID,TYCON_ID_PERE,TYCON_LIBELLE,TYCON_NATURE,TYCON_RECHERCHE,TYCON_NIVEAU,TYCON_ID_INTERNE) values ((SELECT MAX(TYCON_ID)+1 FROM ACCORDS.TYPE_CONTRAT),10,'MTA','TYPE','O',2,'CONT_MTA');
Insert into ACCORDS.TYPE_CONTRAT (TYCON_ID,TYCON_ID_PERE,TYCON_LIBELLE,TYCON_NATURE,TYCON_RECHERCHE,TYCON_NIVEAU,TYCON_ID_INTERNE) values ((SELECT MAX(TYCON_ID)+1 FROM ACCORDS.TYPE_CONTRAT),35,'Contrats européens','TYPE','O',2,'CONT_EUROPEEN');
Insert into ACCORDS.TYPE_CONTRAT (TYCON_ID,TYCON_ID_PERE,TYCON_LIBELLE,TYCON_NATURE,TYCON_RECHERCHE,TYCON_NIVEAU,TYCON_ID_INTERNE) values ((SELECT MAX(TYCON_ID)+1 FROM ACCORDS.TYPE_CONTRAT),10,'Conventions de reversement/financement','TYPE','O',2,'CONT_REVERS_FIN');
Insert into ACCORDS.TYPE_CONTRAT (TYCON_ID,TYCON_ID_PERE,TYCON_LIBELLE,TYCON_NATURE,TYCON_RECHERCHE,TYCON_NIVEAU,TYCON_ID_INTERNE) values ((SELECT MAX(TYCON_ID)+1 FROM ACCORDS.TYPE_CONTRAT),10,'Conventions d''accueil doctorants – chercheurs','TYPE','O',2,'CONT_ACCUEIL_DOCT');
Insert into ACCORDS.TYPE_CONTRAT (TYCON_ID,TYCON_ID_PERE,TYCON_LIBELLE,TYCON_NATURE,TYCON_RECHERCHE,TYCON_NIVEAU,TYCON_ID_INTERNE) values ((SELECT MAX(TYCON_ID)+1 FROM ACCORDS.TYPE_CONTRAT),10,'Conventions d''accueil étudiants / stagiaires','TYPE','O',2,'CONT_ACCUEIL_ETUD');
Insert into ACCORDS.TYPE_CONTRAT (TYCON_ID,TYCON_ID_PERE,TYCON_LIBELLE,TYCON_NATURE,TYCON_RECHERCHE,TYCON_NIVEAU,TYCON_ID_INTERNE) values ((SELECT MAX(TYCON_ID)+1 FROM ACCORDS.TYPE_CONTRAT),8,'Cession de droits d''auteur','TYPE','O',2,'CONT_CESS_DROIT_AUT');
Insert into ACCORDS.TYPE_CONTRAT (TYCON_ID,TYCON_ID_PERE,TYCON_LIBELLE,TYCON_NATURE,TYCON_RECHERCHE,TYCON_NIVEAU,TYCON_ID_INTERNE) values ((SELECT MAX(TYCON_ID)+1 FROM ACCORDS.TYPE_CONTRAT),10,'Conventions de co-développement','TYPE','O',2,'CONT_CONV_CODEV');
Insert into ACCORDS.TYPE_CONTRAT (TYCON_ID,TYCON_ID_PERE,TYCON_LIBELLE,TYCON_NATURE,TYCON_RECHERCHE,TYCON_NIVEAU,TYCON_ID_INTERNE) values ((SELECT MAX(TYCON_ID)+1 FROM ACCORDS.TYPE_CONTRAT),8,'Licences d''exploitation','TYPE','O',2,'CONT_LIC_EXP');
Insert into ACCORDS.TYPE_CONTRAT (TYCON_ID,TYCON_ID_PERE,TYCON_LIBELLE,TYCON_NATURE,TYCON_RECHERCHE,TYCON_NIVEAU,TYCON_ID_INTERNE) values ((SELECT MAX(TYCON_ID)+1 FROM ACCORDS.TYPE_CONTRAT),8,'Licence de droit d''usage','TYPE','O',2,'CONT_LIC_DROIT_USA');
Insert into ACCORDS.TYPE_CONTRAT (TYCON_ID,TYCON_ID_PERE,TYCON_LIBELLE,TYCON_NATURE,TYCON_RECHERCHE,TYCON_NIVEAU,TYCON_ID_INTERNE) values ((SELECT MAX(TYCON_ID)+1 FROM ACCORDS.TYPE_CONTRAT),10,'Contrats d''édition','TYPE','O',2,'CONT_EDITION');
Insert into ACCORDS.TYPE_CONTRAT (TYCON_ID,TYCON_ID_PERE,TYCON_LIBELLE,TYCON_NATURE,TYCON_RECHERCHE,TYCON_NIVEAU,TYCON_ID_INTERNE) values ((SELECT MAX(TYCON_ID)+1 FROM ACCORDS.TYPE_CONTRAT),10,'Lettres d''intention dans le cadre de projets','TYPE','O',2,'CONT_LETTRE_INT');
Insert into ACCORDS.TYPE_CONTRAT (TYCON_ID,TYCON_ID_PERE,TYCON_LIBELLE,TYCON_NATURE,TYCON_RECHERCHE,TYCON_NIVEAU,TYCON_ID_INTERNE) values ((SELECT MAX(TYCON_ID)+1 FROM ACCORDS.TYPE_CONTRAT),10,'Bons de commande','TYPE','O',2,'CONT_BON_COM');
Insert into ACCORDS.TYPE_CONTRAT (TYCON_ID,TYCON_ID_PERE,TYCON_LIBELLE,TYCON_NATURE,TYCON_RECHERCHE,TYCON_NIVEAU,TYCON_ID_INTERNE) values ((SELECT MAX(TYCON_ID)+1 FROM ACCORDS.TYPE_CONTRAT),10,'Contrat type projet','TYPE','O',2,'CONT_PROJ');
  
INSERT INTO RECHERCHE.GRD_SECT_DISCIPLINAIRE(GSD_ID, GSD_LIBELLE) VALUES(1,'SCIENCES ET TECHNIQUES');
INSERT INTO RECHERCHE.GRD_SECT_DISCIPLINAIRE(GSD_ID, GSD_LIBELLE) VALUES(2,'DROIT ECO GESTION');
INSERT INTO RECHERCHE.GRD_SECT_DISCIPLINAIRE(GSD_ID, GSD_LIBELLE) VALUES(3,'LLSH');

INSERT INTO RECHERCHE.REPART_GRD_SECT_DS(GSDS_ID, GSD_ID, DS_ID) VALUES(1,1,1);
INSERT INTO RECHERCHE.REPART_GRD_SECT_DS(GSDS_ID, GSD_ID, DS_ID) VALUES(2,1,2);
INSERT INTO RECHERCHE.REPART_GRD_SECT_DS(GSDS_ID, GSD_ID, DS_ID) VALUES(3,1,3);
INSERT INTO RECHERCHE.REPART_GRD_SECT_DS(GSDS_ID, GSD_ID, DS_ID) VALUES(4,1,4);
INSERT INTO RECHERCHE.REPART_GRD_SECT_DS(GSDS_ID, GSD_ID, DS_ID) VALUES(5,1,5);
INSERT INTO RECHERCHE.REPART_GRD_SECT_DS(GSDS_ID, GSD_ID, DS_ID) VALUES(6,1,8);
INSERT INTO RECHERCHE.REPART_GRD_SECT_DS(GSDS_ID, GSD_ID, DS_ID) VALUES(7,1,9);
INSERT INTO RECHERCHE.REPART_GRD_SECT_DS(GSDS_ID, GSD_ID, DS_ID) VALUES(8,1,10);
INSERT INTO RECHERCHE.REPART_GRD_SECT_DS(GSDS_ID, GSD_ID, DS_ID) VALUES(9,2,7);
INSERT INTO RECHERCHE.REPART_GRD_SECT_DS(GSDS_ID, GSD_ID, DS_ID) VALUES(10,3,6);

INSERT INTO RECHERCHE.TYPE_DOTATIONS (ID,CODE,LIBELLE) VALUES (1,'DOTATION_SCIENT','Dotation Scientifique');
INSERT INTO RECHERCHE.TYPE_DOTATIONS (ID,CODE,LIBELLE) VALUES (2,'CREDITS_INFRA','Crédit Infrastructures');
INSERT INTO RECHERCHE.TYPE_DOTATIONS (ID,CODE,LIBELLE) VALUES (3,'DOTATION_ETAB_RAT','Dotation établissement de rattachement');



commit;

end;

/

execute grhum.init_nomenclature();

/

drop procedure grhum.init_nomenclature;


/ 



COMMIT;

