--------------------------------------------------------
-- Remplissage des tables du User Scolarite pour simuler 
-- la procédure d'import complète
-- les tables de nomenclatures ne sont pas vidées:
-- SCOL_FORMATION_DISCIPLINE, 
-- SCOL_FORMATION_DOMAINE,
-- SCOL_FORMATION_DEPARTEMENT
-- SCOL_FORMATION_GRADE
-- SCOL_FORMATION_FILIERE
-- SCOL_FORMATION_SPECIALISATION
-- SCOL_FORMATION_VOCATION
-- SCOL_MAQUETTE_HORAIRE_MODE
-- SCOL_MAQUETTE_HORAIRE_CODE
--------------------------------------------------------
--Ajout d'une structure dans grhum.structure_ULR
--DELETE FROM GRHUM.STRUCTURE_ULR WHERE PERS_ID=2000;
--INSERT INTO GRHUM.PERSONNE(PERS_ID,PERS_TYPE,PERS_ORDRE,PERS_LIBELLE) VALUES(2000,'STR',2000,'UFR SCIENCES');
--INSERT INTO GRHUM.STRUCTURE_ULR( C_STRUCTURE,PERS_ID,LL_STRUCTURE,LC_STRUCTURE,C_TYPE_STRUCTURE)
--VALUES (2000,2000, 'UFR SCIENCES', 'UFR SCIENCES','C');


WHENEVER SQLERROR EXIT SQL.SQLCODE;

-- DELETE EXISTING DATA
ALTER TABLE SCOLARITE.SCOL_CONSTANTE_BUDGET DISABLE CONSTRAINT CBUD_REF_STRC;
ALTER TABLE SCOLARITE.SCOL_MAQUETTE_EC DISABLE CONSTRAINT MEC_REF_CDBUD;
ALTER TABLE SCOLARITE.SCOL_FORMATION_SPECIALISATION DISABLE CONSTRAINT FSPN_REF_FDIP;
ALTER TABLE SCOLARITE.SCOL_MAQUETTE_PARCOURS DISABLE CONSTRAINT MPAR_REF_FSPN;
ALTER TABLE SCOLARITE.SCOL_MAQUETTE_REPARTITION_AP DISABLE CONSTRAINT MRAP_REF_MAP;
ALTER TABLE SCOLARITE.SCOL_MAQUETTE_REPARTITION_AP DISABLE CONSTRAINT MRAP_REF_MEC;
ALTER TABLE  SCOLARITE.SCOL_MAQUETTE_REPARTITION_EC DISABLE CONSTRAINT MREC_REF_MEC;
ALTER TABLE  SCOLARITE.SCOL_MAQUETTE_REPARTITION_EC DISABLE CONSTRAINT MREC_REF_MUE;
ALTER TABLE  SCOLARITE.SCOL_MAQUETTE_REPARTITION_UE DISABLE CONSTRAINT MRUE_REF_MSEM;
ALTER TABLE  SCOLARITE.SCOL_MAQUETTE_REPARTITION_UE DISABLE CONSTRAINT MRUE_REF_MUE;
ALTER TABLE  SCOLARITE.SCOL_MAQUETTE_REPARTITION_SEM DISABLE CONSTRAINT MRSEM_REF_MPAR;
ALTER TABLE  SCOLARITE.SCOL_MAQUETTE_REPARTITION_SEM DISABLE CONSTRAINT MRSEM_REF_MSEM;

ALTER TABLE SCOLARITE.SCOL_FORMATION_HABILITATION DISABLE CONSTRAINT FHAB_REF_FSPN;

DELETE FROM SCOLARITE.SCOL_CONSTANTE_BUDGET;

DELETE FROM SCOLARITE.SCOL_MAQUETTE_AP;
DELETE FROM SCOLARITE.SCOL_MAQUETTE_EC;
DELETE FROM SCOLARITE.SCOL_MAQUETTE_UE;
DELETE FROM SCOLARITE.SCOL_MAQUETTE_SEMESTRE;

DELETE FROM SCOLARITE.SCOL_FORMATION_DIPLOME_SISE;
DELETE FROM SCOLARITE.SCOL_FORMATION_DIPLOME;
DELETE FROM SCOLARITE.SCOL_FORMATION_SPECIALISATION;
DELETE FROM SCOLARITE.SCOL_MAQUETTE_PARCOURS;
DELETE FROM SCOLARITE.SCOL_FORMATION_HABILITATION;

DELETE FROM SCOLARITE.SCOL_MAQUETTE_REPARTITION_AP;
DELETE FROM SCOLARITE.SCOL_MAQUETTE_REPARTITION_EC;
DELETE FROM SCOLARITE.SCOL_MAQUETTE_REPARTITION_UE;
DELETE FROM SCOLARITE.SCOL_MAQUETTE_REPARTITION_SEM;

DELETE FROM SCOLARITE.SCOL_FORMATION_FILIERE where FFIL_CODE= 'L';


ALTER TABLE SCOLARITE.SCOL_FORMATION_SPECIALISATION ENABLE CONSTRAINT FSPN_REF_FDIP;
ALTER TABLE SCOLARITE.SCOL_MAQUETTE_PARCOURS ENABLE CONSTRAINT MPAR_REF_FSPN;
ALTER TABLE SCOLARITE.SCOL_CONSTANTE_BUDGET ENABLE CONSTRAINT CBUD_REF_STRC;
ALTER TABLE SCOLARITE.SCOL_MAQUETTE_EC ENABLE CONSTRAINT MEC_REF_CDBUD;
ALTER TABLE SCOLARITE.SCOL_MAQUETTE_REPARTITION_AP ENABLE CONSTRAINT MRAP_REF_MAP;
ALTER TABLE SCOLARITE.SCOL_MAQUETTE_REPARTITION_AP ENABLE CONSTRAINT MRAP_REF_MEC;
ALTER TABLE  SCOLARITE.SCOL_MAQUETTE_REPARTITION_EC ENABLE CONSTRAINT MREC_REF_MEC;
ALTER TABLE  SCOLARITE.SCOL_MAQUETTE_REPARTITION_EC ENABLE CONSTRAINT MREC_REF_MUE;
ALTER TABLE  SCOLARITE.SCOL_MAQUETTE_REPARTITION_UE ENABLE CONSTRAINT MRUE_REF_MSEM;
ALTER TABLE  SCOLARITE.SCOL_MAQUETTE_REPARTITION_UE ENABLE CONSTRAINT MRUE_REF_MUE;
ALTER TABLE  SCOLARITE.SCOL_MAQUETTE_REPARTITION_SEM ENABLE CONSTRAINT MRSEM_REF_MPAR;
ALTER TABLE  SCOLARITE.SCOL_MAQUETTE_REPARTITION_SEM ENABLE CONSTRAINT MRSEM_REF_MSEM;
ALTER TABLE SCOLARITE.SCOL_FORMATION_HABILITATION ENABLE CONSTRAINT FHAB_REF_FSPN;

INSERT INTO SCOLARITE.SCOL_FORMATION_FILIERE(FFIL_CODE, FFIL_LIBELLE, FFIL_ABREVIATION, FFIL_VALIDITE)
VALUES('L', 'LICENCE', 'Licence', 'O');

-- Ajout d 'une structure dans SCOL_CONSTANT_BUDGET
INSERT INTO SCOLARITE.SCOL_CONSTANTE_BUDGET(CBUD_KEY,C_STRUCTURE,LL_STRUCTURE,FDOM_CODE,FANN_KEY)
VALUES(1,2000,'UFR_SCIENCES','STS',2013);

-- Remplissage des APs
INSERT INTO SCOLARITE.SCOL_MAQUETTE_AP (MAP_KEY,MAP_LIBELLE,MHCO_CODE,MHMO_CODE,MAP_VALEUR,MAP_SEUIL,MAP_GROUPE_PREVU,MAP_GROUPE_REEL,FANN_KEY)
VALUES(1,'Informatique 001', 'CM','EPRES', 25, 30, 2, 0, 2013);

INSERT INTO SCOLARITE.SCOL_MAQUETTE_AP (MAP_KEY,MAP_LIBELLE,MHCO_CODE,MHMO_CODE,MAP_VALEUR,MAP_SEUIL,MAP_GROUPE_PREVU,MAP_GROUPE_REEL,FANN_KEY)
VALUES(2,'Informatique 002', 'CM','EPRES', 10, 12, 4, 0, 2013);

--Remplissage des ECs
INSERT INTO SCOLARITE.SCOL_MAQUETTE_EC(MEC_KEY,CBUD_KEY,FDSC_KEY,MEC_CODE,MEC_LIBELLE,MEC_LIBELLE_COURT,MEC_HORAIRE_ETU,MEC_POINTS,MEC_SESSION1,MEC_SESSION2,MEC_BASE,FANN_KEY)
VALUES(1,1,48,'ECINFO1','INFORMATIQUE CYCLE 1','INFORMATIQUE CYCLE 1',60,6,'2x+4',null,20,2013);

INSERT INTO SCOLARITE.SCOL_MAQUETTE_EC(MEC_KEY,CBUD_KEY,FDSC_KEY,MEC_CODE,MEC_LIBELLE,MEC_LIBELLE_COURT,MEC_HORAIRE_ETU,MEC_POINTS,MEC_SESSION1,MEC_SESSION2,MEC_BASE,FANN_KEY)
VALUES(2,1,48,'ECINFO2','INFORMATIQUE CYCLE 2','INFORMATIQUE CYCLE 2',55,9,'2x+2','x+y',40,2013);

INSERT INTO SCOLARITE.SCOL_MAQUETTE_EC(MEC_KEY,CBUD_KEY,FDSC_KEY,MEC_CODE,MEC_LIBELLE,MEC_LIBELLE_COURT,MEC_HORAIRE_ETU,MEC_POINTS,MEC_SESSION1,MEC_SESSION2,MEC_BASE,FANN_KEY)
VALUES(3,1,48,'ECINFO3','INFORMATIQUE CYCLE 3','INFORMATIQUE CYCLE 3',10,1,null,null,5,2013);

--ajout d'un EC qui ne pas partie du la de l'annee
INSERT INTO SCOLARITE.SCOL_MAQUETTE_EC(MEC_KEY,CBUD_KEY,FDSC_KEY,MEC_CODE,MEC_LIBELLE,MEC_LIBELLE_COURT,MEC_HORAIRE_ETU,MEC_POINTS,MEC_SESSION1,MEC_SESSION2,MEC_BASE,FANN_KEY)
VALUES(4,1,48,'ECObsolete','INFORMATIQUE CYCLE 3','INFORMATIQUE CYCLE 3',10,1,null,null,5,2012);


--Remplissage des UEs
INSERT INTO SCOLARITE.SCOL_MAQUETTE_UE(MUE_KEY, FDOM_CODE, MUE_CODE, MUE_LIBELLE, MUE_HORAIRE_ETU, MUE_POINTS, FANN_KEY)
VALUES(1,'STS', 'UE1', 'UE INFORMATIQUE CYCLE 1', 15, 20, 2013);

INSERT INTO SCOLARITE.SCOL_MAQUETTE_UE(MUE_KEY, FDOM_CODE, MUE_CODE, MUE_LIBELLE, MUE_HORAIRE_ETU, MUE_POINTS, FANN_KEY)
VALUES(2,'STS', 'UE2', 'UE INFORMATIQUE CYCLE 2', 15, 20, 2013);


INSERT INTO SCOLARITE.SCOL_MAQUETTE_UE(MUE_KEY, FDOM_CODE, MUE_CODE, MUE_LIBELLE, MUE_HORAIRE_ETU, MUE_POINTS, FANN_KEY)
VALUES(3,'STS', 'UE3', 'UE INFORMATIQUE CYCLE 3', 15, 20, 2013);

INSERT INTO SCOLARITE.SCOL_MAQUETTE_UE(MUE_KEY, FDOM_CODE, MUE_CODE, MUE_LIBELLE, MUE_HORAIRE_ETU, MUE_POINTS, FANN_KEY)
VALUES(4,'STS', 'UE4', 'UE INFORMATIQUE CYCLE 4', 15, 20, 2013);

INSERT INTO SCOLARITE.SCOL_MAQUETTE_UE(MUE_KEY, FDOM_CODE, MUE_CODE, MUE_LIBELLE, MUE_HORAIRE_ETU, MUE_POINTS, FANN_KEY)
VALUES(5,'STS', 'UE5', 'UE INFORMATIQUE CYCLE 5', 15, 20, 2013);

--Remplissage des semestre
INSERT INTO  SCOLARITE.SCOL_MAQUETTE_SEMESTRE(MSEM_KEY,MSEM_ORDRE, MSEM_HORAIRE_ETU, MSEM_BONIFIABLE, MSEM_POINTS_CONTRAINTE, MSEM_POINTS, MSEM_NOTE_BASE, MSEM_NOTE_OBTENTION, MSEM_NOTE_ELIMINATION, 
  MSEM_DATE_DEBUT, MSEM_DATE_FIN, MSEM_SEMAINE_SESSION1, MSEM_SEMAINE_SESSION2, FANN_KEY)
VALUES(1,1, 20,1, 0, 5, 100, 50, 20, NULL,NULL, 1,3, 2013);

INSERT INTO  SCOLARITE.SCOL_MAQUETTE_SEMESTRE(MSEM_KEY,MSEM_ORDRE, MSEM_HORAIRE_ETU, MSEM_BONIFIABLE, MSEM_POINTS_CONTRAINTE, MSEM_POINTS, MSEM_NOTE_BASE, MSEM_NOTE_OBTENTION, MSEM_NOTE_ELIMINATION, 
  MSEM_DATE_DEBUT, MSEM_DATE_FIN, MSEM_SEMAINE_SESSION1, MSEM_SEMAINE_SESSION2, FANN_KEY)
VALUES(2,2, 70, 0, 1, 5, 20, 10, 1, NULL,NULL, NULL,NULL, 2013);


--Remplissage des diplomes
--premier diplome
INSERT INTO SCOLARITE.SCOL_FORMATION_DIPLOME(FDIP_CODE, FGRA_CODE, FDOM_CODE, FVOC_CODE, FDIP_MENTION, FDIP_SPECIALITE, FDIP_LIBELLE, FDIP_ABREVIATION, FDIP_DEPART, FDIP_ARRIVEE, 
ETAB_CODE, COMP_CODE, FDIP_CYCLE, FDIP_MODELE, FDIP_TYPE_DROIT, SREMO_CODE, FDIP_TYPE, FDIP_SEMESTRIALISATION, FDIP_DELIBERATION, FDIP_MONO_SEMESTRE, FDIP_MONO_POSITION)
VALUES('LICINF1', 'L', 'STS', 'VG','MENTION', NULL, 'LICENCE INFO1', 'LICINF1',1,3, '0511815W', 2000, 0, 'L', 'G', NULL, 'H','O','O','N',NULL);
INSERT INTO SCOLARITE.SCOL_FORMATION_DIPLOME_SISE(FDIP_CODE, FDIP_CODE_SISE) VALUES('LICINF1','1245');

INSERT INTO SCOLARITE.SCOL_FORMATION_SPECIALISATION(FSPN_KEY, FDIP_CODE, FSPN_LIBELLE, FSPN_ABREVIATION)
VALUES(1,'LICINF1','INFORMATIQUE GESTION','INFOGEST');

INSERT INTO SCOLARITE.SCOL_FORMATION_HABILITATION(FHAB_KEY, FSPN_KEY, FHAB_NIVEAU, FHAB_OUVERT, FANN_KEY)
VALUES(1, 1, 1, 'O', 2013);


--second diplome
INSERT INTO SCOLARITE.SCOL_FORMATION_DIPLOME(FDIP_CODE, FGRA_CODE, FDOM_CODE, FVOC_CODE, FDIP_MENTION, FDIP_SPECIALITE, FDIP_LIBELLE, FDIP_ABREVIATION, FDIP_DEPART, FDIP_ARRIVEE, 
ETAB_CODE, COMP_CODE, FDIP_CYCLE, FDIP_MODELE, FDIP_TYPE_DROIT, SREMO_CODE, FDIP_TYPE, FDIP_SEMESTRIALISATION, FDIP_DELIBERATION, FDIP_MONO_SEMESTRE, FDIP_MONO_POSITION)
VALUES('LICINF2', 'L', 'STS', 'VG','MENTION', NULL, 'LICENCE INFO2', 'LICINF2',1,3, '0511815W', 2000, 0, 'L', 'G', NULL, 'H','O','O','N',NULL);
INSERT INTO SCOLARITE.SCOL_FORMATION_DIPLOME_SISE(FDIP_CODE, FDIP_CODE_SISE) VALUES('LICINF2','12456');


INSERT INTO SCOLARITE.SCOL_FORMATION_SPECIALISATION(FSPN_KEY, FDIP_CODE, FSPN_LIBELLE, FSPN_ABREVIATION)
VALUES(2,'LICINF2','INFORMATIQUE GESTION','INFOGEST');

INSERT INTO SCOLARITE.SCOL_FORMATION_HABILITATION(FHAB_KEY, FSPN_KEY, FHAB_NIVEAU, FHAB_OUVERT, FANN_KEY)
VALUES(2, 2, 1, 'O', 2013);

--troisième diplome 2012
INSERT INTO SCOLARITE.SCOL_FORMATION_DIPLOME(FDIP_CODE, FGRA_CODE, FDOM_CODE, FVOC_CODE, FDIP_MENTION, FDIP_SPECIALITE, FDIP_LIBELLE, FDIP_ABREVIATION, FDIP_DEPART, FDIP_ARRIVEE, 
ETAB_CODE, COMP_CODE, FDIP_CYCLE, FDIP_MODELE, FDIP_TYPE_DROIT, SREMO_CODE, FDIP_TYPE, FDIP_SEMESTRIALISATION, FDIP_DELIBERATION, FDIP_MONO_SEMESTRE, FDIP_MONO_POSITION)
VALUES('LICINF3', 'L', 'STS', 'VG','MENTION', NULL, 'LICENCE INFO3', 'LICINF3',1,3, '0511815W', 2000, 0, 'L', 'G', NULL, 'H','O','O','N',NULL);

INSERT INTO SCOLARITE.SCOL_FORMATION_DIPLOME_SISE(FDIP_CODE, FDIP_CODE_SISE) VALUES('LICINF3','12457');

INSERT INTO SCOLARITE.SCOL_FORMATION_SPECIALISATION(FSPN_KEY, FDIP_CODE, FSPN_LIBELLE, FSPN_ABREVIATION)
VALUES(3,'LICINF3','INFORMATIQUE GESTION','INFOGEST');

INSERT INTO SCOLARITE.SCOL_FORMATION_HABILITATION(FHAB_KEY, FSPN_KEY, FHAB_NIVEAU, FHAB_OUVERT, FANN_KEY)
VALUES(3, 3, 1, 'O', 2012);


INSERT INTO SCOLARITE.SCOL_MAQUETTE_PARCOURS(MPAR_KEY, FSPN_KEY, MPAR_CODE, MPAR_LIBELLE, MPAR_ABREVIATION, FVOC_CODE, MPAR_VALIDITE)
VALUES(1,1,'PARCOURS 1','INFORMATIQUE TRONC COMMUN', 'ITC','VG','O');

INSERT INTO SCOLARITE.SCOL_MAQUETTE_PARCOURS(MPAR_KEY, FSPN_KEY, MPAR_CODE, MPAR_LIBELLE, MPAR_ABREVIATION, FVOC_CODE, MPAR_VALIDITE)
VALUES(2,1,'PARCOURS 2','INFORMATIQUE PARCOURS 2', 'IP2','VG','O');


--Remplissage des liens EC-AP
INSERT INTO SCOLARITE.SCOL_MAQUETTE_REPARTITION_AP(MRAP_KEY,MEC_KEY,MAP_KEY,MRAP_SEMESTRE,MRAP_MAJEUR,FANN_KEY) VALUES(1,1,1,NULL,NULL,2013);
INSERT INTO SCOLARITE.SCOL_MAQUETTE_REPARTITION_AP(MRAP_KEY,MEC_KEY,MAP_KEY,MRAP_SEMESTRE,MRAP_MAJEUR,FANN_KEY) VALUES(2,1,2,NULL,NULL,2013);

--Remplissage des liens UE-EC
INSERT INTO SCOLARITE.SCOL_MAQUETTE_REPARTITION_EC(MREC_KEY,MUE_KEY, MEC_KEY,MREC_ORDRE, MTEC_CODE, MREC_NIVEAU, MREC_COMPTABILISABLE, MREC_BONIFIABLE, MREC_COEFFICIENT, MREC_NOTE_BASE, MREC_NOTE_OBTENTION, MREC_NOTE_ELIMINATION, FANN_KEY)
VALUES(1,1,2,1,'O', NULL,1,0,1,20,10,NULL,2013);

--Remplissage des liens Semestre-UE
INSERT INTO SCOLARITE.SCOL_MAQUETTE_REPARTITION_UE(MRUE_KEY,MSEM_KEY,MUE_KEY, FANN_KEY) VALUES(1,1,1, 2013);
INSERT INTO SCOLARITE.SCOL_MAQUETTE_REPARTITION_UE(MRUE_KEY,MSEM_KEY,MUE_KEY, FANN_KEY) VALUES(2,1,2, 2013);

INSERT INTO SCOLARITE.SCOL_MAQUETTE_REPARTITION_UE(MRUE_KEY,MSEM_KEY,MUE_KEY, FANN_KEY) VALUES(3,2,3, 2013);
INSERT INTO SCOLARITE.SCOL_MAQUETTE_REPARTITION_UE(MRUE_KEY,MSEM_KEY,MUE_KEY, FANN_KEY) VALUES(4,2,4, 2013);
INSERT INTO SCOLARITE.SCOL_MAQUETTE_REPARTITION_UE(MRUE_KEY,MSEM_KEY,MUE_KEY, FANN_KEY) VALUES(5,2,5, 2013);

--Remplissage des liens Parcours-Semestre
INSERT INTO SCOLARITE.SCOL_MAQUETTE_REPARTITION_SEM(MRSEM_KEY,MPAR_KEY,MSEM_KEY,MRSEM_ETAT_CALCUL, MRSEM_MOYENNE1, MRSEM_MOYENNE2, FANN_KEY) VALUES(1,1,1, 0, NULL, NULL, 2013);
INSERT INTO SCOLARITE.SCOL_MAQUETTE_REPARTITION_SEM(MRSEM_KEY,MPAR_KEY,MSEM_KEY,MRSEM_ETAT_CALCUL, MRSEM_MOYENNE1, MRSEM_MOYENNE2, FANN_KEY) VALUES(2,2,2, 0, NULL, NULL, 2013);

COMMIT;
