--
-- Patch DML de GRHUM du 19/12/2013 à exécuter depuis le user GRHUM
--
-- Rem : fichier encodé UTF-8

SET DEFINE OFF;

--
--
-- Fichier : 2/2
-- Type : DML
-- Schema : GRHUM
-- Numero de version : 1.8.8.0
-- Date de publication : 19/12/2013
-- Auteur(s) : Chama LAATIK

--
--
--

WHENEVER SQLERROR EXIT SQL.SQLCODE;



----------------V20131212.181718__DML_Maj_grille_indice_assistant_service_social.sql----------------
-- MISE A JOUR DE LA GRILLE INDICIAIRE DES ASSITANTS DE SERVICE LOCAL DES ADMINISTRATIONS DE L ETAT

UPDATE GRHUM.PASSAGE_ECHELON SET C_INDICE_BRUT = '350' where c_grade = '9904' and c_echelon = '01';
UPDATE GRHUM.PASSAGE_ECHELON SET C_INDICE_BRUT = '357' where c_grade = '9904' and c_echelon = '02';
UPDATE GRHUM.PASSAGE_ECHELON SET C_INDICE_BRUT = '370' where c_grade = '9904' and c_echelon = '03';
UPDATE GRHUM.PASSAGE_ECHELON SET C_INDICE_BRUT = '384' where c_grade = '9904' and c_echelon = '04';
UPDATE GRHUM.PASSAGE_ECHELON SET C_INDICE_BRUT = '406' where c_grade = '9904' and c_echelon = '05';
UPDATE GRHUM.PASSAGE_ECHELON SET C_INDICE_BRUT = '430' where c_grade = '9904' and c_echelon = '06';
UPDATE GRHUM.PASSAGE_ECHELON SET C_INDICE_BRUT = '450' where c_grade = '9904' and c_echelon = '07';
UPDATE GRHUM.PASSAGE_ECHELON SET C_INDICE_BRUT = '472' where c_grade = '9904' and c_echelon = '08';
UPDATE GRHUM.PASSAGE_ECHELON SET C_INDICE_BRUT = '500' where c_grade = '9904' and c_echelon = '09';
UPDATE GRHUM.PASSAGE_ECHELON SET C_INDICE_BRUT = '528' where c_grade = '9904' and c_echelon = '10';

-- Et un insert pour 3 echelons qui n'existaient apparemment pas

INSERT INTO GRHUM.PASSAGE_ECHELON 
(C_GRADE, C_ECHELON, C_INDICE_BRUT, 
DUREE_GR_CHOIX_ANNEES, DUREE_GR_CHOIX_MOIS, DUREE_PT_CHOIX_ANNEES, DUREE_PT_CHOIX_MOIS, 
DUREE_PASSAGE_ANNEES, DUREE_PASSAGE_MOIS, D_CREATION, D_MODIFICATION, D_FERMETURE, D_OUVERTURE, TEM_LOCAL)
values
('9904', '11', '558', NULL, NULL, NULL, NULL, 3, NULL, SYSDATE, SYSDATE, NULL, TO_DATE('01/01/1900','dd/mm/yyyy'), 'N');

INSERT INTO GRHUM.PASSAGE_ECHELON 
(C_GRADE, C_ECHELON, C_INDICE_BRUT, 
DUREE_GR_CHOIX_ANNEES, DUREE_GR_CHOIX_MOIS, DUREE_PT_CHOIX_ANNEES, DUREE_PT_CHOIX_MOIS, 
DUREE_PASSAGE_ANNEES, DUREE_PASSAGE_MOIS, D_CREATION, D_MODIFICATION, D_FERMETURE, D_OUVERTURE, TEM_LOCAL)
values
('9904', '12', '584', NULL, NULL, NULL, NULL, 4, NULL, SYSDATE, SYSDATE, NULL, TO_DATE('01/01/1900','dd/mm/yyyy'), 'N');

INSERT INTO GRHUM.PASSAGE_ECHELON 
(C_GRADE, C_ECHELON, C_INDICE_BRUT, 
DUREE_GR_CHOIX_ANNEES, DUREE_GR_CHOIX_MOIS, DUREE_PT_CHOIX_ANNEES, DUREE_PT_CHOIX_MOIS, 
DUREE_PASSAGE_ANNEES, DUREE_PASSAGE_MOIS, D_CREATION, D_MODIFICATION, D_FERMETURE, D_OUVERTURE, TEM_LOCAL)
values
('9904', '13', '614', NULL, NULL, NULL, NULL, NULL, NULL, SYSDATE, SYSDATE, NULL, TO_DATE('01/01/1900','dd/mm/yyyy'), 'N');

----------------------V20131212.181823__DML_Nomenclature_Ajout_Corps_Grade.sql----------------------
/************************************************

 Mise a jour de la nomenclature  pour le CORPS ATTACHE D''ADMINISTRATION DE L''ETAT (AAE)
 Tables concernées : CORPS / GRADE / LIEN_GRADE_MEN_TG / PASSAGE_ECHELON / PASSAGE_CHEVRON / HIERARCHIE_GRADE

*************************************************/



-- ATTACHE D'ADMINISTRATION DE L'ETAT

DECLARE
   compteur NUMBER;
BEGIN
	-- On recherche l'existence du corps
	SELECT COUNT(*) 
	  INTO compteur 
          FROM GRHUM.CORPS 
	 WHERE C_CORPS = '051';
	    IF (compteur = 0) 
	  THEN
		INSERT INTO GRHUM.CORPS (C_CORPS, LC_CORPS, LL_CORPS, C_TYPE_CORPS, C_CATEGORIE, C_FILIERE, C_BUREAU_GESTION, MASSE_INDICIAIRE, TEM_CFP, TEM_CRCT, TEM_DELEGATION, TEM_MISDEP, TEM_SURNOMBRE, D_OUVERTURE_CORPS, D_FERMETURE_CORPS, D_CREATION, D_MODIFICATION, POTENTIEL_BRUT, TEM_LOCAL)
		     VALUES ('051', 'AAE', 'ATTACHE D''ADMINISTRATION DE L''ETAT', 'AA',  NULL, NULL, NULL, NULL, 'N', 'N', 'N', 'N', 'N', TO_DATE('02/10/2013', 'dd/mm/yyyy'), null, SYSDATE, SYSDATE, 0, 'N');
	END IF;


	-- On recherche l'existence du grade 0511
	SELECT COUNT(*) 
	  INTO compteur 
          FROM GRHUM.GRADE 
	 WHERE C_GRADE = '0511';
	    IF (compteur = 0) 
	  THEN
		--Insert du grade
		INSERT INTO GRHUM.GRADE (C_GRADE, LC_GRADE, LL_GRADE, C_CORPS, C_CATEGORIE, ECHELLE, IRM_GRADE, TEMOIN_NOTE, D_OUVERTURE, D_FERMETURE, D_CREATION, D_MODIFICATION, TEM_LOCAL)
		     VALUES ('0511', 'AA', 'ATTACHE D''ADMINISTRATION', '051', 'A', NULL, NULL, 'N', TO_DATE('02/10/2013', 'dd/mm/yyyy'), NULL, SYSDATE, SYSDATE, 'N');
		INSERT INTO GRHUM.LIEN_GRADE_MEN_TG (C_GRADE, C_GRADE_TG, DATE_OUVERTURE, DATE_FERMETURE, D_CREATION, D_MODIFICATION, LIBELLE)
		     VALUES ('0511', '1583020000', TO_DATE('02/10/2013', 'dd/mm/yyyy'), NULL, SYSDATE, SYSDATE, 'ATTACHE D''ADMINISTRATION');
		
		-- Insert des échelons correspondants
		INSERT INTO GRHUM.PASSAGE_ECHELON (C_GRADE, C_ECHELON, C_INDICE_BRUT, DUREE_GR_CHOIX_ANNEES, DUREE_GR_CHOIX_MOIS, DUREE_PT_CHOIX_ANNEES, DUREE_PT_CHOIX_MOIS, DUREE_PASSAGE_ANNEES, DUREE_PASSAGE_MOIS, D_CREATION, D_MODIFICATION, D_FERMETURE, D_OUVERTURE, TEM_LOCAL)
		     VALUES ('0511', '01', 404, NULL, NULL, NULL, NULL, 1, NULL, SYSDATE, SYSDATE, NULL, TO_DATE('02/10/2013', 'dd/mm/yyyy'), 'N');

		INSERT INTO GRHUM.PASSAGE_ECHELON (C_GRADE, C_ECHELON, C_INDICE_BRUT, DUREE_GR_CHOIX_ANNEES, DUREE_GR_CHOIX_MOIS, DUREE_PT_CHOIX_ANNEES, DUREE_PT_CHOIX_MOIS, DUREE_PASSAGE_ANNEES, DUREE_PASSAGE_MOIS, D_CREATION, D_MODIFICATION, D_FERMETURE, D_OUVERTURE, TEM_LOCAL)
		     VALUES ('0511', '02', 423, NULL, NULL, NULL, NULL, 1, NULL, SYSDATE, SYSDATE, NULL, TO_DATE('02/10/2013', 'dd/mm/yyyy'), 'N');

		INSERT INTO GRHUM.PASSAGE_ECHELON (C_GRADE, C_ECHELON, C_INDICE_BRUT, DUREE_GR_CHOIX_ANNEES, DUREE_GR_CHOIX_MOIS, DUREE_PT_CHOIX_ANNEES, DUREE_PT_CHOIX_MOIS, DUREE_PASSAGE_ANNEES, DUREE_PASSAGE_MOIS, D_CREATION, D_MODIFICATION, D_FERMETURE, D_OUVERTURE, TEM_LOCAL)
		     VALUES ('0511', '03', 442, NULL, NULL, NULL, NULL, 2, NULL, SYSDATE, SYSDATE, NULL, TO_DATE('02/10/2013', 'dd/mm/yyyy'), 'N');

		INSERT INTO GRHUM.PASSAGE_ECHELON (C_GRADE, C_ECHELON, C_INDICE_BRUT, DUREE_GR_CHOIX_ANNEES, DUREE_GR_CHOIX_MOIS, DUREE_PT_CHOIX_ANNEES, DUREE_PT_CHOIX_MOIS, DUREE_PASSAGE_ANNEES, DUREE_PASSAGE_MOIS, D_CREATION, D_MODIFICATION, D_FERMETURE, D_OUVERTURE, TEM_LOCAL)
		     VALUES ('0511', '04', 466, NULL, NULL, NULL, NULL, 2, NULL, SYSDATE, SYSDATE, NULL, TO_DATE('02/10/2013', 'dd/mm/yyyy'), 'N');

		INSERT INTO GRHUM.PASSAGE_ECHELON (C_GRADE, C_ECHELON, C_INDICE_BRUT, DUREE_GR_CHOIX_ANNEES, DUREE_GR_CHOIX_MOIS, DUREE_PT_CHOIX_ANNEES, DUREE_PT_CHOIX_MOIS, DUREE_PASSAGE_ANNEES, DUREE_PASSAGE_MOIS, D_CREATION, D_MODIFICATION, D_FERMETURE, D_OUVERTURE, TEM_LOCAL)
		     VALUES ('0511', '05', 500, NULL, NULL, NULL, NULL, 2, NULL, SYSDATE, SYSDATE, NULL, TO_DATE('02/10/2013', 'dd/mm/yyyy'), 'N');

		INSERT INTO GRHUM.PASSAGE_ECHELON (C_GRADE, C_ECHELON, C_INDICE_BRUT, DUREE_GR_CHOIX_ANNEES, DUREE_GR_CHOIX_MOIS, DUREE_PT_CHOIX_ANNEES, DUREE_PT_CHOIX_MOIS, DUREE_PASSAGE_ANNEES, DUREE_PASSAGE_MOIS, D_CREATION, D_MODIFICATION, D_FERMETURE, D_OUVERTURE, TEM_LOCAL)
		     VALUES ('0511', '06', 542, NULL, NULL, NULL, NULL, 2, 6, SYSDATE, SYSDATE, NULL, TO_DATE('02/10/2013', 'dd/mm/yyyy'), 'N');

		INSERT INTO GRHUM.PASSAGE_ECHELON (C_GRADE, C_ECHELON, C_INDICE_BRUT, DUREE_GR_CHOIX_ANNEES, DUREE_GR_CHOIX_MOIS, DUREE_PT_CHOIX_ANNEES, DUREE_PT_CHOIX_MOIS, DUREE_PASSAGE_ANNEES, DUREE_PASSAGE_MOIS, D_CREATION, D_MODIFICATION, D_FERMETURE, D_OUVERTURE, TEM_LOCAL)
		     VALUES ('0511', '07', 588, NULL, NULL, NULL, NULL, 3, NULL, SYSDATE, SYSDATE, NULL, TO_DATE('02/10/2013', 'dd/mm/yyyy'), 'N');

		INSERT INTO GRHUM.PASSAGE_ECHELON (C_GRADE, C_ECHELON, C_INDICE_BRUT, DUREE_GR_CHOIX_ANNEES, DUREE_GR_CHOIX_MOIS, DUREE_PT_CHOIX_ANNEES, DUREE_PT_CHOIX_MOIS, DUREE_PASSAGE_ANNEES, DUREE_PASSAGE_MOIS, D_CREATION, D_MODIFICATION, D_FERMETURE, D_OUVERTURE, TEM_LOCAL)
		     VALUES ('0511', '08', 625, NULL, NULL, NULL, NULL, 3, NULL, SYSDATE, SYSDATE, NULL, TO_DATE('02/10/2013', 'dd/mm/yyyy'), 'N');

		INSERT INTO GRHUM.PASSAGE_ECHELON (C_GRADE, C_ECHELON, C_INDICE_BRUT, DUREE_GR_CHOIX_ANNEES, DUREE_GR_CHOIX_MOIS, DUREE_PT_CHOIX_ANNEES, DUREE_PT_CHOIX_MOIS, DUREE_PASSAGE_ANNEES, DUREE_PASSAGE_MOIS, D_CREATION, D_MODIFICATION, D_FERMETURE, D_OUVERTURE, TEM_LOCAL)
		     VALUES ('0511', '09', 653, NULL, NULL, NULL, NULL, 3, NULL, SYSDATE, SYSDATE, NULL, TO_DATE('02/10/2013', 'dd/mm/yyyy'), 'N');

		INSERT INTO GRHUM.PASSAGE_ECHELON (C_GRADE, C_ECHELON, C_INDICE_BRUT, DUREE_GR_CHOIX_ANNEES, DUREE_GR_CHOIX_MOIS, DUREE_PT_CHOIX_ANNEES, DUREE_PT_CHOIX_MOIS, DUREE_PASSAGE_ANNEES, DUREE_PASSAGE_MOIS, D_CREATION, D_MODIFICATION, D_FERMETURE, D_OUVERTURE, TEM_LOCAL)
		     VALUES ('0511', '10', 703, NULL, NULL, NULL, NULL, 3, NULL, SYSDATE, SYSDATE, NULL, TO_DATE('02/10/2013', 'dd/mm/yyyy'), 'N');

		INSERT INTO GRHUM.PASSAGE_ECHELON (C_GRADE, C_ECHELON, C_INDICE_BRUT, DUREE_GR_CHOIX_ANNEES, DUREE_GR_CHOIX_MOIS, DUREE_PT_CHOIX_ANNEES, DUREE_PT_CHOIX_MOIS, DUREE_PASSAGE_ANNEES, DUREE_PASSAGE_MOIS, D_CREATION, D_MODIFICATION, D_FERMETURE, D_OUVERTURE, TEM_LOCAL)
		     VALUES ('0511', '11', 759, NULL, NULL, NULL, NULL, 4, NULL, SYSDATE, SYSDATE, NULL, TO_DATE('02/10/2013', 'dd/mm/yyyy'), 'N');

		INSERT INTO GRHUM.PASSAGE_ECHELON (C_GRADE, C_ECHELON, C_INDICE_BRUT, DUREE_GR_CHOIX_ANNEES, DUREE_GR_CHOIX_MOIS, DUREE_PT_CHOIX_ANNEES, DUREE_PT_CHOIX_MOIS, DUREE_PASSAGE_ANNEES, DUREE_PASSAGE_MOIS, D_CREATION, D_MODIFICATION, D_FERMETURE, D_OUVERTURE, TEM_LOCAL)
		     VALUES ('0511', '12', 801, NULL, NULL, NULL, NULL, NULL, NULL, SYSDATE, SYSDATE, NULL, TO_DATE('02/10/2013', 'dd/mm/yyyy'), 'N');
	END IF;



	-- On recherche l'existence du grade 0512
	SELECT COUNT(*) 
	  INTO compteur 
          FROM GRHUM.GRADE 
	 WHERE C_GRADE = '0512';
	    IF (compteur = 0) 
	  THEN
		--Insert du grade
		INSERT INTO GRHUM.GRADE (C_GRADE, LC_GRADE, LL_GRADE, C_CORPS, C_CATEGORIE, ECHELLE, IRM_GRADE, TEMOIN_NOTE, D_OUVERTURE, D_FERMETURE, D_CREATION, D_MODIFICATION, TEM_LOCAL)
		     VALUES ('0512', 'APA', 'ATTACHE PRINCIPAL D''ADMINISTRATION', '051', 'A', NULL, NULL, 'N', TO_DATE('02/10/2013', 'dd/mm/yyyy'), NULL, SYSDATE, SYSDATE, 'N');
		INSERT INTO GRHUM.LIEN_GRADE_MEN_TG (C_GRADE, C_GRADE_TG, DATE_OUVERTURE, DATE_FERMETURE, D_CREATION, D_MODIFICATION, LIBELLE)
		     VALUES ('0512', '1583010000', TO_DATE('02/10/2013', 'dd/mm/yyyy'), NULL, SYSDATE, SYSDATE, 'ATTACHE PRINCIPAL D''ADMINISTRATION');
		
		-- Insert des échelons correspondants
		INSERT INTO GRHUM.PASSAGE_ECHELON (C_GRADE, C_ECHELON, C_INDICE_BRUT, DUREE_GR_CHOIX_ANNEES, DUREE_GR_CHOIX_MOIS, DUREE_PT_CHOIX_ANNEES, DUREE_PT_CHOIX_MOIS, DUREE_PASSAGE_ANNEES, DUREE_PASSAGE_MOIS, D_CREATION, D_MODIFICATION, D_FERMETURE, D_OUVERTURE, TEM_LOCAL)
		     VALUES ('0512', '01', 504, NULL, NULL, NULL, NULL, 1, NULL, SYSDATE, SYSDATE, NULL, TO_DATE('02/10/2013', 'dd/mm/yyyy'), 'N');

		INSERT INTO GRHUM.PASSAGE_ECHELON (C_GRADE, C_ECHELON, C_INDICE_BRUT, DUREE_GR_CHOIX_ANNEES, DUREE_GR_CHOIX_MOIS, DUREE_PT_CHOIX_ANNEES, DUREE_PT_CHOIX_MOIS, DUREE_PASSAGE_ANNEES, DUREE_PASSAGE_MOIS, D_CREATION, D_MODIFICATION, D_FERMETURE, D_OUVERTURE, TEM_LOCAL)
		     VALUES ('0512', '02', 572, NULL, NULL, NULL, NULL, 2, NULL, SYSDATE, SYSDATE, NULL, TO_DATE('02/10/2013', 'dd/mm/yyyy'), 'N');

		INSERT INTO GRHUM.PASSAGE_ECHELON (C_GRADE, C_ECHELON, C_INDICE_BRUT, DUREE_GR_CHOIX_ANNEES, DUREE_GR_CHOIX_MOIS, DUREE_PT_CHOIX_ANNEES, DUREE_PT_CHOIX_MOIS, DUREE_PASSAGE_ANNEES, DUREE_PASSAGE_MOIS, D_CREATION, D_MODIFICATION, D_FERMETURE, D_OUVERTURE, TEM_LOCAL)
		     VALUES ('0512', '03', 616, NULL, NULL, NULL, NULL, 2, NULL, SYSDATE, SYSDATE, NULL, TO_DATE('02/10/2013', 'dd/mm/yyyy'), 'N');

		INSERT INTO GRHUM.PASSAGE_ECHELON (C_GRADE, C_ECHELON, C_INDICE_BRUT, DUREE_GR_CHOIX_ANNEES, DUREE_GR_CHOIX_MOIS, DUREE_PT_CHOIX_ANNEES, DUREE_PT_CHOIX_MOIS, DUREE_PASSAGE_ANNEES, DUREE_PASSAGE_MOIS, D_CREATION, D_MODIFICATION, D_FERMETURE, D_OUVERTURE, TEM_LOCAL)
		     VALUES ('0512', '04', 660, NULL, NULL, NULL, NULL, 2, NULL, SYSDATE, SYSDATE, NULL, TO_DATE('02/10/2013', 'dd/mm/yyyy'), 'N');

		INSERT INTO GRHUM.PASSAGE_ECHELON (C_GRADE, C_ECHELON, C_INDICE_BRUT, DUREE_GR_CHOIX_ANNEES, DUREE_GR_CHOIX_MOIS, DUREE_PT_CHOIX_ANNEES, DUREE_PT_CHOIX_MOIS, DUREE_PASSAGE_ANNEES, DUREE_PASSAGE_MOIS, D_CREATION, D_MODIFICATION, D_FERMETURE, D_OUVERTURE, TEM_LOCAL)
		     VALUES ('0512', '05', 712, NULL, NULL, NULL, NULL, 2, NULL, SYSDATE, SYSDATE, NULL, TO_DATE('02/10/2013', 'dd/mm/yyyy'), 'N');

		INSERT INTO GRHUM.PASSAGE_ECHELON (C_GRADE, C_ECHELON, C_INDICE_BRUT, DUREE_GR_CHOIX_ANNEES, DUREE_GR_CHOIX_MOIS, DUREE_PT_CHOIX_ANNEES, DUREE_PT_CHOIX_MOIS, DUREE_PASSAGE_ANNEES, DUREE_PASSAGE_MOIS, D_CREATION, D_MODIFICATION, D_FERMETURE, D_OUVERTURE, TEM_LOCAL)
		     VALUES ('0512', '06', 759, NULL, NULL, NULL, NULL, 2, NULL, SYSDATE, SYSDATE, NULL, TO_DATE('02/10/2013', 'dd/mm/yyyy'), 'N');

		INSERT INTO GRHUM.PASSAGE_ECHELON (C_GRADE, C_ECHELON, C_INDICE_BRUT, DUREE_GR_CHOIX_ANNEES, DUREE_GR_CHOIX_MOIS, DUREE_PT_CHOIX_ANNEES, DUREE_PT_CHOIX_MOIS, DUREE_PASSAGE_ANNEES, DUREE_PASSAGE_MOIS, D_CREATION, D_MODIFICATION, D_FERMETURE, D_OUVERTURE, TEM_LOCAL)
		     VALUES ('0512', '07', 821, NULL, NULL, NULL, NULL, 2, 6, SYSDATE, SYSDATE, NULL, TO_DATE('02/10/2013', 'dd/mm/yyyy'), 'N');

		INSERT INTO GRHUM.PASSAGE_ECHELON (C_GRADE, C_ECHELON, C_INDICE_BRUT, DUREE_GR_CHOIX_ANNEES, DUREE_GR_CHOIX_MOIS, DUREE_PT_CHOIX_ANNEES, DUREE_PT_CHOIX_MOIS, DUREE_PASSAGE_ANNEES, DUREE_PASSAGE_MOIS, D_CREATION, D_MODIFICATION, D_FERMETURE, D_OUVERTURE, TEM_LOCAL)
		     VALUES ('0512', '08', 864, NULL, NULL, NULL, NULL, 2, 6, SYSDATE, SYSDATE, NULL, TO_DATE('02/10/2013', 'dd/mm/yyyy'), 'N');

		INSERT INTO GRHUM.PASSAGE_ECHELON (C_GRADE, C_ECHELON, C_INDICE_BRUT, DUREE_GR_CHOIX_ANNEES, DUREE_GR_CHOIX_MOIS, DUREE_PT_CHOIX_ANNEES, DUREE_PT_CHOIX_MOIS, DUREE_PASSAGE_ANNEES, DUREE_PASSAGE_MOIS, D_CREATION, D_MODIFICATION, D_FERMETURE, D_OUVERTURE, TEM_LOCAL)
		     VALUES ('0512', '09', 916, NULL, NULL, NULL, NULL, 3, NULL, SYSDATE, SYSDATE, NULL, TO_DATE('02/10/2013', 'dd/mm/yyyy'), 'N');

		INSERT INTO GRHUM.PASSAGE_ECHELON (C_GRADE, C_ECHELON, C_INDICE_BRUT, DUREE_GR_CHOIX_ANNEES, DUREE_GR_CHOIX_MOIS, DUREE_PT_CHOIX_ANNEES, DUREE_PT_CHOIX_MOIS, DUREE_PASSAGE_ANNEES, DUREE_PASSAGE_MOIS, D_CREATION, D_MODIFICATION, D_FERMETURE, D_OUVERTURE, TEM_LOCAL)
		     VALUES ('0512', '10', 966, NULL, NULL, NULL, NULL, NULL, NULL, SYSDATE, SYSDATE, NULL, TO_DATE('02/10/2013', 'dd/mm/yyyy'), 'N');
	END IF;


	-- On recherche l'existence du grade 0513
	SELECT COUNT(*) 
	  INTO compteur 
          FROM GRHUM.GRADE 
	 WHERE C_GRADE = '0513';
	    IF (compteur = 0) 
	  THEN
		--Insert du grade
		INSERT INTO GRHUM.GRADE (C_GRADE, LC_GRADE, LL_GRADE, C_CORPS, C_CATEGORIE, ECHELLE, IRM_GRADE, TEMOIN_NOTE, D_OUVERTURE, D_FERMETURE, D_CREATION, D_MODIFICATION, TEM_LOCAL)
		     VALUES ('0513', 'DDS', 'DIRECTEUR DE SERVICE', '051', 'A', NULL, NULL, 'N', TO_DATE('02/10/2013', 'dd/mm/yyyy'), NULL, SYSDATE, SYSDATE, 'N');
		INSERT INTO GRHUM.LIEN_GRADE_MEN_TG (C_GRADE, C_GRADE_TG, DATE_OUVERTURE, DATE_FERMETURE, D_CREATION, D_MODIFICATION, LIBELLE)
		     VALUES ('0513', '1583040000', TO_DATE('02/10/2013', 'dd/mm/yyyy'), NULL, SYSDATE, SYSDATE, 'DIRECTEUR DE SERVICE');
		
		-- Insert des échelons correspondants
		INSERT INTO GRHUM.PASSAGE_ECHELON (C_GRADE, C_ECHELON, C_INDICE_BRUT, DUREE_GR_CHOIX_ANNEES, DUREE_GR_CHOIX_MOIS, DUREE_PT_CHOIX_ANNEES, DUREE_PT_CHOIX_MOIS, DUREE_PASSAGE_ANNEES, DUREE_PASSAGE_MOIS, D_CREATION, D_MODIFICATION, D_FERMETURE, D_OUVERTURE, TEM_LOCAL)
		     VALUES ('0513', '01', 529, NULL, NULL, NULL, NULL, 1, NULL, SYSDATE, SYSDATE, NULL, TO_DATE('02/10/2013', 'dd/mm/yyyy'), 'N');

		INSERT INTO GRHUM.PASSAGE_ECHELON (C_GRADE, C_ECHELON, C_INDICE_BRUT, DUREE_GR_CHOIX_ANNEES, DUREE_GR_CHOIX_MOIS, DUREE_PT_CHOIX_ANNEES, DUREE_PT_CHOIX_MOIS, DUREE_PASSAGE_ANNEES, DUREE_PASSAGE_MOIS, D_CREATION, D_MODIFICATION, D_FERMETURE, D_OUVERTURE, TEM_LOCAL)
		     VALUES ('0513', '02', 549, NULL, NULL, NULL, NULL, 1, NULL, SYSDATE, SYSDATE, NULL, TO_DATE('02/10/2013', 'dd/mm/yyyy'), 'N');

		INSERT INTO GRHUM.PASSAGE_ECHELON (C_GRADE, C_ECHELON, C_INDICE_BRUT, DUREE_GR_CHOIX_ANNEES, DUREE_GR_CHOIX_MOIS, DUREE_PT_CHOIX_ANNEES, DUREE_PT_CHOIX_MOIS, DUREE_PASSAGE_ANNEES, DUREE_PASSAGE_MOIS, D_CREATION, D_MODIFICATION, D_FERMETURE, D_OUVERTURE, TEM_LOCAL)
		     VALUES ('0513', '03', 569, NULL, NULL, NULL, NULL, 2, NULL, SYSDATE, SYSDATE, NULL, TO_DATE('02/10/2013', 'dd/mm/yyyy'), 'N');

		INSERT INTO GRHUM.PASSAGE_ECHELON (C_GRADE, C_ECHELON, C_INDICE_BRUT, DUREE_GR_CHOIX_ANNEES, DUREE_GR_CHOIX_MOIS, DUREE_PT_CHOIX_ANNEES, DUREE_PT_CHOIX_MOIS, DUREE_PASSAGE_ANNEES, DUREE_PASSAGE_MOIS, D_CREATION, D_MODIFICATION, D_FERMETURE, D_OUVERTURE, TEM_LOCAL)
		     VALUES ('0513', '04', 604, NULL, NULL, NULL, NULL, 2, NULL, SYSDATE, SYSDATE, NULL, TO_DATE('02/10/2013', 'dd/mm/yyyy'), 'N');

		INSERT INTO GRHUM.PASSAGE_ECHELON (C_GRADE, C_ECHELON, C_INDICE_BRUT, DUREE_GR_CHOIX_ANNEES, DUREE_GR_CHOIX_MOIS, DUREE_PT_CHOIX_ANNEES, DUREE_PT_CHOIX_MOIS, DUREE_PASSAGE_ANNEES, DUREE_PASSAGE_MOIS, D_CREATION, D_MODIFICATION, D_FERMETURE, D_OUVERTURE, TEM_LOCAL)
		     VALUES ('0513', '05', 639, NULL, NULL, NULL, NULL, 2, NULL, SYSDATE, SYSDATE, NULL, TO_DATE('02/10/2013', 'dd/mm/yyyy'), 'N');

		INSERT INTO GRHUM.PASSAGE_ECHELON (C_GRADE, C_ECHELON, C_INDICE_BRUT, DUREE_GR_CHOIX_ANNEES, DUREE_GR_CHOIX_MOIS, DUREE_PT_CHOIX_ANNEES, DUREE_PT_CHOIX_MOIS, DUREE_PASSAGE_ANNEES, DUREE_PASSAGE_MOIS, D_CREATION, D_MODIFICATION, D_FERMETURE, D_OUVERTURE, TEM_LOCAL)
		     VALUES ('0513', '06', 681, NULL, NULL, NULL, NULL, 2, NULL, SYSDATE, SYSDATE, NULL, TO_DATE('02/10/2013', 'dd/mm/yyyy'), 'N');

		INSERT INTO GRHUM.PASSAGE_ECHELON (C_GRADE, C_ECHELON, C_INDICE_BRUT, DUREE_GR_CHOIX_ANNEES, DUREE_GR_CHOIX_MOIS, DUREE_PT_CHOIX_ANNEES, DUREE_PT_CHOIX_MOIS, DUREE_PASSAGE_ANNEES, DUREE_PASSAGE_MOIS, D_CREATION, D_MODIFICATION, D_FERMETURE, D_OUVERTURE, TEM_LOCAL)
		     VALUES ('0513', '07', 728, NULL, NULL, NULL, NULL, 2, NULL, SYSDATE, SYSDATE, NULL, TO_DATE('02/10/2013', 'dd/mm/yyyy'), 'N');

		INSERT INTO GRHUM.PASSAGE_ECHELON (C_GRADE, C_ECHELON, C_INDICE_BRUT, DUREE_GR_CHOIX_ANNEES, DUREE_GR_CHOIX_MOIS, DUREE_PT_CHOIX_ANNEES, DUREE_PT_CHOIX_MOIS, DUREE_PASSAGE_ANNEES, DUREE_PASSAGE_MOIS, D_CREATION, D_MODIFICATION, D_FERMETURE, D_OUVERTURE, TEM_LOCAL)
		     VALUES ('0513', '08', 780, NULL, NULL, NULL, NULL, 2, NULL, SYSDATE, SYSDATE, NULL, TO_DATE('02/10/2013', 'dd/mm/yyyy'), 'N');

		INSERT INTO GRHUM.PASSAGE_ECHELON (C_GRADE, C_ECHELON, C_INDICE_BRUT, DUREE_GR_CHOIX_ANNEES, DUREE_GR_CHOIX_MOIS, DUREE_PT_CHOIX_ANNEES, DUREE_PT_CHOIX_MOIS, DUREE_PASSAGE_ANNEES, DUREE_PASSAGE_MOIS, D_CREATION, D_MODIFICATION, D_FERMETURE, D_OUVERTURE, TEM_LOCAL)
		     VALUES ('0513', '09', 811, NULL, NULL, NULL, NULL, 2, NULL, SYSDATE, SYSDATE, NULL, TO_DATE('02/10/2013', 'dd/mm/yyyy'), 'N');

		INSERT INTO GRHUM.PASSAGE_ECHELON (C_GRADE, C_ECHELON, C_INDICE_BRUT, DUREE_GR_CHOIX_ANNEES, DUREE_GR_CHOIX_MOIS, DUREE_PT_CHOIX_ANNEES, DUREE_PT_CHOIX_MOIS, DUREE_PASSAGE_ANNEES, DUREE_PASSAGE_MOIS, D_CREATION, D_MODIFICATION, D_FERMETURE, D_OUVERTURE, TEM_LOCAL)
		     VALUES ('0513', '10', 841, NULL, NULL, NULL, NULL, 2, NULL, SYSDATE, SYSDATE, NULL, TO_DATE('02/10/2013', 'dd/mm/yyyy'), 'N');

		INSERT INTO GRHUM.PASSAGE_ECHELON (C_GRADE, C_ECHELON, C_INDICE_BRUT, DUREE_GR_CHOIX_ANNEES, DUREE_GR_CHOIX_MOIS, DUREE_PT_CHOIX_ANNEES, DUREE_PT_CHOIX_MOIS, DUREE_PASSAGE_ANNEES, DUREE_PASSAGE_MOIS, D_CREATION, D_MODIFICATION, D_FERMETURE, D_OUVERTURE, TEM_LOCAL)
		     VALUES ('0513', '11', 875, NULL, NULL, NULL, NULL, 2, NULL, SYSDATE, SYSDATE, NULL, TO_DATE('02/10/2013', 'dd/mm/yyyy'), 'N');

		INSERT INTO GRHUM.PASSAGE_ECHELON (C_GRADE, C_ECHELON, C_INDICE_BRUT, DUREE_GR_CHOIX_ANNEES, DUREE_GR_CHOIX_MOIS, DUREE_PT_CHOIX_ANNEES, DUREE_PT_CHOIX_MOIS, DUREE_PASSAGE_ANNEES, DUREE_PASSAGE_MOIS, D_CREATION, D_MODIFICATION, D_FERMETURE, D_OUVERTURE, TEM_LOCAL)
		     VALUES ('0513', '12', 916, NULL, NULL, NULL, NULL, 2, NULL, SYSDATE, SYSDATE, NULL, TO_DATE('02/10/2013', 'dd/mm/yyyy'), 'N');

		INSERT INTO GRHUM.PASSAGE_ECHELON (C_GRADE, C_ECHELON, C_INDICE_BRUT, DUREE_GR_CHOIX_ANNEES, DUREE_GR_CHOIX_MOIS, DUREE_PT_CHOIX_ANNEES, DUREE_PT_CHOIX_MOIS, DUREE_PASSAGE_ANNEES, DUREE_PASSAGE_MOIS, D_CREATION, D_MODIFICATION, D_FERMETURE, D_OUVERTURE, TEM_LOCAL)
		     VALUES ('0513', '13', 946, NULL, NULL, NULL, NULL, 2, NULL, SYSDATE, SYSDATE, NULL, TO_DATE('02/10/2013', 'dd/mm/yyyy'), 'N');

		INSERT INTO GRHUM.PASSAGE_ECHELON (C_GRADE, C_ECHELON, C_INDICE_BRUT, DUREE_GR_CHOIX_ANNEES, DUREE_GR_CHOIX_MOIS, DUREE_PT_CHOIX_ANNEES, DUREE_PT_CHOIX_MOIS, DUREE_PASSAGE_ANNEES, DUREE_PASSAGE_MOIS, D_CREATION, D_MODIFICATION, D_FERMETURE, D_OUVERTURE, TEM_LOCAL)
		     VALUES ('0513', '14', 985, NULL, NULL, NULL, NULL, NULL, NULL, SYSDATE, SYSDATE, NULL, TO_DATE('02/10/2013', 'dd/mm/yyyy'), 'N');
	END IF;


	-- On recherche l'existence du grade 0514
	SELECT COUNT(*) 
	  INTO compteur 
          FROM GRHUM.GRADE 
	 WHERE C_GRADE = '0514';
	    IF (compteur = 0) 
	  THEN
		--Insert du grade
		INSERT INTO GRHUM.GRADE (C_GRADE, LC_GRADE, LL_GRADE, C_CORPS, C_CATEGORIE, ECHELLE, IRM_GRADE, TEMOIN_NOTE, D_OUVERTURE, D_FERMETURE, D_CREATION, D_MODIFICATION, TEM_LOCAL)
		     VALUES ('0514', 'AAHC', 'ATTACHE D''ADMINISTRATION HORS CLASSE', '051', 'A', NULL, NULL, 'N', TO_DATE('02/10/2013', 'dd/mm/yyyy'), NULL, SYSDATE, SYSDATE, 'N');
		INSERT INTO GRHUM.LIEN_GRADE_MEN_TG (C_GRADE, C_GRADE_TG, DATE_OUVERTURE, DATE_FERMETURE, D_CREATION, D_MODIFICATION, LIBELLE)
		     VALUES ('0514', '1583030000', TO_DATE('02/10/2013', 'dd/mm/yyyy'), NULL, SYSDATE, SYSDATE, 'ATTACHE D''ADMINISTRATION HORS CLASSE');
		
		-- Insert des échelons correspondants
		INSERT INTO GRHUM.PASSAGE_ECHELON (C_GRADE, C_ECHELON, C_INDICE_BRUT, DUREE_GR_CHOIX_ANNEES, DUREE_GR_CHOIX_MOIS, DUREE_PT_CHOIX_ANNEES, DUREE_PT_CHOIX_MOIS, DUREE_PASSAGE_ANNEES, DUREE_PASSAGE_MOIS, D_CREATION, D_MODIFICATION, D_FERMETURE, D_OUVERTURE, TEM_LOCAL)
		     VALUES ('0514', '01', 759, NULL, NULL, NULL, NULL, 2, NULL, SYSDATE, SYSDATE, NULL, TO_DATE('02/10/2013', 'dd/mm/yyyy'), 'N');

		INSERT INTO GRHUM.PASSAGE_ECHELON (C_GRADE, C_ECHELON, C_INDICE_BRUT, DUREE_GR_CHOIX_ANNEES, DUREE_GR_CHOIX_MOIS, DUREE_PT_CHOIX_ANNEES, DUREE_PT_CHOIX_MOIS, DUREE_PASSAGE_ANNEES, DUREE_PASSAGE_MOIS, D_CREATION, D_MODIFICATION, D_FERMETURE, D_OUVERTURE, TEM_LOCAL)
		     VALUES ('0514', '02', 821, NULL, NULL, NULL, NULL, 2, NULL, SYSDATE, SYSDATE, NULL, TO_DATE('02/10/2013', 'dd/mm/yyyy'), 'N');

		INSERT INTO GRHUM.PASSAGE_ECHELON (C_GRADE, C_ECHELON, C_INDICE_BRUT, DUREE_GR_CHOIX_ANNEES, DUREE_GR_CHOIX_MOIS, DUREE_PT_CHOIX_ANNEES, DUREE_PT_CHOIX_MOIS, DUREE_PASSAGE_ANNEES, DUREE_PASSAGE_MOIS, D_CREATION, D_MODIFICATION, D_FERMETURE, D_OUVERTURE, TEM_LOCAL)
		     VALUES ('0514', '03', 864, NULL, NULL, NULL, NULL, 2, NULL, SYSDATE, SYSDATE, NULL, TO_DATE('02/10/2013', 'dd/mm/yyyy'), 'N');

		INSERT INTO GRHUM.PASSAGE_ECHELON (C_GRADE, C_ECHELON, C_INDICE_BRUT, DUREE_GR_CHOIX_ANNEES, DUREE_GR_CHOIX_MOIS, DUREE_PT_CHOIX_ANNEES, DUREE_PT_CHOIX_MOIS, DUREE_PASSAGE_ANNEES, DUREE_PASSAGE_MOIS, D_CREATION, D_MODIFICATION, D_FERMETURE, D_OUVERTURE, TEM_LOCAL)
		     VALUES ('0514', '04', 916, NULL, NULL, NULL, NULL, 2, 6, SYSDATE, SYSDATE, NULL, TO_DATE('02/10/2013', 'dd/mm/yyyy'), 'N');

		INSERT INTO GRHUM.PASSAGE_ECHELON (C_GRADE, C_ECHELON, C_INDICE_BRUT, DUREE_GR_CHOIX_ANNEES, DUREE_GR_CHOIX_MOIS, DUREE_PT_CHOIX_ANNEES, DUREE_PT_CHOIX_MOIS, DUREE_PASSAGE_ANNEES, DUREE_PASSAGE_MOIS, D_CREATION, D_MODIFICATION, D_FERMETURE, D_OUVERTURE, TEM_LOCAL)
		     VALUES ('0514', '05', 946, NULL, NULL, NULL, NULL, 2, 6, SYSDATE, SYSDATE, NULL, TO_DATE('02/10/2013', 'dd/mm/yyyy'), 'N');

		INSERT INTO GRHUM.PASSAGE_ECHELON (C_GRADE, C_ECHELON, C_INDICE_BRUT, DUREE_GR_CHOIX_ANNEES, DUREE_GR_CHOIX_MOIS, DUREE_PT_CHOIX_ANNEES, DUREE_PT_CHOIX_MOIS, DUREE_PASSAGE_ANNEES, DUREE_PASSAGE_MOIS, D_CREATION, D_MODIFICATION, D_FERMETURE, D_OUVERTURE, TEM_LOCAL)
		     VALUES ('0514', '06', 985, NULL, NULL, NULL, NULL, 3, NULL, SYSDATE, SYSDATE, NULL, TO_DATE('02/10/2013', 'dd/mm/yyyy'), 'N');

		INSERT INTO GRHUM.PASSAGE_ECHELON (C_GRADE, C_ECHELON, C_INDICE_BRUT, DUREE_GR_CHOIX_ANNEES, DUREE_GR_CHOIX_MOIS, DUREE_PT_CHOIX_ANNEES, DUREE_PT_CHOIX_MOIS, DUREE_PASSAGE_ANNEES, DUREE_PASSAGE_MOIS, D_CREATION, D_MODIFICATION, D_FERMETURE, D_OUVERTURE, TEM_LOCAL)
		     VALUES ('0514', '07', 1015, NULL, NULL, NULL, NULL, NULL, NULL, SYSDATE, SYSDATE, NULL, TO_DATE('02/10/2013', 'dd/mm/yyyy'), 'N');
	
		INSERT INTO GRHUM.PASSAGE_ECHELON (C_GRADE, C_ECHELON, C_INDICE_BRUT, DUREE_GR_CHOIX_ANNEES, DUREE_GR_CHOIX_MOIS, DUREE_PT_CHOIX_ANNEES, DUREE_PT_CHOIX_MOIS, DUREE_PASSAGE_ANNEES, DUREE_PASSAGE_MOIS, D_CREATION, D_MODIFICATION, D_FERMETURE, D_OUVERTURE, TEM_LOCAL)
		     VALUES ('0514', '08', NULL, NULL, NULL, NULL, NULL, NULL, NULL, SYSDATE, SYSDATE, NULL, TO_DATE('02/10/2013', 'dd/mm/yyyy'), 'N');

		-- Insertion des chevrons correspondants
		INSERT INTO GRHUM.PASSAGE_CHEVRON(C_GRADE, C_ECHELON, C_CHEVRON, DUREE_CHEVRON_ANNEES, DUREE_CHEVRON_MOIS, D_CREATION, D_MODIFICATION, C_INDICE_BRUT, D_OUVERTURE, D_FERMETURE)
		      VALUES ('0514', '08', 'A-1', 1, NULL, SYSDATE, SYSDATE, 'A-1', TO_DATE('02/10/2013', 'dd/mm/yyyy'), NULL);
		INSERT INTO GRHUM.PASSAGE_CHEVRON(C_GRADE, C_ECHELON, C_CHEVRON, DUREE_CHEVRON_ANNEES, DUREE_CHEVRON_MOIS, D_CREATION, D_MODIFICATION, C_INDICE_BRUT, D_OUVERTURE, D_FERMETURE)
		      VALUES ('0514', '08', 'A-2', 1, NULL, SYSDATE, SYSDATE, 'A-2', TO_DATE('02/10/2013', 'dd/mm/yyyy'), NULL);
		INSERT INTO GRHUM.PASSAGE_CHEVRON(C_GRADE, C_ECHELON, C_CHEVRON, DUREE_CHEVRON_ANNEES, DUREE_CHEVRON_MOIS, D_CREATION, D_MODIFICATION, C_INDICE_BRUT, D_OUVERTURE, D_FERMETURE)
		      VALUES ('0514', '08', 'A-3', NULL, NULL, SYSDATE, SYSDATE, 'A-3', TO_DATE('02/10/2013', 'dd/mm/yyyy'), NULL);
	END IF;


	-- On recherche l'existence du grade 0514
	SELECT COUNT(*) 
	  INTO compteur 
          FROM GRHUM.HIERARCHIE_GRADE 
	 WHERE C_GRADE_INIT = '0511';
	    IF (compteur = 0) 
	  THEN
		INSERT INTO GRHUM.HIERARCHIE_GRADE (NO_HIERARCHIE_GRADE,C_GRADE_INIT,C_GRADE_SUIV,D_DEB_VALIDITE,D_FIN_VALIDITE,D_CREATION,D_MODIFICATION) 
	     	     VALUES (GRHUM.HIERARCHIE_GRADE_SEQ.NEXTVAL,'0511','0512', TO_DATE('02/10/2013', 'dd/mm/yyyy'), NULL, SYSDATE, SYSDATE);
	END IF;

	SELECT COUNT(*) 
	  INTO compteur 
          FROM GRHUM.HIERARCHIE_GRADE 
	 WHERE C_GRADE_INIT = '0512';
	    IF (compteur = 0) 
	  THEN
		INSERT INTO GRHUM.HIERARCHIE_GRADE (NO_HIERARCHIE_GRADE,C_GRADE_INIT,C_GRADE_SUIV,D_DEB_VALIDITE,D_FIN_VALIDITE,D_CREATION,D_MODIFICATION) 
	             VALUES (GRHUM.HIERARCHIE_GRADE_SEQ.NEXTVAL,'0512','0513', TO_DATE('02/10/2013', 'dd/mm/yyyy'), NULL, SYSDATE, SYSDATE);
	END IF;

	SELECT COUNT(*) 
	  INTO compteur 
          FROM GRHUM.HIERARCHIE_GRADE 
	 WHERE C_GRADE_INIT = '0513';
	    IF (compteur = 0) 
	  THEN
		INSERT INTO GRHUM.HIERARCHIE_GRADE (NO_HIERARCHIE_GRADE,C_GRADE_INIT,C_GRADE_SUIV,D_DEB_VALIDITE,D_FIN_VALIDITE,D_CREATION,D_MODIFICATION) 
	             VALUES (GRHUM.HIERARCHIE_GRADE_SEQ.NEXTVAL,'0513','0514', TO_DATE('02/10/2013', 'dd/mm/yyyy'), NULL, SYSDATE, SYSDATE);
	END IF;


	-- On met à jour la date de fermeture du corps 'C.A.S.U' et du grade correspondant
	SELECT COUNT(*) 
	  INTO compteur 
          FROM GRHUM.CORPS 
	 WHERE C_CORPS = '031';
	    IF (compteur = 1) 
	  THEN
	    	UPDATE GRHUM.CORPS 
   		   SET D_FERMETURE_CORPS=TO_DATE('01/10/2013','dd/mm/yyyy'), D_MODIFICATION=SYSDATE 
 		 WHERE C_CORPS='031';

		UPDATE GRHUM.GRADE 
   		   SET D_FERMETURE = TO_DATE('01/10/2013','dd/mm/yyyy'), D_MODIFICATION=SYSDATE 
 		 WHERE C_GRADE='0316';

		UPDATE GRHUM.PASSAGE_ECHELON 
   		   SET D_FERMETURE = TO_DATE('01/10/2013','dd/mm/yyyy'), D_MODIFICATION=SYSDATE 
 		 WHERE C_GRADE='0316';
	END IF;

	-- On met à jour la date de fermeture du corps 'ADAENES' et des grades correspondants
	SELECT COUNT(*) 
	  INTO compteur 
          FROM GRHUM.CORPS 
	 WHERE C_CORPS = '050';
	    IF (compteur = 1) 
	  THEN
	    	UPDATE GRHUM.CORPS 
   		   SET D_FERMETURE_CORPS=TO_DATE('01/10/2013','dd/mm/yyyy'), D_MODIFICATION=SYSDATE 
 		 WHERE C_CORPS='050';

		UPDATE GRHUM.GRADE 
   		   SET D_FERMETURE = TO_DATE('01/10/2013','dd/mm/yyyy'), D_MODIFICATION=SYSDATE 
 		 WHERE C_CORPS='050';

		UPDATE GRHUM.PASSAGE_ECHELON 
   		   SET D_FERMETURE = TO_DATE('01/10/2013','dd/mm/yyyy'), D_MODIFICATION=SYSDATE 
 		 WHERE C_GRADE IN ('0502', '0503');
	END IF;

END;
/

--------------V20131217.163832__DML_Nomenclature_Maj_Corps_Magasinier_Bibliotheque.sql--------------

--- Mise a jour de la nomenclature  pour le corps 'Magasinier des bibliothèques (820)'

UPDATE GRHUM.CORPS 
   SET D_OUVERTURE_CORPS=TO_DATE('04/05/2007','dd/mm/yyyy'), D_FERMETURE_CORPS=NULL, D_MODIFICATION=SYSDATE 
 WHERE C_CORPS='820';

UPDATE GRHUM.GRADE 
   SET D_OUVERTURE = TO_DATE('04/05/2007','dd/mm/yyyy'), D_MODIFICATION=SYSDATE 
 WHERE C_CORPS='820';

-- Mise à jour la durée du passage depuis l'échelon 10 pouer le grade 9904

UPDATE GRHUM.PASSAGE_ECHELON 
   SET DUREE_PASSAGE_ANNEES=3, D_MODIFICATION=SYSDATE 
 WHERE C_GRADE='9904'
   AND C_ECHELON = 10;


-----------------------V20131218.092401__DML_Maj_territoire_bonification.sql------------------------


-- Mise a jour des codes postaux principaux a PARIS

UPDATE GRHUM.COMMUNE  SET C_POSTAL_PRINCIPAL = '75001' where c_postal = '75001';
UPDATE GRHUM.COMMUNE  SET C_POSTAL_PRINCIPAL = '75002' where c_postal = '75002';
UPDATE GRHUM.COMMUNE  SET C_POSTAL_PRINCIPAL = '75003' where c_postal = '75003';
UPDATE GRHUM.COMMUNE  SET C_POSTAL_PRINCIPAL = '75004' where c_postal = '75004';
UPDATE GRHUM.COMMUNE  SET C_POSTAL_PRINCIPAL = '75005' where c_postal = '75005';
UPDATE GRHUM.COMMUNE  SET C_POSTAL_PRINCIPAL = '75006' where c_postal = '75006';
UPDATE GRHUM.COMMUNE  SET C_POSTAL_PRINCIPAL = '75007' where c_postal = '75007';
UPDATE GRHUM.COMMUNE  SET C_POSTAL_PRINCIPAL = '75008' where c_postal = '75008';
UPDATE GRHUM.COMMUNE  SET C_POSTAL_PRINCIPAL = '75009' where c_postal = '75009';
UPDATE GRHUM.COMMUNE  SET C_POSTAL_PRINCIPAL = '75010' where c_postal = '75010';
UPDATE GRHUM.COMMUNE  SET C_POSTAL_PRINCIPAL = '75011' where c_postal = '75011';
UPDATE GRHUM.COMMUNE  SET C_POSTAL_PRINCIPAL = '75012' where c_postal = '75012';
UPDATE GRHUM.COMMUNE  SET C_POSTAL_PRINCIPAL = '75013' where c_postal = '75013';
UPDATE GRHUM.COMMUNE  SET C_POSTAL_PRINCIPAL = '75014' where c_postal = '75014';
UPDATE GRHUM.COMMUNE  SET C_POSTAL_PRINCIPAL = '75015' where c_postal = '75015';
UPDATE GRHUM.COMMUNE  SET C_POSTAL_PRINCIPAL = '75016' where c_postal = '75016';
UPDATE GRHUM.COMMUNE  SET C_POSTAL_PRINCIPAL = '75017' where c_postal = '75017';
UPDATE GRHUM.COMMUNE  SET C_POSTAL_PRINCIPAL = '75018' where c_postal = '75018';
UPDATE GRHUM.COMMUNE  SET C_POSTAL_PRINCIPAL = '75019' where c_postal = '75019';


-- Mise a jour des territoires pour les bonifications

DELETE FROM GRHUM.NATURE_BONIF_TAUX;

Insert into GRHUM.NATURE_BONIF_TAUX
   (NBT_ORDRE, NBT_CODE, NBT_LIBELLE, NBT_NUM_TAUX, NBT_DEN_TAUX, D_CREATION, D_MODIFICATION)
 Values
   (1, 'G5101', '1/2', 1, 2, SYSDATE, SYSDATE);
Insert into GRHUM.NATURE_BONIF_TAUX
   (NBT_ORDRE, NBT_CODE, NBT_LIBELLE, NBT_NUM_TAUX, NBT_DEN_TAUX, D_CREATION, D_MODIFICATION)
 Values
   (2, 'G5200', '1/3', 1, 3, SYSDATE, SYSDATE);

UPDATE GRHUM.NATURE_BONIF_TERRITOIRE SET NBT_ORDRE = 2  WHERE NBOT_CODE = '19999';

declare
cpt integer;
begin 

	SELECT COUNT(*) INTO cpt FROM GRHUM.nature_bonif_territoire where nbot_code = '10730';
	
	if (cpt = 0)
	then 

		-- AJOUT DES PAYS INEXISTANTS

		Insert into GRHUM.NATURE_BONIF_TERRITOIRE
		values (grhum.nature_bonif_territoire_seq.nextval, '10731', 'Guinée Bissau', TO_DATE('01/01/1970', 'MM/DD/YYYY'), NULL, SYSDATE, SYSDATE, 2);
		Insert into GRHUM.NATURE_BONIF_TERRITOIRE
		values (grhum.nature_bonif_territoire_seq.nextval, '10730', 'Guinée Equatoriale', TO_DATE('01/01/1970', 'MM/DD/YYYY'), NULL, SYSDATE, SYSDATE, 2);
		Insert into GRHUM.NATURE_BONIF_TERRITOIRE
		values (grhum.nature_bonif_territoire_seq.nextval, '10781', 'Soudan', TO_DATE('01/01/1970', 'MM/DD/YYYY'), NULL, SYSDATE, SYSDATE, 2);
		Insert into GRHUM.NATURE_BONIF_TERRITOIRE
		values (grhum.nature_bonif_territoire_seq.nextval, '12011', 'Algérie', TO_DATE('01/01/1970', 'MM/DD/YYYY'), NULL, SYSDATE, SYSDATE, 2);
		Insert into GRHUM.NATURE_BONIF_TERRITOIRE
		values (grhum.nature_bonif_territoire_seq.nextval, '10119', 'Tunisie', TO_DATE('01/01/1970', 'MM/DD/YYYY'), NULL, SYSDATE, SYSDATE, 2);
		Insert into GRHUM.NATURE_BONIF_TERRITOIRE
		values (grhum.nature_bonif_territoire_seq.nextval, '10112', 'Maroc', TO_DATE('01/01/1970', 'MM/DD/YYYY'), NULL, SYSDATE, SYSDATE, 2);
		Insert into GRHUM.NATURE_BONIF_TERRITOIRE
		values (grhum.nature_bonif_territoire_seq.nextval, '10749', 'Libye', TO_DATE('01/01/1970', 'MM/DD/YYYY'), NULL, SYSDATE, SYSDATE, 2);
		Insert into GRHUM.NATURE_BONIF_TERRITOIRE
		values (grhum.nature_bonif_territoire_seq.nextval, '10721', 'Egypte', TO_DATE('01/01/1970', 'MM/DD/YYYY'), NULL, SYSDATE, SYSDATE, 2);
		Insert into GRHUM.NATURE_BONIF_TERRITOIRE
		values (grhum.nature_bonif_territoire_seq.nextval, '10725', 'Ethiopie', TO_DATE('01/01/1970', 'MM/DD/YYYY'), NULL, SYSDATE, SYSDATE, 2);
		Insert into GRHUM.NATURE_BONIF_TERRITOIRE
		values (grhum.nature_bonif_territoire_seq.nextval, '10780', 'Somalie', TO_DATE('01/01/1970', 'MM/DD/YYYY'), NULL, SYSDATE, SYSDATE, 2);
		Insert into GRHUM.NATURE_BONIF_TERRITOIRE
		values (grhum.nature_bonif_territoire_seq.nextval, '10703', 'Angola', TO_DATE('01/01/1970', 'MM/DD/YYYY'), NULL, SYSDATE, SYSDATE, 2);
		Insert into GRHUM.NATURE_BONIF_TERRITOIRE
		values (grhum.nature_bonif_territoire_seq.nextval, '10713', 'Botswana', TO_DATE('01/01/1970', 'MM/DD/YYYY'), NULL, SYSDATE, SYSDATE, 2);
		Insert into GRHUM.NATURE_BONIF_TERRITOIRE
		values (grhum.nature_bonif_territoire_seq.nextval, '10715', 'Burundi', TO_DATE('01/01/1970', 'MM/DD/YYYY'), NULL, SYSDATE, SYSDATE, 2);
		Insert into GRHUM.NATURE_BONIF_TERRITOIRE
		values (grhum.nature_bonif_territoire_seq.nextval, '10728', 'Ghana', TO_DATE('01/01/1970', 'MM/DD/YYYY'), NULL, SYSDATE, SYSDATE, 2);
		Insert into GRHUM.NATURE_BONIF_TERRITOIRE
		values (grhum.nature_bonif_territoire_seq.nextval, '10744', 'Kenya', TO_DATE('01/01/1970', 'MM/DD/YYYY'), NULL, SYSDATE, SYSDATE, 2);
		Insert into GRHUM.NATURE_BONIF_TERRITOIRE
		values (grhum.nature_bonif_territoire_seq.nextval, '10748', 'Libéria', TO_DATE('01/01/1970', 'MM/DD/YYYY'), NULL, SYSDATE, SYSDATE, 2);
		Insert into GRHUM.NATURE_BONIF_TERRITOIRE
		values (grhum.nature_bonif_territoire_seq.nextval, '10751', 'Malawi', TO_DATE('01/01/1970', 'MM/DD/YYYY'), NULL, SYSDATE, SYSDATE, 2);
		Insert into GRHUM.NATURE_BONIF_TERRITOIRE
		values (grhum.nature_bonif_territoire_seq.nextval, '10755', 'Mozambique', TO_DATE('01/01/1970', 'MM/DD/YYYY'), NULL, SYSDATE, SYSDATE, 2);
		Insert into GRHUM.NATURE_BONIF_TERRITOIRE
		values (grhum.nature_bonif_territoire_seq.nextval, '15181', 'Ouganda', TO_DATE('01/01/1970', 'MM/DD/YYYY'), NULL, SYSDATE, SYSDATE, 2);
		Insert into GRHUM.NATURE_BONIF_TERRITOIRE
		values (grhum.nature_bonif_territoire_seq.nextval, '10771', 'Rwanda', TO_DATE('01/01/1970', 'MM/DD/YYYY'), NULL, SYSDATE, SYSDATE, 2);
		Insert into GRHUM.NATURE_BONIF_TERRITOIRE
		values (grhum.nature_bonif_territoire_seq.nextval, '10778', 'Sierra Leone', TO_DATE('01/01/1970', 'MM/DD/YYYY'), NULL, SYSDATE, SYSDATE, 2);
		Insert into GRHUM.NATURE_BONIF_TERRITOIRE
		values (grhum.nature_bonif_territoire_seq.nextval, '10785', 'Tanzanie', TO_DATE('01/01/1970', 'MM/DD/YYYY'), NULL, SYSDATE, SYSDATE, 2);
		Insert into GRHUM.NATURE_BONIF_TERRITOIRE
		values (grhum.nature_bonif_territoire_seq.nextval, '10793', 'Zambie', TO_DATE('01/01/1970', 'MM/DD/YYYY'), NULL, SYSDATE, SYSDATE, 2);
		Insert into GRHUM.NATURE_BONIF_TERRITOIRE
		values (grhum.nature_bonif_territoire_seq.nextval, '10794', 'Zimbabwe', TO_DATE('01/01/1970', 'MM/DD/YYYY'), NULL, SYSDATE, SYSDATE, 2);
		Insert into GRHUM.NATURE_BONIF_TERRITOIRE
		values (grhum.nature_bonif_territoire_seq.nextval, '10702', 'Afrique du Sud', TO_DATE('01/01/1970', 'MM/DD/YYYY'), NULL, SYSDATE, SYSDATE, 2);
		Insert into GRHUM.NATURE_BONIF_TERRITOIRE
		values (grhum.nature_bonif_territoire_seq.nextval, '10502', 'Guyane', TO_DATE('01/01/1970', 'MM/DD/YYYY'), NULL, SYSDATE, SYSDATE, 2);
		Insert into GRHUM.NATURE_BONIF_TERRITOIRE
		values (grhum.nature_bonif_territoire_seq.nextval, '10501', 'Guadeloupe', TO_DATE('01/01/1970', 'MM/DD/YYYY'), NULL, SYSDATE, SYSDATE, 2);
		Insert into GRHUM.NATURE_BONIF_TERRITOIRE
		values (grhum.nature_bonif_territoire_seq.nextval, '10503', 'Martinique', TO_DATE('01/01/1970', 'MM/DD/YYYY'), NULL, SYSDATE, SYSDATE, 2);
		Insert into GRHUM.NATURE_BONIF_TERRITOIRE
		values (grhum.nature_bonif_territoire_seq.nextval, '10507', 'Réunion', TO_DATE('01/01/1970', 'MM/DD/YYYY'), NULL, SYSDATE, SYSDATE, 2);
		Insert into GRHUM.NATURE_BONIF_TERRITOIRE
		values (grhum.nature_bonif_territoire_seq.nextval, '10505', 'Nouvelle-Calédonie', TO_DATE('01/01/1970', 'MM/DD/YYYY'), NULL, SYSDATE, SYSDATE, 2);
		Insert into GRHUM.NATURE_BONIF_TERRITOIRE
		values (grhum.nature_bonif_territoire_seq.nextval, '10506', 'Polynésie Française', TO_DATE('01/01/1970', 'MM/DD/YYYY'), NULL, SYSDATE, SYSDATE, 2);
		Insert into GRHUM.NATURE_BONIF_TERRITOIRE
		values (grhum.nature_bonif_territoire_seq.nextval, '19031', 'St-Pierre et Miquelon', TO_DATE('01/01/1970', 'MM/DD/YYYY'), NULL, SYSDATE, SYSDATE, 2);
		Insert into GRHUM.NATURE_BONIF_TERRITOIRE
		values (grhum.nature_bonif_territoire_seq.nextval, '10799', 'Chypre', TO_DATE('01/01/1970', 'MM/DD/YYYY'), NULL, SYSDATE, SYSDATE, 2);
		Insert into GRHUM.NATURE_BONIF_TERRITOIRE
		values (grhum.nature_bonif_territoire_seq.nextval, '10790', 'Turquie', TO_DATE('01/01/1970', 'MM/DD/YYYY'), NULL, SYSDATE, SYSDATE, 2);
		Insert into GRHUM.NATURE_BONIF_TERRITOIRE
		values (grhum.nature_bonif_territoire_seq.nextval, '10796', 'Arménie', TO_DATE('01/01/1970', 'MM/DD/YYYY'), NULL, SYSDATE, SYSDATE, 2);
		Insert into GRHUM.NATURE_BONIF_TERRITOIRE
		values (grhum.nature_bonif_territoire_seq.nextval, '10797', 'Azerbaïdjan', TO_DATE('01/01/1970', 'MM/DD/YYYY'), NULL, SYSDATE, SYSDATE, 2);
		Insert into GRHUM.NATURE_BONIF_TERRITOIRE
		values (grhum.nature_bonif_territoire_seq.nextval, '10800', 'Géorgie', TO_DATE('01/01/1970', 'MM/DD/YYYY'), NULL, SYSDATE, SYSDATE, 2);
		Insert into GRHUM.NATURE_BONIF_TERRITOIRE
		values (grhum.nature_bonif_territoire_seq.nextval, '10801', 'Kazakhstan', TO_DATE('01/01/1970', 'MM/DD/YYYY'), NULL, SYSDATE, SYSDATE, 2);

	end if;
end;
/


---------------------------V20131219.140922__DML_Maj_territoire_bonif.sql---------------------------

-- Mise a jour des territoires pour les bonifications

-- Gabon
UPDATE GRHUM.NATURE_BONIF_TERRITOIRE SET NBT_ORDRE = 1  WHERE NBOT_CODE = '10108';
-- Congo
UPDATE GRHUM.NATURE_BONIF_TERRITOIRE SET NBT_ORDRE = 1  WHERE NBOT_CODE = '10105';
-- Centrafrique
UPDATE GRHUM.NATURE_BONIF_TERRITOIRE SET NBT_ORDRE = 1  WHERE NBOT_CODE = '10115'; 
-- Tchad
UPDATE GRHUM.NATURE_BONIF_TERRITOIRE SET NBT_ORDRE = 1  WHERE NBOT_CODE = '10118'; 
-- Cameroun
UPDATE GRHUM.NATURE_BONIF_TERRITOIRE SET NBT_ORDRE = 1  WHERE NBOT_CODE = '10104'; 
-- Senegal
UPDATE GRHUM.NATURE_BONIF_TERRITOIRE SET NBT_ORDRE = 1  WHERE NBOT_CODE = '10117' ; 
-- Mauritanie
UPDATE GRHUM.NATURE_BONIF_TERRITOIRE SET NBT_ORDRE = 1  WHERE NBOT_CODE = '10113' ; 
-- Mali
UPDATE GRHUM.NATURE_BONIF_TERRITOIRE SET NBT_ORDRE = 1  WHERE NBOT_CODE = '10111' ; 
-- Burkina
UPDATE GRHUM.NATURE_BONIF_TERRITOIRE SET NBT_ORDRE = 1  WHERE NBOT_CODE = '10103' ; 
-- Guinée
UPDATE GRHUM.NATURE_BONIF_TERRITOIRE SET NBT_ORDRE = 1  WHERE NBOT_CODE = '10109' ; 
-- Niger
UPDATE GRHUM.NATURE_BONIF_TERRITOIRE SET NBT_ORDRE = 1  WHERE NBOT_CODE = '10114' ; 
-- Cote d'Ivoire
UPDATE GRHUM.NATURE_BONIF_TERRITOIRE SET NBT_ORDRE = 1  WHERE NBOT_CODE = '10106' ; 
-- Benin
UPDATE GRHUM.NATURE_BONIF_TERRITOIRE SET NBT_ORDRE = 1  WHERE NBOT_CODE = '10102' ; 
-- Togo
UPDATE GRHUM.NATURE_BONIF_TERRITOIRE SET NBT_ORDRE = 1  WHERE NBOT_CODE = '10123' ;
-- Djibouti 
UPDATE GRHUM.NATURE_BONIF_TERRITOIRE SET NBT_ORDRE = 1  WHERE NBOT_CODE = '10107' ; 
-- Vietnam
UPDATE GRHUM.NATURE_BONIF_TERRITOIRE SET NBT_ORDRE = 1  WHERE NBOT_CODE = '10303' ; 
-- Cambodge
UPDATE GRHUM.NATURE_BONIF_TERRITOIRE SET NBT_ORDRE = 1  WHERE NBOT_CODE = '10301' ; 
-- Laos
UPDATE GRHUM.NATURE_BONIF_TERRITOIRE SET NBT_ORDRE = 1  WHERE NBOT_CODE = '10302' ; 
-- Pondichery
UPDATE GRHUM.NATURE_BONIF_TERRITOIRE SET NBT_ORDRE = 1  WHERE NBOT_CODE = '10404' ; 
-- Chandernagor
UPDATE GRHUM.NATURE_BONIF_TERRITOIRE SET NBT_ORDRE = 1  WHERE NBOT_CODE = '10401' ; 
-- Yanaon
UPDATE GRHUM.NATURE_BONIF_TERRITOIRE SET NBT_ORDRE = 1  WHERE NBOT_CODE = '10405' ; 
-- Karikal
UPDATE GRHUM.NATURE_BONIF_TERRITOIRE SET NBT_ORDRE = 1  WHERE NBOT_CODE = '10402' ; 
-- Mahe
UPDATE GRHUM.NATURE_BONIF_TERRITOIRE SET NBT_ORDRE = 1  WHERE NBOT_CODE = '10403' ; 
-- Mdaagascar
UPDATE GRHUM.NATURE_BONIF_TERRITOIRE SET NBT_ORDRE = 1  WHERE NBOT_CODE = '10110' ; 
-- Vanuatu
UPDATE GRHUM.NATURE_BONIF_TERRITOIRE SET NBT_ORDRE = 1  WHERE NBOT_CODE = '10601' ; 
-- Walis et Futuna
UPDATE GRHUM.NATURE_BONIF_TERRITOIRE SET NBT_ORDRE = 1  WHERE NBOT_CODE = '10510' ; 
-- Mayotte
UPDATE GRHUM.NATURE_BONIF_TERRITOIRE SET NBT_ORDRE = 1  WHERE NBOT_CODE = '10504' ; 



--DB_VERSION 
INSERT INTO GRHUM.DB_VERSION(DBV_ID,DBV_LIBELLE,DBV_DATE,DBV_INSTALL,DBV_COMMENT) VALUES(GRHUM.DB_VERSION_SEQ.NEXTVAL,'1.8.8.0',to_date('19/12/2013','DD/MM/YYYY'),sysdate,'Mise à jour de la nomenclature Corps-Grade-Bonif');
COMMIT;
