--
-- Patch DML de SCO_SCOLARITE du 21/02/2013 à exécuter depuis le user GRHUM
--
-- Rem : fichier encodé UTF-8

SET DEFINE OFF;

--
--
-- Fichier : 3/3
-- Type : DML
-- Schema : SCO_SCOLARITE
-- Numero de version : 0.1.0.3
-- Date de publication : 21/02/2013
-- Auteur(s) : Association Cocktail
--
--
WHENEVER SQLERROR EXIT SQL.SQLCODE;

-- TABLE DES TYPE_COMPOSANT
INSERT INTO SCO_SCOLARITE.TYPE_COMPOSANT(ID_TYPE_COMPOSANT, NOM, LIBELLE) VALUES (1,'AE', 'AE');
INSERT INTO SCO_SCOLARITE.TYPE_COMPOSANT(ID_TYPE_COMPOSANT, NOM, LIBELLE) VALUES (2,'AP', 'AP');
INSERT INTO SCO_SCOLARITE.TYPE_COMPOSANT(ID_TYPE_COMPOSANT, NOM, LIBELLE) VALUES (3,'EC', 'EC');
INSERT INTO SCO_SCOLARITE.TYPE_COMPOSANT(ID_TYPE_COMPOSANT, NOM, LIBELLE) VALUES (4,'UE', 'UE');
INSERT INTO SCO_SCOLARITE.TYPE_COMPOSANT(ID_TYPE_COMPOSANT, NOM, LIBELLE) VALUES (5,'REGROUPEMENT', 'Regroupement');
INSERT INTO SCO_SCOLARITE.TYPE_COMPOSANT(ID_TYPE_COMPOSANT, NOM, LIBELLE) VALUES (6,'PARCOURS', 'Parcours');
INSERT INTO SCO_SCOLARITE.TYPE_COMPOSANT(ID_TYPE_COMPOSANT, NOM, LIBELLE) VALUES (7,'PERIODE', 'Période');
INSERT INTO SCO_SCOLARITE.TYPE_COMPOSANT(ID_TYPE_COMPOSANT, NOM, LIBELLE) VALUES (8,'VERSION_DIPLOME', 'Diplôme');
INSERT INTO SCO_SCOLARITE.TYPE_COMPOSANT(ID_TYPE_COMPOSANT, NOM, LIBELLE) VALUES (9,'DIPLOME', 'Diplôme');

-- TABLE DES TYPE_LIEN
INSERT INTO SCO_SCOLARITE.TYPE_LIEN(ID_TYPE_LIEN, NOM) VALUES (1,'composer');
INSERT INTO SCO_SCOLARITE.TYPE_LIEN(ID_TYPE_LIEN, NOM) VALUES (2,'versionner');
INSERT INTO SCO_SCOLARITE.TYPE_LIEN(ID_TYPE_LIEN, NOM) VALUES (3,'lierDiplomeIntermediaire');

-- TABLE DES REGLE_LIAISON
INSERT INTO SCO_SCOLARITE.REGLE_LIAISON(ID_REGLE_LIAISON, ALLOWED_PARENT_ID, ALLOWED_CHILD_ID, TYPE_LIEN_ID, FORBIDDEN) VALUES (1, 3, 1, 1, 0);
INSERT INTO SCO_SCOLARITE.REGLE_LIAISON(ID_REGLE_LIAISON, ALLOWED_PARENT_ID, ALLOWED_CHILD_ID, TYPE_LIEN_ID, FORBIDDEN) VALUES (2, 3, 2, 1, 0);
INSERT INTO SCO_SCOLARITE.REGLE_LIAISON(ID_REGLE_LIAISON, ALLOWED_PARENT_ID, ALLOWED_CHILD_ID, TYPE_LIEN_ID, FORBIDDEN) VALUES (3, 4, 3, 1, 0);
INSERT INTO SCO_SCOLARITE.REGLE_LIAISON(ID_REGLE_LIAISON, ALLOWED_PARENT_ID, ALLOWED_CHILD_ID, TYPE_LIEN_ID, FORBIDDEN) VALUES (4, 4, 2, 1, 0);
INSERT INTO SCO_SCOLARITE.REGLE_LIAISON(ID_REGLE_LIAISON, ALLOWED_PARENT_ID, ALLOWED_CHILD_ID, TYPE_LIEN_ID, FORBIDDEN) VALUES (5, 5, 5, 1, 0);
INSERT INTO SCO_SCOLARITE.REGLE_LIAISON(ID_REGLE_LIAISON, ALLOWED_PARENT_ID, ALLOWED_CHILD_ID, TYPE_LIEN_ID, FORBIDDEN) VALUES (6, 5, 4, 1, 0);
INSERT INTO SCO_SCOLARITE.REGLE_LIAISON(ID_REGLE_LIAISON, ALLOWED_PARENT_ID, ALLOWED_CHILD_ID, TYPE_LIEN_ID, FORBIDDEN) VALUES (7, 5, 3, 1, 0);
INSERT INTO SCO_SCOLARITE.REGLE_LIAISON(ID_REGLE_LIAISON, ALLOWED_PARENT_ID, ALLOWED_CHILD_ID, TYPE_LIEN_ID, FORBIDDEN) VALUES (8, 6, 7, 1, 0);
INSERT INTO SCO_SCOLARITE.REGLE_LIAISON(ID_REGLE_LIAISON, ALLOWED_PARENT_ID, ALLOWED_CHILD_ID, TYPE_LIEN_ID, FORBIDDEN) VALUES (9, 6, 5, 1, 0);
INSERT INTO SCO_SCOLARITE.REGLE_LIAISON(ID_REGLE_LIAISON, ALLOWED_PARENT_ID, ALLOWED_CHILD_ID, TYPE_LIEN_ID, FORBIDDEN) VALUES (10, 6, 4, 1, 0);
INSERT INTO SCO_SCOLARITE.REGLE_LIAISON(ID_REGLE_LIAISON, ALLOWED_PARENT_ID, ALLOWED_CHILD_ID, TYPE_LIEN_ID, FORBIDDEN) VALUES (11, 6, 3, 1, 0);
INSERT INTO SCO_SCOLARITE.REGLE_LIAISON(ID_REGLE_LIAISON, ALLOWED_PARENT_ID, ALLOWED_CHILD_ID, TYPE_LIEN_ID, FORBIDDEN) VALUES (12, 7, 7, 1, 0);
INSERT INTO SCO_SCOLARITE.REGLE_LIAISON(ID_REGLE_LIAISON, ALLOWED_PARENT_ID, ALLOWED_CHILD_ID, TYPE_LIEN_ID, FORBIDDEN) VALUES (13, 7, 6, 1, 0);
INSERT INTO SCO_SCOLARITE.REGLE_LIAISON(ID_REGLE_LIAISON, ALLOWED_PARENT_ID, ALLOWED_CHILD_ID, TYPE_LIEN_ID, FORBIDDEN) VALUES (14, 7, 5, 1, 0);
INSERT INTO SCO_SCOLARITE.REGLE_LIAISON(ID_REGLE_LIAISON, ALLOWED_PARENT_ID, ALLOWED_CHILD_ID, TYPE_LIEN_ID, FORBIDDEN) VALUES (15, 8, 7, 1, 0);
INSERT INTO SCO_SCOLARITE.REGLE_LIAISON(ID_REGLE_LIAISON, ALLOWED_PARENT_ID, ALLOWED_CHILD_ID, TYPE_LIEN_ID, FORBIDDEN) VALUES (16, 8, 6, 1, 0);
INSERT INTO SCO_SCOLARITE.REGLE_LIAISON(ID_REGLE_LIAISON, ALLOWED_PARENT_ID, ALLOWED_CHILD_ID, TYPE_LIEN_ID, FORBIDDEN) VALUES (17, 8, 4, 1, 0);
INSERT INTO SCO_SCOLARITE.REGLE_LIAISON(ID_REGLE_LIAISON, ALLOWED_PARENT_ID, ALLOWED_CHILD_ID, TYPE_LIEN_ID, FORBIDDEN) VALUES (18, 9, 8, 2, 0);
INSERT INTO SCO_SCOLARITE.REGLE_LIAISON(ID_REGLE_LIAISON, ALLOWED_PARENT_ID, ALLOWED_CHILD_ID, TYPE_LIEN_ID, FORBIDDEN) VALUES (19, 9, 9, 3, 0);
-- les règles non autorisées
INSERT INTO SCO_SCOLARITE.REGLE_LIAISON(ID_REGLE_LIAISON, ALLOWED_PARENT_ID, ALLOWED_CHILD_ID, TYPE_LIEN_ID, FORBIDDEN, VISIBLE) VALUES (20, 1, 1, 1, 1, 0);
INSERT INTO SCO_SCOLARITE.REGLE_LIAISON(ID_REGLE_LIAISON, ALLOWED_PARENT_ID, ALLOWED_CHILD_ID, TYPE_LIEN_ID, FORBIDDEN, VISIBLE) VALUES (21, 2, 2, 1, 1, 0);
INSERT INTO SCO_SCOLARITE.REGLE_LIAISON(ID_REGLE_LIAISON, ALLOWED_PARENT_ID, ALLOWED_CHILD_ID, TYPE_LIEN_ID, FORBIDDEN, VISIBLE) VALUES (22, 3, 3, 1, 1, 0);
INSERT INTO SCO_SCOLARITE.REGLE_LIAISON(ID_REGLE_LIAISON, ALLOWED_PARENT_ID, ALLOWED_CHILD_ID, TYPE_LIEN_ID, FORBIDDEN, VISIBLE) VALUES (23, 4, 4, 1, 1, 0);
INSERT INTO SCO_SCOLARITE.REGLE_LIAISON(ID_REGLE_LIAISON, ALLOWED_PARENT_ID, ALLOWED_CHILD_ID, TYPE_LIEN_ID, FORBIDDEN, VISIBLE) VALUES (24, 8, 8, 1, 1, 0);

-- checkboxes non visibles
INSERT INTO SCO_SCOLARITE.REGLE_LIAISON(ID_REGLE_LIAISON, ALLOWED_PARENT_ID, ALLOWED_CHILD_ID, TYPE_LIEN_ID, FORBIDDEN, VISIBLE) VALUES (25, 1, 2, 1, 0, 0);
INSERT INTO SCO_SCOLARITE.REGLE_LIAISON(ID_REGLE_LIAISON, ALLOWED_PARENT_ID, ALLOWED_CHILD_ID, TYPE_LIEN_ID, FORBIDDEN, VISIBLE) VALUES (26, 1, 3, 1, 0, 0);
INSERT INTO SCO_SCOLARITE.REGLE_LIAISON(ID_REGLE_LIAISON, ALLOWED_PARENT_ID, ALLOWED_CHILD_ID, TYPE_LIEN_ID, FORBIDDEN, VISIBLE) VALUES (27, 1, 4, 1, 0, 0);
INSERT INTO SCO_SCOLARITE.REGLE_LIAISON(ID_REGLE_LIAISON, ALLOWED_PARENT_ID, ALLOWED_CHILD_ID, TYPE_LIEN_ID, FORBIDDEN, VISIBLE) VALUES (28, 1, 5, 1, 0, 0);
INSERT INTO SCO_SCOLARITE.REGLE_LIAISON(ID_REGLE_LIAISON, ALLOWED_PARENT_ID, ALLOWED_CHILD_ID, TYPE_LIEN_ID, FORBIDDEN, VISIBLE) VALUES (29, 1, 6, 1, 0, 0);
INSERT INTO SCO_SCOLARITE.REGLE_LIAISON(ID_REGLE_LIAISON, ALLOWED_PARENT_ID, ALLOWED_CHILD_ID, TYPE_LIEN_ID, FORBIDDEN, VISIBLE) VALUES (30, 1, 7, 1, 0, 0);
INSERT INTO SCO_SCOLARITE.REGLE_LIAISON(ID_REGLE_LIAISON, ALLOWED_PARENT_ID, ALLOWED_CHILD_ID, TYPE_LIEN_ID, FORBIDDEN, VISIBLE) VALUES (31, 1, 8, 1, 0, 0);
INSERT INTO SCO_SCOLARITE.REGLE_LIAISON(ID_REGLE_LIAISON, ALLOWED_PARENT_ID, ALLOWED_CHILD_ID, TYPE_LIEN_ID, FORBIDDEN, VISIBLE) VALUES (32, 2, 1, 1, 0, 0);
INSERT INTO SCO_SCOLARITE.REGLE_LIAISON(ID_REGLE_LIAISON, ALLOWED_PARENT_ID, ALLOWED_CHILD_ID, TYPE_LIEN_ID, FORBIDDEN, VISIBLE) VALUES (33, 2, 3, 1, 0, 0);
INSERT INTO SCO_SCOLARITE.REGLE_LIAISON(ID_REGLE_LIAISON, ALLOWED_PARENT_ID, ALLOWED_CHILD_ID, TYPE_LIEN_ID, FORBIDDEN, VISIBLE) VALUES (34, 2, 4, 1, 0, 0);
INSERT INTO SCO_SCOLARITE.REGLE_LIAISON(ID_REGLE_LIAISON, ALLOWED_PARENT_ID, ALLOWED_CHILD_ID, TYPE_LIEN_ID, FORBIDDEN, VISIBLE) VALUES (35, 2, 5, 1, 0, 0);
INSERT INTO SCO_SCOLARITE.REGLE_LIAISON(ID_REGLE_LIAISON, ALLOWED_PARENT_ID, ALLOWED_CHILD_ID, TYPE_LIEN_ID, FORBIDDEN, VISIBLE) VALUES (36, 2, 6, 1, 0, 0);
INSERT INTO SCO_SCOLARITE.REGLE_LIAISON(ID_REGLE_LIAISON, ALLOWED_PARENT_ID, ALLOWED_CHILD_ID, TYPE_LIEN_ID, FORBIDDEN, VISIBLE) VALUES (37, 2, 7, 1, 0, 0);
INSERT INTO SCO_SCOLARITE.REGLE_LIAISON(ID_REGLE_LIAISON, ALLOWED_PARENT_ID, ALLOWED_CHILD_ID, TYPE_LIEN_ID, FORBIDDEN, VISIBLE) VALUES (38, 2, 8, 1, 0, 0);
INSERT INTO SCO_SCOLARITE.REGLE_LIAISON(ID_REGLE_LIAISON, ALLOWED_PARENT_ID, ALLOWED_CHILD_ID, TYPE_LIEN_ID, FORBIDDEN, VISIBLE) VALUES (39, 3, 4, 1, 0, 0);
INSERT INTO SCO_SCOLARITE.REGLE_LIAISON(ID_REGLE_LIAISON, ALLOWED_PARENT_ID, ALLOWED_CHILD_ID, TYPE_LIEN_ID, FORBIDDEN, VISIBLE) VALUES (40, 3, 5, 1, 0, 0);
INSERT INTO SCO_SCOLARITE.REGLE_LIAISON(ID_REGLE_LIAISON, ALLOWED_PARENT_ID, ALLOWED_CHILD_ID, TYPE_LIEN_ID, FORBIDDEN, VISIBLE) VALUES (41, 3, 6, 1, 0, 0);
INSERT INTO SCO_SCOLARITE.REGLE_LIAISON(ID_REGLE_LIAISON, ALLOWED_PARENT_ID, ALLOWED_CHILD_ID, TYPE_LIEN_ID, FORBIDDEN, VISIBLE) VALUES (42, 3, 7, 1, 0, 0);
INSERT INTO SCO_SCOLARITE.REGLE_LIAISON(ID_REGLE_LIAISON, ALLOWED_PARENT_ID, ALLOWED_CHILD_ID, TYPE_LIEN_ID, FORBIDDEN, VISIBLE) VALUES (43, 3, 8, 1, 0, 0);
INSERT INTO SCO_SCOLARITE.REGLE_LIAISON(ID_REGLE_LIAISON, ALLOWED_PARENT_ID, ALLOWED_CHILD_ID, TYPE_LIEN_ID, FORBIDDEN, VISIBLE) VALUES (44, 4, 6, 1, 0, 0);
INSERT INTO SCO_SCOLARITE.REGLE_LIAISON(ID_REGLE_LIAISON, ALLOWED_PARENT_ID, ALLOWED_CHILD_ID, TYPE_LIEN_ID, FORBIDDEN, VISIBLE) VALUES (45, 4, 7, 1, 0, 0);
INSERT INTO SCO_SCOLARITE.REGLE_LIAISON(ID_REGLE_LIAISON, ALLOWED_PARENT_ID, ALLOWED_CHILD_ID, TYPE_LIEN_ID, FORBIDDEN, VISIBLE) VALUES (46, 4, 8, 1, 0, 0);
INSERT INTO SCO_SCOLARITE.REGLE_LIAISON(ID_REGLE_LIAISON, ALLOWED_PARENT_ID, ALLOWED_CHILD_ID, TYPE_LIEN_ID, FORBIDDEN, VISIBLE) VALUES (47, 5, 6, 1, 0, 0);
INSERT INTO SCO_SCOLARITE.REGLE_LIAISON(ID_REGLE_LIAISON, ALLOWED_PARENT_ID, ALLOWED_CHILD_ID, TYPE_LIEN_ID, FORBIDDEN, VISIBLE) VALUES (48, 5, 7, 1, 0, 0);
INSERT INTO SCO_SCOLARITE.REGLE_LIAISON(ID_REGLE_LIAISON, ALLOWED_PARENT_ID, ALLOWED_CHILD_ID, TYPE_LIEN_ID, FORBIDDEN, VISIBLE) VALUES (49, 5, 8, 1, 0, 0);
INSERT INTO SCO_SCOLARITE.REGLE_LIAISON(ID_REGLE_LIAISON, ALLOWED_PARENT_ID, ALLOWED_CHILD_ID, TYPE_LIEN_ID, FORBIDDEN, VISIBLE) VALUES (50, 6, 1, 1, 0, 0);
INSERT INTO SCO_SCOLARITE.REGLE_LIAISON(ID_REGLE_LIAISON, ALLOWED_PARENT_ID, ALLOWED_CHILD_ID, TYPE_LIEN_ID, FORBIDDEN, VISIBLE) VALUES (51, 6, 2, 1, 0, 0);
INSERT INTO SCO_SCOLARITE.REGLE_LIAISON(ID_REGLE_LIAISON, ALLOWED_PARENT_ID, ALLOWED_CHILD_ID, TYPE_LIEN_ID, FORBIDDEN, VISIBLE) VALUES (52, 6, 8, 1, 0, 0);
INSERT INTO SCO_SCOLARITE.REGLE_LIAISON(ID_REGLE_LIAISON, ALLOWED_PARENT_ID, ALLOWED_CHILD_ID, TYPE_LIEN_ID, FORBIDDEN, VISIBLE) VALUES (53, 7, 1, 1, 0, 0);
INSERT INTO SCO_SCOLARITE.REGLE_LIAISON(ID_REGLE_LIAISON, ALLOWED_PARENT_ID, ALLOWED_CHILD_ID, TYPE_LIEN_ID, FORBIDDEN, VISIBLE) VALUES (54, 7, 2, 1, 0, 0);
INSERT INTO SCO_SCOLARITE.REGLE_LIAISON(ID_REGLE_LIAISON, ALLOWED_PARENT_ID, ALLOWED_CHILD_ID, TYPE_LIEN_ID, FORBIDDEN, VISIBLE) VALUES (55, 7, 8, 1, 0, 0);
INSERT INTO SCO_SCOLARITE.REGLE_LIAISON(ID_REGLE_LIAISON, ALLOWED_PARENT_ID, ALLOWED_CHILD_ID, TYPE_LIEN_ID, FORBIDDEN, VISIBLE) VALUES (56, 8, 1, 1, 0, 0);
INSERT INTO SCO_SCOLARITE.REGLE_LIAISON(ID_REGLE_LIAISON, ALLOWED_PARENT_ID, ALLOWED_CHILD_ID, TYPE_LIEN_ID, FORBIDDEN, VISIBLE) VALUES (57, 8, 2, 1, 0, 0);

-- TABLE GRADE_UNIVERSITAIRE des diplomes
INSERT INTO SCO_SCOLARITE.GRADE_UNIVERSITAIRE(ID_GRADE_UNIVERSITAIRE, TYPE_GRADE_UNIVERSITAIRE, LIBELLE, NB_UNITES_TEMPS) VALUES (1, 'L', 'Licence', 3);
INSERT INTO SCO_SCOLARITE.GRADE_UNIVERSITAIRE(ID_GRADE_UNIVERSITAIRE, TYPE_GRADE_UNIVERSITAIRE, LIBELLE, NB_UNITES_TEMPS) VALUES (2, 'M', 'Master', 2);
INSERT INTO SCO_SCOLARITE.GRADE_UNIVERSITAIRE(ID_GRADE_UNIVERSITAIRE, TYPE_GRADE_UNIVERSITAIRE, LIBELLE, NB_UNITES_TEMPS) VALUES (3, 'D', 'Doctorat', 3);
INSERT INTO SCO_SCOLARITE.GRADE_UNIVERSITAIRE(ID_GRADE_UNIVERSITAIRE, TYPE_GRADE_UNIVERSITAIRE, LIBELLE, NB_UNITES_TEMPS) VALUES (4, 'ING', 'Ingénieur', 5);
INSERT INTO SCO_SCOLARITE.GRADE_UNIVERSITAIRE(ID_GRADE_UNIVERSITAIRE, TYPE_GRADE_UNIVERSITAIRE, LIBELLE, NB_UNITES_TEMPS) VALUES (5, 'LP', 'Licence Professionnelle', 3);
INSERT INTO SCO_SCOLARITE.GRADE_UNIVERSITAIRE(ID_GRADE_UNIVERSITAIRE, TYPE_GRADE_UNIVERSITAIRE, LIBELLE, NB_UNITES_TEMPS) VALUES (6, 'DE', 'Diplome établissement', 2);
INSERT INTO SCO_SCOLARITE.GRADE_UNIVERSITAIRE(ID_GRADE_UNIVERSITAIRE, TYPE_GRADE_UNIVERSITAIRE, LIBELLE, NB_UNITES_TEMPS) VALUES (7, 'DU', 'Diplome Universitaire', 2);

-- TABLE TYPE_ORGANISATION des diplomes
INSERT INTO SCO_SCOLARITE.TYPE_ORGANISATION(ID_TYPE_ORGANISATION, TYPE_ORGANISATION, LIBELLE, NB_PERIODES) VALUES (1, 'SEMESTRIELLE', 'Semestre', 2);
INSERT INTO SCO_SCOLARITE.TYPE_ORGANISATION(ID_TYPE_ORGANISATION, TYPE_ORGANISATION, LIBELLE, NB_PERIODES) VALUES (2, 'ANNUELLE', 'Année', 1);
INSERT INTO SCO_SCOLARITE.TYPE_ORGANISATION(ID_TYPE_ORGANISATION, TYPE_ORGANISATION, LIBELLE, NB_PERIODES) VALUES (3, 'AUTRES', 'Autres', 1);

-- TABLE TYPE_AP
INSERT INTO SCO_SCOLARITE.TYPE_AP(ID_TYPE_AP, CODE, LIBELLE, IS_READ_ONLY) VALUES (1, 'CM', 'Cours Magistraux', 1);
INSERT INTO SCO_SCOLARITE.TYPE_AP(ID_TYPE_AP, CODE, LIBELLE, IS_READ_ONLY) VALUES (2, 'TD', 'Travaux Dirigés', 1);
INSERT INTO SCO_SCOLARITE.TYPE_AP(ID_TYPE_AP, CODE, LIBELLE, IS_READ_ONLY) VALUES (3, 'TP', 'Travaux Pratiques', 1);
INSERT INTO SCO_SCOLARITE.TYPE_AP(ID_TYPE_AP, CODE, LIBELLE, IS_READ_ONLY) VALUES (4, 'MM', 'Mémoire', 1);
INSERT INTO SCO_SCOLARITE.TYPE_AP(ID_TYPE_AP, CODE, LIBELLE, IS_READ_ONLY) VALUES (5, 'ST', 'Stage', 1);
INSERT INTO SCO_SCOLARITE.TYPE_AP(ID_TYPE_AP, CODE, LIBELLE, IS_READ_ONLY) VALUES (6, 'IP', 'Investissement Personnel', 1);

-- TABLE TYPE_AE
INSERT INTO SCO_SCOLARITE.TYPE_AE(ID_TYPE_AE, CODE, LIBELLE, IS_READ_ONLY) VALUES (1, 'CC_ORAL', 'Contrôle Continu Oral', 1);
INSERT INTO SCO_SCOLARITE.TYPE_AE(ID_TYPE_AE, CODE, LIBELLE, IS_READ_ONLY) VALUES (2, 'CC_ECRIT', 'Contrôle Continu Ecrit', 1);
INSERT INTO SCO_SCOLARITE.TYPE_AE(ID_TYPE_AE, CODE, LIBELLE, IS_READ_ONLY) VALUES (3, 'EX_ORAL', 'Examen Oral', 1);
INSERT INTO SCO_SCOLARITE.TYPE_AE(ID_TYPE_AE, CODE, LIBELLE, IS_READ_ONLY) VALUES (4, 'EX_ECRIT', 'Examen Ecrit', 1);
INSERT INTO SCO_SCOLARITE.TYPE_AE(ID_TYPE_AE, CODE, LIBELLE, IS_READ_ONLY) VALUES (5, 'MM', 'Mémoire', 1);
INSERT INTO SCO_SCOLARITE.TYPE_AE(ID_TYPE_AE, CODE, LIBELLE, IS_READ_ONLY) VALUES (6, 'TD', 'Travaux Dirigés', 1);
INSERT INTO SCO_SCOLARITE.TYPE_AE(ID_TYPE_AE, CODE, LIBELLE, IS_READ_ONLY) VALUES (7, 'TP', 'Travaux Pratiques', 1);
INSERT INTO SCO_SCOLARITE.TYPE_AE(ID_TYPE_AE, CODE, LIBELLE, IS_READ_ONLY) VALUES (8, 'STA', 'Stage', 1);
INSERT INTO SCO_SCOLARITE.TYPE_AE(ID_TYPE_AE, CODE, LIBELLE, IS_READ_ONLY) VALUES (9, 'TOEFL', 'TOEFL', 1);
INSERT INTO SCO_SCOLARITE.TYPE_AE(ID_TYPE_AE, CODE, LIBELLE, IS_READ_ONLY) VALUES (10, 'TOEIC', 'TOEIC', 1);

-- TABLE TYPE_FORMATION
INSERT INTO SCO_SCOLARITE.TYPE_FORMATION(ID_TYPE_FORMATION, CODE, LIBELLE) VALUES (1, 'FI', 'Formation Initiale');
INSERT INTO SCO_SCOLARITE.TYPE_FORMATION(ID_TYPE_FORMATION, CODE, LIBELLE) VALUES (2, 'FC', 'Formation Continue');
INSERT INTO SCO_SCOLARITE.TYPE_FORMATION(ID_TYPE_FORMATION, CODE, LIBELLE) VALUES (3, 'FD', 'Formation Diplomante');
INSERT INTO SCO_SCOLARITE.TYPE_FORMATION(ID_TYPE_FORMATION, CODE, LIBELLE) VALUES (4, 'FDN', 'Formation non Diplomante');
INSERT INTO SCO_SCOLARITE.TYPE_FORMATION(ID_TYPE_FORMATION, CODE, LIBELLE) VALUES (5, 'FP', 'Formation Professionalisante');

-- TABLE STATUT_FORMATION
INSERT INTO SCO_SCOLARITE.STATUT_FORMATION(ID_STATUT_FORMATION, CODE, LIBELLE) VALUES (1, 'H', 'Habilité');
INSERT INTO SCO_SCOLARITE.STATUT_FORMATION(ID_STATUT_FORMATION, CODE, LIBELLE) VALUES (2, 'F', 'Fictive');
INSERT INTO SCO_SCOLARITE.STATUT_FORMATION(ID_STATUT_FORMATION, CODE, LIBELLE) VALUES (3, 'EC', 'En Construction');
INSERT INTO SCO_SCOLARITE.STATUT_FORMATION(ID_STATUT_FORMATION, CODE, LIBELLE) VALUES (4, 'A', 'Autres');

-- TABLE DOMAINE
INSERT INTO SCO_SCOLARITE.DOMAINE(ID_DOMAINE, CODE, LL_DOMAINE, LC_DOMAINE, IS_READ_ONLY) VALUES (1, 'STS', 'Sciences, Technologies, Santé', 'S.T.S.', 1);
INSERT INTO SCO_SCOLARITE.DOMAINE(ID_DOMAINE, CODE, LL_DOMAINE, LC_DOMAINE, IS_READ_ONLY) VALUES (2, 'STAPS', 'Sciences et Techniques des Activités Physiques et Sportives', 'STAPS', 1);

-- TABLE SPECIALITE
INSERT INTO SCO_SCOLARITE.SPECIALITE(ID_SPECIALITE, CODE, LL_SPECIALITE, LC_SPECIALITE, IS_READ_ONLY) VALUES (1, 'EGE1', 'Génie Electrique', '', 1);
INSERT INTO SCO_SCOLARITE.SPECIALITE(ID_SPECIALITE, CODE, LL_SPECIALITE, LC_SPECIALITE, IS_READ_ONLY) VALUES (2, 'INF4', 'Informatiques et Gestion', '', 1);

-- TABLE TYPE_FORMULE
INSERT INTO SCO_SCOLARITE.TYPE_FORMULE(ID_TYPE_FORMULE, TYPE_FORMULE, LIBELLE, IS_READ_ONLY) VALUES (1, 'MOYENNE', 'Moyenne', 1);
INSERT INTO SCO_SCOLARITE.TYPE_FORMULE(ID_TYPE_FORMULE, TYPE_FORMULE, LIBELLE, IS_READ_ONLY) VALUES (2, 'ADMISSION', 'Admission', 1);
INSERT INTO SCO_SCOLARITE.TYPE_FORMULE(ID_TYPE_FORMULE, TYPE_FORMULE, LIBELLE, IS_READ_ONLY) VALUES (3, 'COMPENSATION', 'Compensation', 1);

-- TABLE TYPE_DESCRIPTIFDESTINATION
INSERT INTO SCO_SCOLARITE.TYPE_DESCRIPTIFDESTINATION(ID_TYPE_DESCRIPTIFDESTINATION, TYPE_DESCRIPTIFDESTINATION, LIBELLE, IS_READ_ONLY) VALUES (1, 'HABILITATION', 'Habilitation', 1);
INSERT INTO SCO_SCOLARITE.TYPE_DESCRIPTIFDESTINATION(ID_TYPE_DESCRIPTIFDESTINATION, TYPE_DESCRIPTIFDESTINATION, LIBELLE, IS_READ_ONLY) VALUES (2, 'PUBLICATION', 'Publication', 1);

-- TABLE MODE_AP
INSERT INTO SCO_SCOLARITE.MODE_AP(ID_MODE_AP, CODE, LIBELLE, IS_READ_ONLY) VALUES (1, 'PRES', 'Présentiel', 1);
INSERT INTO SCO_SCOLARITE.MODE_AP(ID_MODE_AP, CODE, LIBELLE, IS_READ_ONLY) VALUES (2, 'ADIST', 'A distance', 1);
INSERT INTO SCO_SCOLARITE.MODE_AP(ID_MODE_AP, CODE, LIBELLE, IS_READ_ONLY) VALUES (3, 'AUTOFOR', 'Auto-formation', 1);

-- TABLE THEME_DESCRIPTIF
INSERT INTO SCO_SCOLARITE.DESCRIPTIF_THEME(ID_DESCRIPTIF_THEME, TYPE_COMPOSANT_ID, LIBELLE) VALUES(1, 3, 'Description générale');
INSERT INTO SCO_SCOLARITE.DESCRIPTIF_THEME(ID_DESCRIPTIF_THEME, TYPE_COMPOSANT_ID, LIBELLE) VALUES(2, 3, 'Description complémentaire');
INSERT INTO SCO_SCOLARITE.DESCRIPTIF_THEME(ID_DESCRIPTIF_THEME, TYPE_COMPOSANT_ID, LIBELLE) VALUES(3, 4, 'Description générale');
INSERT INTO SCO_SCOLARITE.DESCRIPTIF_THEME(ID_DESCRIPTIF_THEME, TYPE_COMPOSANT_ID, LIBELLE) VALUES(4, 4, 'Description complémentaire');
INSERT INTO SCO_SCOLARITE.DESCRIPTIF_THEME(ID_DESCRIPTIF_THEME, TYPE_COMPOSANT_ID, LIBELLE) VALUES(5, 5, 'Description générale');
INSERT INTO SCO_SCOLARITE.DESCRIPTIF_THEME(ID_DESCRIPTIF_THEME, TYPE_COMPOSANT_ID, LIBELLE) VALUES(6, 5, 'Description complémentaire');
INSERT INTO SCO_SCOLARITE.DESCRIPTIF_THEME(ID_DESCRIPTIF_THEME, TYPE_COMPOSANT_ID, LIBELLE) VALUES(7, 9, 'Politique de recrutement');
INSERT INTO SCO_SCOLARITE.DESCRIPTIF_THEME(ID_DESCRIPTIF_THEME, TYPE_COMPOSANT_ID, LIBELLE) VALUES(8, 9, 'Objectifs de la formation');
INSERT INTO SCO_SCOLARITE.DESCRIPTIF_THEME(ID_DESCRIPTIF_THEME, TYPE_COMPOSANT_ID, LIBELLE) VALUES(9, 9, 'Positionnement');
INSERT INTO SCO_SCOLARITE.DESCRIPTIF_THEME(ID_DESCRIPTIF_THEME, TYPE_COMPOSANT_ID, LIBELLE) VALUES(10, 9, 'Organisation');
INSERT INTO SCO_SCOLARITE.DESCRIPTIF_THEME(ID_DESCRIPTIF_THEME, TYPE_COMPOSANT_ID, LIBELLE) VALUES(11, 9, 'Dispositifs d''accompagnement');
INSERT INTO SCO_SCOLARITE.DESCRIPTIF_THEME(ID_DESCRIPTIF_THEME, TYPE_COMPOSANT_ID, LIBELLE) VALUES(12, 9, 'Insertion professionnelle');
INSERT INTO SCO_SCOLARITE.DESCRIPTIF_THEME(ID_DESCRIPTIF_THEME, TYPE_COMPOSANT_ID, LIBELLE) VALUES(13, 9, 'Formation continue/alternance');
INSERT INTO SCO_SCOLARITE.DESCRIPTIF_THEME(ID_DESCRIPTIF_THEME, TYPE_COMPOSANT_ID, LIBELLE) VALUES(14, 9, 'Ouverture à l''internationale');
INSERT INTO SCO_SCOLARITE.DESCRIPTIF_THEME(ID_DESCRIPTIF_THEME, TYPE_COMPOSANT_ID, LIBELLE) VALUES(15, 9, 'Dispositif d''évaluation');
INSERT INTO SCO_SCOLARITE.DESCRIPTIF_THEME(ID_DESCRIPTIF_THEME, TYPE_COMPOSANT_ID, LIBELLE) VALUES(16, 9, 'Implication des professionnels');

-- TABLE DESCRIPTIF_CHAMP_TITRE
INSERT INTO SCO_SCOLARITE.DESCRIPTIF_CHAMP_TITRE(ID_DESCRIPTIF_CHAMP_TITRE, LIBELLE) VALUES(1, 'Objectifs, finalités');
INSERT INTO SCO_SCOLARITE.DESCRIPTIF_CHAMP_TITRE(ID_DESCRIPTIF_CHAMP_TITRE, LIBELLE) VALUES(2, 'Contenu');
INSERT INTO SCO_SCOLARITE.DESCRIPTIF_CHAMP_TITRE(ID_DESCRIPTIF_CHAMP_TITRE, LIBELLE) VALUES(3, 'Recommandation');
INSERT INTO SCO_SCOLARITE.DESCRIPTIF_CHAMP_TITRE(ID_DESCRIPTIF_CHAMP_TITRE, LIBELLE) VALUES(4, 'Prérequis');
INSERT INTO SCO_SCOLARITE.DESCRIPTIF_CHAMP_TITRE(ID_DESCRIPTIF_CHAMP_TITRE, LIBELLE) VALUES(5, 'Organisation, méthodes pédagogiques');
INSERT INTO SCO_SCOLARITE.DESCRIPTIF_CHAMP_TITRE(ID_DESCRIPTIF_CHAMP_TITRE, LIBELLE) VALUES(6, 'Modalités d''évaluation');
INSERT INTO SCO_SCOLARITE.DESCRIPTIF_CHAMP_TITRE(ID_DESCRIPTIF_CHAMP_TITRE, LIBELLE) VALUES(7, 'Aides aux étudiants');
INSERT INTO SCO_SCOLARITE.DESCRIPTIF_CHAMP_TITRE(ID_DESCRIPTIF_CHAMP_TITRE, LIBELLE) VALUES(8, 'Public ciblé');
INSERT INTO SCO_SCOLARITE.DESCRIPTIF_CHAMP_TITRE(ID_DESCRIPTIF_CHAMP_TITRE, LIBELLE) VALUES(9, 'Admission');
INSERT INTO SCO_SCOLARITE.DESCRIPTIF_CHAMP_TITRE(ID_DESCRIPTIF_CHAMP_TITRE, LIBELLE) VALUES(10, 'Besoins particuliers');
INSERT INTO SCO_SCOLARITE.DESCRIPTIF_CHAMP_TITRE(ID_DESCRIPTIF_CHAMP_TITRE, LIBELLE) VALUES(11, 'Origine');
INSERT INTO SCO_SCOLARITE.DESCRIPTIF_CHAMP_TITRE(ID_DESCRIPTIF_CHAMP_TITRE, LIBELLE) VALUES(12, 'Recrutement');
INSERT INTO SCO_SCOLARITE.DESCRIPTIF_CHAMP_TITRE(ID_DESCRIPTIF_CHAMP_TITRE, LIBELLE) VALUES(13, 'Recommandation');
INSERT INTO SCO_SCOLARITE.DESCRIPTIF_CHAMP_TITRE(ID_DESCRIPTIF_CHAMP_TITRE, LIBELLE) VALUES(14, 'Prérequis');
INSERT INTO SCO_SCOLARITE.DESCRIPTIF_CHAMP_TITRE(ID_DESCRIPTIF_CHAMP_TITRE, LIBELLE) VALUES(15, 'Connaissance');
INSERT INTO SCO_SCOLARITE.DESCRIPTIF_CHAMP_TITRE(ID_DESCRIPTIF_CHAMP_TITRE, LIBELLE) VALUES(16, 'Compétence  et Aptitude');
INSERT INTO SCO_SCOLARITE.DESCRIPTIF_CHAMP_TITRE(ID_DESCRIPTIF_CHAMP_TITRE, LIBELLE) VALUES(17, 'Poursuite');
INSERT INTO SCO_SCOLARITE.DESCRIPTIF_CHAMP_TITRE(ID_DESCRIPTIF_CHAMP_TITRE, LIBELLE) VALUES(18, 'Métier');
INSERT INTO SCO_SCOLARITE.DESCRIPTIF_CHAMP_TITRE(ID_DESCRIPTIF_CHAMP_TITRE, LIBELLE) VALUES(19, 'Activité');
INSERT INTO SCO_SCOLARITE.DESCRIPTIF_CHAMP_TITRE(ID_DESCRIPTIF_CHAMP_TITRE, LIBELLE) VALUES(20, 'Niveau Emploi');
INSERT INTO SCO_SCOLARITE.DESCRIPTIF_CHAMP_TITRE(ID_DESCRIPTIF_CHAMP_TITRE, LIBELLE) VALUES(21, 'Situation');
INSERT INTO SCO_SCOLARITE.DESCRIPTIF_CHAMP_TITRE(ID_DESCRIPTIF_CHAMP_TITRE, LIBELLE) VALUES(22, 'Situation Régionale');
INSERT INTO SCO_SCOLARITE.DESCRIPTIF_CHAMP_TITRE(ID_DESCRIPTIF_CHAMP_TITRE, LIBELLE) VALUES(23, 'Situation Nationale');
INSERT INTO SCO_SCOLARITE.DESCRIPTIF_CHAMP_TITRE(ID_DESCRIPTIF_CHAMP_TITRE, LIBELLE) VALUES(24, 'Situation Internationale');
INSERT INTO SCO_SCOLARITE.DESCRIPTIF_CHAMP_TITRE(ID_DESCRIPTIF_CHAMP_TITRE, LIBELLE) VALUES(25, 'Partenariat');
INSERT INTO SCO_SCOLARITE.DESCRIPTIF_CHAMP_TITRE(ID_DESCRIPTIF_CHAMP_TITRE, LIBELLE) VALUES(26, 'Schéma');
INSERT INTO SCO_SCOLARITE.DESCRIPTIF_CHAMP_TITRE(ID_DESCRIPTIF_CHAMP_TITRE, LIBELLE) VALUES(27, 'Parcours');
INSERT INTO SCO_SCOLARITE.DESCRIPTIF_CHAMP_TITRE(ID_DESCRIPTIF_CHAMP_TITRE, LIBELLE) VALUES(28, 'Passerelle');
INSERT INTO SCO_SCOLARITE.DESCRIPTIF_CHAMP_TITRE(ID_DESCRIPTIF_CHAMP_TITRE, LIBELLE) VALUES(29, 'Orientation');
INSERT INTO SCO_SCOLARITE.DESCRIPTIF_CHAMP_TITRE(ID_DESCRIPTIF_CHAMP_TITRE, LIBELLE) VALUES(30, 'Modalités d''évaluation');
INSERT INTO SCO_SCOLARITE.DESCRIPTIF_CHAMP_TITRE(ID_DESCRIPTIF_CHAMP_TITRE, LIBELLE) VALUES(31, 'Modalités d''orientation');
INSERT INTO SCO_SCOLARITE.DESCRIPTIF_CHAMP_TITRE(ID_DESCRIPTIF_CHAMP_TITRE, LIBELLE) VALUES(32, 'Accueil, orientation, …');
INSERT INTO SCO_SCOLARITE.DESCRIPTIF_CHAMP_TITRE(ID_DESCRIPTIF_CHAMP_TITRE, LIBELLE) VALUES(33, 'Dispositif');
INSERT INTO SCO_SCOLARITE.DESCRIPTIF_CHAMP_TITRE(ID_DESCRIPTIF_CHAMP_TITRE, LIBELLE) VALUES(34, 'Aide');
INSERT INTO SCO_SCOLARITE.DESCRIPTIF_CHAMP_TITRE(ID_DESCRIPTIF_CHAMP_TITRE, LIBELLE) VALUES(35, 'Langue');
INSERT INTO SCO_SCOLARITE.DESCRIPTIF_CHAMP_TITRE(ID_DESCRIPTIF_CHAMP_TITRE, LIBELLE) VALUES(36, 'TIC-TICE');
INSERT INTO SCO_SCOLARITE.DESCRIPTIF_CHAMP_TITRE(ID_DESCRIPTIF_CHAMP_TITRE, LIBELLE) VALUES(37, 'Autoformation');
INSERT INTO SCO_SCOLARITE.DESCRIPTIF_CHAMP_TITRE(ID_DESCRIPTIF_CHAMP_TITRE, LIBELLE) VALUES(38, 'FOAD');
INSERT INTO SCO_SCOLARITE.DESCRIPTIF_CHAMP_TITRE(ID_DESCRIPTIF_CHAMP_TITRE, LIBELLE) VALUES(39, 'Publics spécifiques');
INSERT INTO SCO_SCOLARITE.DESCRIPTIF_CHAMP_TITRE(ID_DESCRIPTIF_CHAMP_TITRE, LIBELLE) VALUES(40, 'Enquêtes');
INSERT INTO SCO_SCOLARITE.DESCRIPTIF_CHAMP_TITRE(ID_DESCRIPTIF_CHAMP_TITRE, LIBELLE) VALUES(41, 'Promotion');
INSERT INTO SCO_SCOLARITE.DESCRIPTIF_CHAMP_TITRE(ID_DESCRIPTIF_CHAMP_TITRE, LIBELLE) VALUES(42, 'Autres');
INSERT INTO SCO_SCOLARITE.DESCRIPTIF_CHAMP_TITRE(ID_DESCRIPTIF_CHAMP_TITRE, LIBELLE) VALUES(43, 'Formation continue');
INSERT INTO SCO_SCOLARITE.DESCRIPTIF_CHAMP_TITRE(ID_DESCRIPTIF_CHAMP_TITRE, LIBELLE) VALUES(44, 'Formation en alternance');
INSERT INTO SCO_SCOLARITE.DESCRIPTIF_CHAMP_TITRE(ID_DESCRIPTIF_CHAMP_TITRE, LIBELLE) VALUES(45, 'VAE');
INSERT INTO SCO_SCOLARITE.DESCRIPTIF_CHAMP_TITRE(ID_DESCRIPTIF_CHAMP_TITRE, LIBELLE) VALUES(46, 'Ouverture');
INSERT INTO SCO_SCOLARITE.DESCRIPTIF_CHAMP_TITRE(ID_DESCRIPTIF_CHAMP_TITRE, LIBELLE) VALUES(47, 'Cursus');
INSERT INTO SCO_SCOLARITE.DESCRIPTIF_CHAMP_TITRE(ID_DESCRIPTIF_CHAMP_TITRE, LIBELLE) VALUES(48, 'Stages');
INSERT INTO SCO_SCOLARITE.DESCRIPTIF_CHAMP_TITRE(ID_DESCRIPTIF_CHAMP_TITRE, LIBELLE) VALUES(49, 'Convention');
INSERT INTO SCO_SCOLARITE.DESCRIPTIF_CHAMP_TITRE(ID_DESCRIPTIF_CHAMP_TITRE, LIBELLE) VALUES(50, 'Dispositif');
INSERT INTO SCO_SCOLARITE.DESCRIPTIF_CHAMP_TITRE(ID_DESCRIPTIF_CHAMP_TITRE, LIBELLE) VALUES(51, 'Enquête d''évaluation');
INSERT INTO SCO_SCOLARITE.DESCRIPTIF_CHAMP_TITRE(ID_DESCRIPTIF_CHAMP_TITRE, LIBELLE) VALUES(52, 'Implication');

-- TABLE DESCRIPTIF_THEME_TITRE
INSERT INTO SCO_SCOLARITE.DESCRIPTIF_THEME_TITRE(DESCRIPTIF_THEME_ID, DESCRIPTIF_CHAMP_TITRE_ID) VALUES(1, 1);
INSERT INTO SCO_SCOLARITE.DESCRIPTIF_THEME_TITRE(DESCRIPTIF_THEME_ID, DESCRIPTIF_CHAMP_TITRE_ID) VALUES(1, 2);
INSERT INTO SCO_SCOLARITE.DESCRIPTIF_THEME_TITRE(DESCRIPTIF_THEME_ID, DESCRIPTIF_CHAMP_TITRE_ID) VALUES(1, 3);
INSERT INTO SCO_SCOLARITE.DESCRIPTIF_THEME_TITRE(DESCRIPTIF_THEME_ID, DESCRIPTIF_CHAMP_TITRE_ID) VALUES(1, 4);
INSERT INTO SCO_SCOLARITE.DESCRIPTIF_THEME_TITRE(DESCRIPTIF_THEME_ID, DESCRIPTIF_CHAMP_TITRE_ID) VALUES(1, 5);
INSERT INTO SCO_SCOLARITE.DESCRIPTIF_THEME_TITRE(DESCRIPTIF_THEME_ID, DESCRIPTIF_CHAMP_TITRE_ID) VALUES(2, 6);
INSERT INTO SCO_SCOLARITE.DESCRIPTIF_THEME_TITRE(DESCRIPTIF_THEME_ID, DESCRIPTIF_CHAMP_TITRE_ID) VALUES(2, 7);
INSERT INTO SCO_SCOLARITE.DESCRIPTIF_THEME_TITRE(DESCRIPTIF_THEME_ID, DESCRIPTIF_CHAMP_TITRE_ID) VALUES(2, 8);
INSERT INTO SCO_SCOLARITE.DESCRIPTIF_THEME_TITRE(DESCRIPTIF_THEME_ID, DESCRIPTIF_CHAMP_TITRE_ID) VALUES(2, 9);
INSERT INTO SCO_SCOLARITE.DESCRIPTIF_THEME_TITRE(DESCRIPTIF_THEME_ID, DESCRIPTIF_CHAMP_TITRE_ID) VALUES(2, 10);
INSERT INTO SCO_SCOLARITE.DESCRIPTIF_THEME_TITRE(DESCRIPTIF_THEME_ID, DESCRIPTIF_CHAMP_TITRE_ID) VALUES(3, 1);
INSERT INTO SCO_SCOLARITE.DESCRIPTIF_THEME_TITRE(DESCRIPTIF_THEME_ID, DESCRIPTIF_CHAMP_TITRE_ID) VALUES(3, 2);
INSERT INTO SCO_SCOLARITE.DESCRIPTIF_THEME_TITRE(DESCRIPTIF_THEME_ID, DESCRIPTIF_CHAMP_TITRE_ID) VALUES(3, 3);
INSERT INTO SCO_SCOLARITE.DESCRIPTIF_THEME_TITRE(DESCRIPTIF_THEME_ID, DESCRIPTIF_CHAMP_TITRE_ID) VALUES(3, 4);
INSERT INTO SCO_SCOLARITE.DESCRIPTIF_THEME_TITRE(DESCRIPTIF_THEME_ID, DESCRIPTIF_CHAMP_TITRE_ID) VALUES(3, 5);
INSERT INTO SCO_SCOLARITE.DESCRIPTIF_THEME_TITRE(DESCRIPTIF_THEME_ID, DESCRIPTIF_CHAMP_TITRE_ID) VALUES(4, 6);
INSERT INTO SCO_SCOLARITE.DESCRIPTIF_THEME_TITRE(DESCRIPTIF_THEME_ID, DESCRIPTIF_CHAMP_TITRE_ID) VALUES(4, 7);
INSERT INTO SCO_SCOLARITE.DESCRIPTIF_THEME_TITRE(DESCRIPTIF_THEME_ID, DESCRIPTIF_CHAMP_TITRE_ID) VALUES(4, 8);
INSERT INTO SCO_SCOLARITE.DESCRIPTIF_THEME_TITRE(DESCRIPTIF_THEME_ID, DESCRIPTIF_CHAMP_TITRE_ID) VALUES(4, 9);
INSERT INTO SCO_SCOLARITE.DESCRIPTIF_THEME_TITRE(DESCRIPTIF_THEME_ID, DESCRIPTIF_CHAMP_TITRE_ID) VALUES(4, 10);
INSERT INTO SCO_SCOLARITE.DESCRIPTIF_THEME_TITRE(DESCRIPTIF_THEME_ID, DESCRIPTIF_CHAMP_TITRE_ID) VALUES(5, 1);
INSERT INTO SCO_SCOLARITE.DESCRIPTIF_THEME_TITRE(DESCRIPTIF_THEME_ID, DESCRIPTIF_CHAMP_TITRE_ID) VALUES(5, 2);
INSERT INTO SCO_SCOLARITE.DESCRIPTIF_THEME_TITRE(DESCRIPTIF_THEME_ID, DESCRIPTIF_CHAMP_TITRE_ID) VALUES(5, 3);
INSERT INTO SCO_SCOLARITE.DESCRIPTIF_THEME_TITRE(DESCRIPTIF_THEME_ID, DESCRIPTIF_CHAMP_TITRE_ID) VALUES(5, 4);
INSERT INTO SCO_SCOLARITE.DESCRIPTIF_THEME_TITRE(DESCRIPTIF_THEME_ID, DESCRIPTIF_CHAMP_TITRE_ID) VALUES(5, 5);
INSERT INTO SCO_SCOLARITE.DESCRIPTIF_THEME_TITRE(DESCRIPTIF_THEME_ID, DESCRIPTIF_CHAMP_TITRE_ID) VALUES(6, 6);
INSERT INTO SCO_SCOLARITE.DESCRIPTIF_THEME_TITRE(DESCRIPTIF_THEME_ID, DESCRIPTIF_CHAMP_TITRE_ID) VALUES(6, 7);
INSERT INTO SCO_SCOLARITE.DESCRIPTIF_THEME_TITRE(DESCRIPTIF_THEME_ID, DESCRIPTIF_CHAMP_TITRE_ID) VALUES(6, 8);
INSERT INTO SCO_SCOLARITE.DESCRIPTIF_THEME_TITRE(DESCRIPTIF_THEME_ID, DESCRIPTIF_CHAMP_TITRE_ID) VALUES(6, 9);
INSERT INTO SCO_SCOLARITE.DESCRIPTIF_THEME_TITRE(DESCRIPTIF_THEME_ID, DESCRIPTIF_CHAMP_TITRE_ID) VALUES(6, 10);
INSERT INTO SCO_SCOLARITE.DESCRIPTIF_THEME_TITRE(DESCRIPTIF_THEME_ID, DESCRIPTIF_CHAMP_TITRE_ID) VALUES(7, 11);
INSERT INTO SCO_SCOLARITE.DESCRIPTIF_THEME_TITRE(DESCRIPTIF_THEME_ID, DESCRIPTIF_CHAMP_TITRE_ID) VALUES(7, 12);
INSERT INTO SCO_SCOLARITE.DESCRIPTIF_THEME_TITRE(DESCRIPTIF_THEME_ID, DESCRIPTIF_CHAMP_TITRE_ID) VALUES(7, 13);
INSERT INTO SCO_SCOLARITE.DESCRIPTIF_THEME_TITRE(DESCRIPTIF_THEME_ID, DESCRIPTIF_CHAMP_TITRE_ID) VALUES(7, 14);
INSERT INTO SCO_SCOLARITE.DESCRIPTIF_THEME_TITRE(DESCRIPTIF_THEME_ID, DESCRIPTIF_CHAMP_TITRE_ID) VALUES(8, 15);
INSERT INTO SCO_SCOLARITE.DESCRIPTIF_THEME_TITRE(DESCRIPTIF_THEME_ID, DESCRIPTIF_CHAMP_TITRE_ID) VALUES(8, 16);
INSERT INTO SCO_SCOLARITE.DESCRIPTIF_THEME_TITRE(DESCRIPTIF_THEME_ID, DESCRIPTIF_CHAMP_TITRE_ID) VALUES(8, 17);
INSERT INTO SCO_SCOLARITE.DESCRIPTIF_THEME_TITRE(DESCRIPTIF_THEME_ID, DESCRIPTIF_CHAMP_TITRE_ID) VALUES(8, 18);
INSERT INTO SCO_SCOLARITE.DESCRIPTIF_THEME_TITRE(DESCRIPTIF_THEME_ID, DESCRIPTIF_CHAMP_TITRE_ID) VALUES(8, 19);
INSERT INTO SCO_SCOLARITE.DESCRIPTIF_THEME_TITRE(DESCRIPTIF_THEME_ID, DESCRIPTIF_CHAMP_TITRE_ID) VALUES(8, 20);
INSERT INTO SCO_SCOLARITE.DESCRIPTIF_THEME_TITRE(DESCRIPTIF_THEME_ID, DESCRIPTIF_CHAMP_TITRE_ID) VALUES(8, 21);
INSERT INTO SCO_SCOLARITE.DESCRIPTIF_THEME_TITRE(DESCRIPTIF_THEME_ID, DESCRIPTIF_CHAMP_TITRE_ID) VALUES(9, 22);
INSERT INTO SCO_SCOLARITE.DESCRIPTIF_THEME_TITRE(DESCRIPTIF_THEME_ID, DESCRIPTIF_CHAMP_TITRE_ID) VALUES(9, 23);
INSERT INTO SCO_SCOLARITE.DESCRIPTIF_THEME_TITRE(DESCRIPTIF_THEME_ID, DESCRIPTIF_CHAMP_TITRE_ID) VALUES(9, 24);
INSERT INTO SCO_SCOLARITE.DESCRIPTIF_THEME_TITRE(DESCRIPTIF_THEME_ID, DESCRIPTIF_CHAMP_TITRE_ID) VALUES(9, 25);
INSERT INTO SCO_SCOLARITE.DESCRIPTIF_THEME_TITRE(DESCRIPTIF_THEME_ID, DESCRIPTIF_CHAMP_TITRE_ID) VALUES(10, 26);
INSERT INTO SCO_SCOLARITE.DESCRIPTIF_THEME_TITRE(DESCRIPTIF_THEME_ID, DESCRIPTIF_CHAMP_TITRE_ID) VALUES(10, 27);
INSERT INTO SCO_SCOLARITE.DESCRIPTIF_THEME_TITRE(DESCRIPTIF_THEME_ID, DESCRIPTIF_CHAMP_TITRE_ID) VALUES(10, 28);
INSERT INTO SCO_SCOLARITE.DESCRIPTIF_THEME_TITRE(DESCRIPTIF_THEME_ID, DESCRIPTIF_CHAMP_TITRE_ID) VALUES(10, 29);
INSERT INTO SCO_SCOLARITE.DESCRIPTIF_THEME_TITRE(DESCRIPTIF_THEME_ID, DESCRIPTIF_CHAMP_TITRE_ID) VALUES(10, 30);
INSERT INTO SCO_SCOLARITE.DESCRIPTIF_THEME_TITRE(DESCRIPTIF_THEME_ID, DESCRIPTIF_CHAMP_TITRE_ID) VALUES(10, 31);
INSERT INTO SCO_SCOLARITE.DESCRIPTIF_THEME_TITRE(DESCRIPTIF_THEME_ID, DESCRIPTIF_CHAMP_TITRE_ID) VALUES(11, 32);
INSERT INTO SCO_SCOLARITE.DESCRIPTIF_THEME_TITRE(DESCRIPTIF_THEME_ID, DESCRIPTIF_CHAMP_TITRE_ID) VALUES(11, 33);
INSERT INTO SCO_SCOLARITE.DESCRIPTIF_THEME_TITRE(DESCRIPTIF_THEME_ID, DESCRIPTIF_CHAMP_TITRE_ID) VALUES(11, 34);
INSERT INTO SCO_SCOLARITE.DESCRIPTIF_THEME_TITRE(DESCRIPTIF_THEME_ID, DESCRIPTIF_CHAMP_TITRE_ID) VALUES(11, 35);
INSERT INTO SCO_SCOLARITE.DESCRIPTIF_THEME_TITRE(DESCRIPTIF_THEME_ID, DESCRIPTIF_CHAMP_TITRE_ID) VALUES(11, 36);
INSERT INTO SCO_SCOLARITE.DESCRIPTIF_THEME_TITRE(DESCRIPTIF_THEME_ID, DESCRIPTIF_CHAMP_TITRE_ID) VALUES(11, 37);
INSERT INTO SCO_SCOLARITE.DESCRIPTIF_THEME_TITRE(DESCRIPTIF_THEME_ID, DESCRIPTIF_CHAMP_TITRE_ID) VALUES(11, 38);
INSERT INTO SCO_SCOLARITE.DESCRIPTIF_THEME_TITRE(DESCRIPTIF_THEME_ID, DESCRIPTIF_CHAMP_TITRE_ID) VALUES(11, 39);
INSERT INTO SCO_SCOLARITE.DESCRIPTIF_THEME_TITRE(DESCRIPTIF_THEME_ID, DESCRIPTIF_CHAMP_TITRE_ID) VALUES(12, 40);
INSERT INTO SCO_SCOLARITE.DESCRIPTIF_THEME_TITRE(DESCRIPTIF_THEME_ID, DESCRIPTIF_CHAMP_TITRE_ID) VALUES(12, 41);
INSERT INTO SCO_SCOLARITE.DESCRIPTIF_THEME_TITRE(DESCRIPTIF_THEME_ID, DESCRIPTIF_CHAMP_TITRE_ID) VALUES(12, 42);
INSERT INTO SCO_SCOLARITE.DESCRIPTIF_THEME_TITRE(DESCRIPTIF_THEME_ID, DESCRIPTIF_CHAMP_TITRE_ID) VALUES(13, 43);
INSERT INTO SCO_SCOLARITE.DESCRIPTIF_THEME_TITRE(DESCRIPTIF_THEME_ID, DESCRIPTIF_CHAMP_TITRE_ID) VALUES(13, 44);
INSERT INTO SCO_SCOLARITE.DESCRIPTIF_THEME_TITRE(DESCRIPTIF_THEME_ID, DESCRIPTIF_CHAMP_TITRE_ID) VALUES(13, 45);
INSERT INTO SCO_SCOLARITE.DESCRIPTIF_THEME_TITRE(DESCRIPTIF_THEME_ID, DESCRIPTIF_CHAMP_TITRE_ID) VALUES(14, 46);
INSERT INTO SCO_SCOLARITE.DESCRIPTIF_THEME_TITRE(DESCRIPTIF_THEME_ID, DESCRIPTIF_CHAMP_TITRE_ID) VALUES(14, 47);
INSERT INTO SCO_SCOLARITE.DESCRIPTIF_THEME_TITRE(DESCRIPTIF_THEME_ID, DESCRIPTIF_CHAMP_TITRE_ID) VALUES(14, 48);
INSERT INTO SCO_SCOLARITE.DESCRIPTIF_THEME_TITRE(DESCRIPTIF_THEME_ID, DESCRIPTIF_CHAMP_TITRE_ID) VALUES(14, 49);
INSERT INTO SCO_SCOLARITE.DESCRIPTIF_THEME_TITRE(DESCRIPTIF_THEME_ID, DESCRIPTIF_CHAMP_TITRE_ID) VALUES(15, 50);
INSERT INTO SCO_SCOLARITE.DESCRIPTIF_THEME_TITRE(DESCRIPTIF_THEME_ID, DESCRIPTIF_CHAMP_TITRE_ID) VALUES(15, 51);
INSERT INTO SCO_SCOLARITE.DESCRIPTIF_THEME_TITRE(DESCRIPTIF_THEME_ID, DESCRIPTIF_CHAMP_TITRE_ID) VALUES(16, 52);

-- TABLE ORIGINE_RESSOURCEs
INSERT INTO SCO_SCOLARITE.ORIGINE_RESSOURCES (ID_ORIGINE_RESSOURCES,LIBELLE,D_CREATION,D_MODIFICATION,PERS_ID_CREATION,PERS_ID_MODIFICATION) VALUES (1,'RESSOURCES DES PARENTS',SYSDATE, SYSDATE,1,1);
INSERT INTO SCO_SCOLARITE.ORIGINE_RESSOURCES (ID_ORIGINE_RESSOURCES,LIBELLE,D_CREATION,D_MODIFICATION,PERS_ID_CREATION,PERS_ID_MODIFICATION) VALUES (2,'RESSOURCES DU CONJOINT',SYSDATE, SYSDATE,1,1);
INSERT INTO SCO_SCOLARITE.ORIGINE_RESSOURCES (ID_ORIGINE_RESSOURCES,LIBELLE,D_CREATION,D_MODIFICATION,PERS_ID_CREATION,PERS_ID_MODIFICATION) VALUES (3,'SALAIRE',SYSDATE, SYSDATE,1,1);
INSERT INTO SCO_SCOLARITE.ORIGINE_RESSOURCES (ID_ORIGINE_RESSOURCES,LIBELLE,D_CREATION,D_MODIFICATION,PERS_ID_CREATION,PERS_ID_MODIFICATION) VALUES (4,'ALLOCATION CHOMAGE ou ALLOCATION FORMATION DE RECLASSEMENT (AFR)',SYSDATE, SYSDATE,1,1);
INSERT INTO SCO_SCOLARITE.ORIGINE_RESSOURCES (ID_ORIGINE_RESSOURCES,LIBELLE,D_CREATION,D_MODIFICATION,PERS_ID_CREATION,PERS_ID_MODIFICATION) VALUES (5,'BOURSES OU PRETS',SYSDATE, SYSDATE,1,1);
INSERT INTO SCO_SCOLARITE.ORIGINE_RESSOURCES (ID_ORIGINE_RESSOURCES,LIBELLE,D_CREATION,D_MODIFICATION,PERS_ID_CREATION,PERS_ID_MODIFICATION) VALUES (6,'AUTRE',SYSDATE, SYSDATE,1,1);

-- TABLE QUOTITE_TRAVAIL
INSERT INTO SCO_SCOLARITE.QUOTITE_TRAVAIL (ID_QUOTITE_TRAVAIL,QTRA_CODE,QTRA_LIBELLE,D_CREATION,D_MODIFICATION,PERS_ID_CREATION,PERS_ID_MODIFICATION) VALUES (1,'0','SANS OBJET',SYSDATE, SYSDATE,1,1);
INSERT INTO SCO_SCOLARITE.QUOTITE_TRAVAIL (ID_QUOTITE_TRAVAIL,QTRA_CODE,QTRA_LIBELLE,D_CREATION,D_MODIFICATION,PERS_ID_CREATION,PERS_ID_MODIFICATION) VALUES (2,'1','TEMPS COMPLET',SYSDATE, SYSDATE,1,1);
INSERT INTO SCO_SCOLARITE.QUOTITE_TRAVAIL (ID_QUOTITE_TRAVAIL,QTRA_CODE,QTRA_LIBELLE,D_CREATION,D_MODIFICATION,PERS_ID_CREATION,PERS_ID_MODIFICATION) VALUES (3,'2','TEMPS PARTIEL > MI-TEMPS',SYSDATE, SYSDATE,1,1);
INSERT INTO SCO_SCOLARITE.QUOTITE_TRAVAIL (ID_QUOTITE_TRAVAIL,QTRA_CODE,QTRA_LIBELLE,D_CREATION,D_MODIFICATION,PERS_ID_CREATION,PERS_ID_MODIFICATION) VALUES (4,'3','TEMPS PARTIEL <= MI-TEMPS',SYSDATE, SYSDATE,1,1);
INSERT INTO SCO_SCOLARITE.QUOTITE_TRAVAIL (ID_QUOTITE_TRAVAIL,QTRA_CODE,QTRA_LIBELLE,D_CREATION,D_MODIFICATION,PERS_ID_CREATION,PERS_ID_MODIFICATION) VALUES (5,'4','Activité salariée >= 60h/mois ou 120h/trimestre',SYSDATE, SYSDATE,1,1);
INSERT INTO SCO_SCOLARITE.QUOTITE_TRAVAIL (ID_QUOTITE_TRAVAIL,QTRA_CODE,QTRA_LIBELLE,D_CREATION,D_MODIFICATION,PERS_ID_CREATION,PERS_ID_MODIFICATION) VALUES (6,'5','Activité salariée < 60h/mois ou 120h/trimestre',SYSDATE, SYSDATE,1,1);

-- TABLE COTISATION
INSERT INTO SCO_SCOLARITE.COTISATION (ID_COTISATION,COTI_CODE,LIBELLE,VALIDITE,DEBUT_VALIDITE,FIN_VALIDITE,D_CREATION,D_MODIFICATION,PERS_ID_CREATION,PERS_ID_MODIFICATION) VALUES (1,'-2','OUI, mais exonéré','O','2008',null,SYSDATE, SYSDATE,1,1);
INSERT INTO SCO_SCOLARITE.COTISATION (ID_COTISATION,COTI_CODE,LIBELLE,VALIDITE,DEBUT_VALIDITE,FIN_VALIDITE,D_CREATION,D_MODIFICATION,PERS_ID_CREATION,PERS_ID_MODIFICATION) VALUES (2,'-1','OUI','O','2008',null,SYSDATE, SYSDATE,1,1);
INSERT INTO SCO_SCOLARITE.COTISATION (ID_COTISATION,COTI_CODE,LIBELLE,VALIDITE,DEBUT_VALIDITE,FIN_VALIDITE,D_CREATION,D_MODIFICATION,PERS_ID_CREATION,PERS_ID_MODIFICATION) VALUES (3,'0','NON','O','2008',null,SYSDATE, SYSDATE,1,1);
INSERT INTO SCO_SCOLARITE.COTISATION (ID_COTISATION,COTI_CODE,LIBELLE,VALIDITE,DEBUT_VALIDITE,FIN_VALIDITE,D_CREATION,D_MODIFICATION,PERS_ID_CREATION,PERS_ID_MODIFICATION) VALUES (4,'1','PARENT REGIME PARTICULIER','O','2007',null,SYSDATE, SYSDATE,1,1);
INSERT INTO SCO_SCOLARITE.COTISATION (ID_COTISATION,COTI_CODE,LIBELLE,VALIDITE,DEBUT_VALIDITE,FIN_VALIDITE,D_CREATION,D_MODIFICATION,PERS_ID_CREATION,PERS_ID_MODIFICATION) VALUES (5,'2','PLUS DE 28 ANS','O','2007',null,SYSDATE, SYSDATE,1,1);
INSERT INTO SCO_SCOLARITE.COTISATION (ID_COTISATION,COTI_CODE,LIBELLE,VALIDITE,DEBUT_VALIDITE,FIN_VALIDITE,D_CREATION,D_MODIFICATION,PERS_ID_CREATION,PERS_ID_MODIFICATION) VALUES (6,'3','SALARIE','O','2007',null,SYSDATE, SYSDATE,1,1);
INSERT INTO SCO_SCOLARITE.COTISATION (ID_COTISATION,COTI_CODE,LIBELLE,VALIDITE,DEBUT_VALIDITE,FIN_VALIDITE,D_CREATION,D_MODIFICATION,PERS_ID_CREATION,PERS_ID_MODIFICATION) VALUES (7,'4','CONJOINT','O','2007',null,SYSDATE, SYSDATE,1,1);
INSERT INTO SCO_SCOLARITE.COTISATION (ID_COTISATION,COTI_CODE,LIBELLE,VALIDITE,DEBUT_VALIDITE,FIN_VALIDITE,D_CREATION,D_MODIFICATION,PERS_ID_CREATION,PERS_ID_MODIFICATION) VALUES (8,'5','PARENT TRAVAILLEUR NON SALARIE','O','2007',null,SYSDATE, SYSDATE,1,1);
INSERT INTO SCO_SCOLARITE.COTISATION (ID_COTISATION,COTI_CODE,LIBELLE,VALIDITE,DEBUT_VALIDITE,FIN_VALIDITE,D_CREATION,D_MODIFICATION,PERS_ID_CREATION,PERS_ID_MODIFICATION) VALUES (9,'6','DEJA AFFILIE','O','2007',null,SYSDATE, SYSDATE,1,1);
INSERT INTO SCO_SCOLARITE.COTISATION (ID_COTISATION,COTI_CODE,LIBELLE,VALIDITE,DEBUT_VALIDITE,FIN_VALIDITE,D_CREATION,D_MODIFICATION,PERS_ID_CREATION,PERS_ID_MODIFICATION) VALUES (10,'7','DEMANDEUR D''EMPLOI','O','2007',null,SYSDATE, SYSDATE,1,1);
INSERT INTO SCO_SCOLARITE.COTISATION (ID_COTISATION,COTI_CODE,LIBELLE,VALIDITE,DEBUT_VALIDITE,FIN_VALIDITE,D_CREATION,D_MODIFICATION,PERS_ID_CREATION,PERS_ID_MODIFICATION) VALUES (11,'8','AUTRES CAS','O','2007',null,SYSDATE, SYSDATE,1,1);


-- TABLE MUTUELLE
INSERT INTO SCO_SCOLARITE.MUTUELLE (ID_MUTUELLE,MUT_CODE,LIBELLE,ADR_ORDRE,MUT_TYPE,D_CREATION,D_MODIFICATION,PERS_ID_CREATION,PERS_ID_MODIFICATION) VALUES (1,'MNA','ANCIENNE OPTION','19748','I',SYSDATE, SYSDATE,1,1);
INSERT INTO SCO_SCOLARITE.MUTUELLE (ID_MUTUELLE,MUT_CODE,LIBELLE,ADR_ORDRE,MUT_TYPE,D_CREATION,D_MODIFICATION,PERS_ID_CREATION,PERS_ID_MODIFICATION) VALUES (2,'SMA','PASSEPORT VIE ETUDIANTE','19749','M',SYSDATE, SYSDATE,1,1);
INSERT INTO SCO_SCOLARITE.MUTUELLE (ID_MUTUELLE,MUT_CODE,LIBELLE,ADR_ORDRE,MUT_TYPE,D_CREATION,D_MODIFICATION,PERS_ID_CREATION,PERS_ID_MODIFICATION) VALUES (3,'MNB','ANCIENNE OPTION','19748','I',SYSDATE, SYSDATE,1,1);
INSERT INTO SCO_SCOLARITE.MUTUELLE (ID_MUTUELLE,MUT_CODE,LIBELLE,ADR_ORDRE,MUT_TYPE,D_CREATION,D_MODIFICATION,PERS_ID_CREATION,PERS_ID_MODIFICATION) VALUES (4,'MNC','ANCIENNE OPTION','19748','I',SYSDATE, SYSDATE,1,1);
INSERT INTO SCO_SCOLARITE.MUTUELLE (ID_MUTUELLE,MUT_CODE,LIBELLE,ADR_ORDRE,MUT_TYPE,D_CREATION,D_MODIFICATION,PERS_ID_CREATION,PERS_ID_MODIFICATION) VALUES (5,'SMB','PACK CONFORT','19749','M',SYSDATE, SYSDATE,1,1);
INSERT INTO SCO_SCOLARITE.MUTUELLE (ID_MUTUELLE,MUT_CODE,LIBELLE,ADR_ORDRE,MUT_TYPE,D_CREATION,D_MODIFICATION,PERS_ID_CREATION,PERS_ID_MODIFICATION) VALUES (6,'SMC','PACK INTEGRALE','19749','M',SYSDATE, SYSDATE,1,1);
INSERT INTO SCO_SCOLARITE.MUTUELLE (ID_MUTUELLE,MUT_CODE,LIBELLE,ADR_ORDRE,MUT_TYPE,D_CREATION,D_MODIFICATION,PERS_ID_CREATION,PERS_ID_MODIFICATION) VALUES (7,'601','L.M.D.E.','19748','O',SYSDATE, SYSDATE,1,1);
INSERT INTO SCO_SCOLARITE.MUTUELLE (ID_MUTUELLE,MUT_CODE,LIBELLE,ADR_ORDRE,MUT_TYPE,D_CREATION,D_MODIFICATION,PERS_ID_CREATION,PERS_ID_MODIFICATION) VALUES (8,'617','S.M.E.C.O.','19749','O',SYSDATE, SYSDATE,1,1);
INSERT INTO SCO_SCOLARITE.MUTUELLE (ID_MUTUELLE,MUT_CODE,LIBELLE,ADR_ORDRE,MUT_TYPE,D_CREATION,D_MODIFICATION,PERS_ID_CREATION,PERS_ID_MODIFICATION) VALUES (9,'MND','ANCIENNE OPTION','19748','I',SYSDATE, SYSDATE,1,1);
INSERT INTO SCO_SCOLARITE.MUTUELLE (ID_MUTUELLE,MUT_CODE,LIBELLE,ADR_ORDRE,MUT_TYPE,D_CREATION,D_MODIFICATION,PERS_ID_CREATION,PERS_ID_MODIFICATION) VALUES (10,'MNE','ANCIENNE OPTION','19748','I',SYSDATE, SYSDATE,1,1);
INSERT INTO SCO_SCOLARITE.MUTUELLE (ID_MUTUELLE,MUT_CODE,LIBELLE,ADR_ORDRE,MUT_TYPE,D_CREATION,D_MODIFICATION,PERS_ID_CREATION,PERS_ID_MODIFICATION) VALUES (11,'MNF','ANCIENNE OPTION','19748','I',SYSDATE, SYSDATE,1,1);
INSERT INTO SCO_SCOLARITE.MUTUELLE (ID_MUTUELLE,MUT_CODE,LIBELLE,ADR_ORDRE,MUT_TYPE,D_CREATION,D_MODIFICATION,PERS_ID_CREATION,PERS_ID_MODIFICATION) VALUES (12,'MNG','ANCIENNE OPTION','19748','I',SYSDATE, SYSDATE,1,1);
INSERT INTO SCO_SCOLARITE.MUTUELLE (ID_MUTUELLE,MUT_CODE,LIBELLE,ADR_ORDRE,MUT_TYPE,D_CREATION,D_MODIFICATION,PERS_ID_CREATION,PERS_ID_MODIFICATION) VALUES (13,'MN+','ANCIENNE OPTION','19748','I',SYSDATE, SYSDATE,1,1);
INSERT INTO SCO_SCOLARITE.MUTUELLE (ID_MUTUELLE,MUT_CODE,LIBELLE,ADR_ORDRE,MUT_TYPE,D_CREATION,D_MODIFICATION,PERS_ID_CREATION,PERS_ID_MODIFICATION) VALUES (14,'SMD','ANCIENNE OPTION','19749','I',SYSDATE, SYSDATE,1,1);
INSERT INTO SCO_SCOLARITE.MUTUELLE (ID_MUTUELLE,MUT_CODE,LIBELLE,ADR_ORDRE,MUT_TYPE,D_CREATION,D_MODIFICATION,PERS_ID_CREATION,PERS_ID_MODIFICATION) VALUES (15,'SME','ANCIENNE OPTION','19749','I',SYSDATE, SYSDATE,1,1);
INSERT INTO SCO_SCOLARITE.MUTUELLE (ID_MUTUELLE,MUT_CODE,LIBELLE,ADR_ORDRE,MUT_TYPE,D_CREATION,D_MODIFICATION,PERS_ID_CREATION,PERS_ID_MODIFICATION) VALUES (16,'MU2','SOINS COURANTS','19748','M',SYSDATE, SYSDATE,1,1);
INSERT INTO SCO_SCOLARITE.MUTUELLE (ID_MUTUELLE,MUT_CODE,LIBELLE,ADR_ORDRE,MUT_TYPE,D_CREATION,D_MODIFICATION,PERS_ID_CREATION,PERS_ID_MODIFICATION) VALUES (17,'MU1','ASSURANCE ETUDIANTE','19748','M',SYSDATE, SYSDATE,1,1);
INSERT INTO SCO_SCOLARITE.MUTUELLE (ID_MUTUELLE,MUT_CODE,LIBELLE,ADR_ORDRE,MUT_TYPE,D_CREATION,D_MODIFICATION,PERS_ID_CREATION,PERS_ID_MODIFICATION) VALUES (18,'MU3','FORFAIT','19748','M',SYSDATE, SYSDATE,1,1);

-- TABLE ACTIVITE_PROFESSIONNELLE
INSERT INTO SCO_SCOLARITE.ACTIVITE_PROFESSIONNELLE (ID_ACTIVITE_PROFESSIONNELLE,LIBELLE,VALIDITE,D_CREATION,D_MODIFICATION,PERS_ID_CREATION,PERS_ID_MODIFICATION) VALUES (1,'INACTIVITE','O',SYSDATE, SYSDATE,1,1);
INSERT INTO SCO_SCOLARITE.ACTIVITE_PROFESSIONNELLE (ID_ACTIVITE_PROFESSIONNELLE,LIBELLE,VALIDITE,D_CREATION,D_MODIFICATION,PERS_ID_CREATION,PERS_ID_MODIFICATION) VALUES (2,'DISPOSITIFS DE CONVERSION (étudiants bénéficiant de congés individuels de formation non exonérés des droits)','O',SYSDATE, SYSDATE,1,1);
INSERT INTO SCO_SCOLARITE.ACTIVITE_PROFESSIONNELLE (ID_ACTIVITE_PROFESSIONNELLE,LIBELLE,VALIDITE,D_CREATION,D_MODIFICATION,PERS_ID_CREATION,PERS_ID_MODIFICATION) VALUES (3,'EMPLOI <= 1 MOIS','O',SYSDATE, SYSDATE,1,1);
INSERT INTO SCO_SCOLARITE.ACTIVITE_PROFESSIONNELLE (ID_ACTIVITE_PROFESSIONNELLE,LIBELLE,VALIDITE,D_CREATION,D_MODIFICATION,PERS_ID_CREATION,PERS_ID_MODIFICATION) VALUES (4,'EMPLOI > 1 MOIS ET <= 6 MOIS','O',SYSDATE, SYSDATE,1,1);
INSERT INTO SCO_SCOLARITE.ACTIVITE_PROFESSIONNELLE (ID_ACTIVITE_PROFESSIONNELLE,LIBELLE,VALIDITE,D_CREATION,D_MODIFICATION,PERS_ID_CREATION,PERS_ID_MODIFICATION) VALUES (5,'EMPLOI > 6 MOIS','O',SYSDATE, SYSDATE,1,1);
INSERT INTO SCO_SCOLARITE.ACTIVITE_PROFESSIONNELLE (ID_ACTIVITE_PROFESSIONNELLE,LIBELLE,VALIDITE,D_CREATION,D_MODIFICATION,PERS_ID_CREATION,PERS_ID_MODIFICATION) VALUES (6,'AIDE EDUCATEUR (ou assistant d''éducation)','O',SYSDATE, SYSDATE,1,1);
INSERT INTO SCO_SCOLARITE.ACTIVITE_PROFESSIONNELLE (ID_ACTIVITE_PROFESSIONNELLE,LIBELLE,VALIDITE,D_CREATION,D_MODIFICATION,PERS_ID_CREATION,PERS_ID_MODIFICATION) VALUES (7,'AUTRE EMPLOI JEUNE','O',SYSDATE, SYSDATE,1,1);
INSERT INTO SCO_SCOLARITE.ACTIVITE_PROFESSIONNELLE (ID_ACTIVITE_PROFESSIONNELLE,LIBELLE,VALIDITE,D_CREATION,D_MODIFICATION,PERS_ID_CREATION,PERS_ID_MODIFICATION) VALUES (8,'ETUDIANT REMUNERE AU TITRE DE SES ETUDES (les élèves fonctionnaires, les fonctionnaires stagiaires, les élèves militaires, les internes en médecine, les doctorants,...)','O',SYSDATE, SYSDATE,1,1);
INSERT INTO SCO_SCOLARITE.ACTIVITE_PROFESSIONNELLE (ID_ACTIVITE_PROFESSIONNELLE,LIBELLE,VALIDITE,D_CREATION,D_MODIFICATION,PERS_ID_CREATION,PERS_ID_MODIFICATION) VALUES (9,'ASSISTANT D''EDUCATION','O',SYSDATE, SYSDATE,1,1);

-- TABLE SITUATION_PROFESSIONNELLE
INSERT INTO SCO_SCOLARITE.SITUATION_PROFESSIONNELLE (ID_SITUATION_PROFESSIONNELLE,CODE_SITPROF,LIBELLE,D_CREATION,D_MODIFICATION,PERS_ID_CREATION,PERS_ID_MODIFICATION) VALUES (1,'1','Salarié',SYSDATE, SYSDATE,1,1);
INSERT INTO SCO_SCOLARITE.SITUATION_PROFESSIONNELLE (ID_SITUATION_PROFESSIONNELLE,CODE_SITPROF,LIBELLE,D_CREATION,D_MODIFICATION,PERS_ID_CREATION,PERS_ID_MODIFICATION) VALUES (2,'2','Fonctionnaire',SYSDATE, SYSDATE,1,1);
INSERT INTO SCO_SCOLARITE.SITUATION_PROFESSIONNELLE (ID_SITUATION_PROFESSIONNELLE,CODE_SITPROF,LIBELLE,D_CREATION,D_MODIFICATION,PERS_ID_CREATION,PERS_ID_MODIFICATION) VALUES (3,'3','Militaire',SYSDATE, SYSDATE,1,1);
INSERT INTO SCO_SCOLARITE.SITUATION_PROFESSIONNELLE (ID_SITUATION_PROFESSIONNELLE,CODE_SITPROF,LIBELLE,D_CREATION,D_MODIFICATION,PERS_ID_CREATION,PERS_ID_MODIFICATION) VALUES (4,'4','Autre',SYSDATE, SYSDATE,1,1);



-- TABLE CHAMP 
INSERT INTO SCO_SCOLARITE.CHAMP (ID_CHAMP, CODE, LIBELLE, ORDRE, APPLICATION, D_CREATION, D_MODIFICATION, PERS_ID_CREATION, PERS_ID_MODIFICATION) VALUES ('0', 'racine', 'racine', '0', 'CORIANDRE', TO_DATE('28/02/13', 'DD/MM/RR'), TO_DATE('28/02/13', 'DD/MM/RR'), '1', '1');
INSERT INTO SCO_SCOLARITE.CHAMP (ID_CHAMP,ID_PERE,CODE,LIBELLE,ORDRE,APPLICATION,D_CREATION,D_MODIFICATION,PERS_ID_CREATION,PERS_ID_MODIFICATION) VALUES (1,0,'cadreA', 'information administrative de l''etudiant', 1, 'CORIANDRE', SYSDATE, SYSDATE,1,1); 
INSERT INTO SCO_SCOLARITE.CHAMP (ID_CHAMP,ID_PERE,CODE,LIBELLE,ORDRE,APPLICATION,D_CREATION,D_MODIFICATION,PERS_ID_CREATION,PERS_ID_MODIFICATION) VALUES (2,1,'codeIne', 'Code INE/BA', 2, 'CORIANDRE', SYSDATE, SYSDATE,1,1); 
INSERT INTO SCO_SCOLARITE.CHAMP (ID_CHAMP,ID_PERE,CODE,LIBELLE,ORDRE,APPLICATION,D_CREATION,D_MODIFICATION,PERS_ID_CREATION,PERS_ID_MODIFICATION) VALUES (3,1,'ineProvisoire', 'Code Provisoire', 3, 'CORIANDRE', SYSDATE, SYSDATE,1,1); 
INSERT INTO SCO_SCOLARITE.CHAMP (ID_CHAMP,ID_PERE,CODE,LIBELLE,ORDRE,APPLICATION,D_CREATION,D_MODIFICATION,PERS_ID_CREATION,PERS_ID_MODIFICATION) VALUES (4,1,'civilite', 'Civilité', 4, 'CORIANDRE', SYSDATE, SYSDATE,1,1); 
INSERT INTO SCO_SCOLARITE.CHAMP (ID_CHAMP,ID_PERE,CODE,LIBELLE,ORDRE,APPLICATION,D_CREATION,D_MODIFICATION,PERS_ID_CREATION,PERS_ID_MODIFICATION) VALUES (5,1,'photo', 'Civilité', 5, 'CORIANDRE', SYSDATE, SYSDATE,1,1);
INSERT INTO SCO_SCOLARITE.CHAMP (ID_CHAMP,ID_PERE,CODE,LIBELLE,ORDRE,APPLICATION,D_CREATION,D_MODIFICATION,PERS_ID_CREATION,PERS_ID_MODIFICATION) VALUES (6,1,'nomFamille', 'Nom de Famille', 6, 'CORIANDRE', SYSDATE, SYSDATE,1,1); 
INSERT INTO SCO_SCOLARITE.CHAMP (ID_CHAMP,ID_PERE,CODE,LIBELLE,ORDRE,APPLICATION,D_CREATION,D_MODIFICATION,PERS_ID_CREATION,PERS_ID_MODIFICATION) VALUES (7,1,'nomUsage', 'Nom d''usage',7, 'CORIANDRE', SYSDATE, SYSDATE,1,1); 
INSERT INTO SCO_SCOLARITE.CHAMP (ID_CHAMP,ID_PERE,CODE,LIBELLE,ORDRE,APPLICATION,D_CREATION,D_MODIFICATION,PERS_ID_CREATION,PERS_ID_MODIFICATION) VALUES (8,1,'prenom', 'Prénom',8, 'CORIANDRE', SYSDATE, SYSDATE,1,1);
INSERT INTO SCO_SCOLARITE.CHAMP (ID_CHAMP,ID_PERE,CODE,LIBELLE,ORDRE,APPLICATION,D_CREATION,D_MODIFICATION,PERS_ID_CREATION,PERS_ID_MODIFICATION) VALUES (9,1,'prenom2', 'Second Prénom',9, 'CORIANDRE', SYSDATE, SYSDATE,1,1);
INSERT INTO SCO_SCOLARITE.CHAMP (ID_CHAMP,ID_PERE,CODE,LIBELLE,ORDRE,APPLICATION,D_CREATION,D_MODIFICATION,PERS_ID_CREATION,PERS_ID_MODIFICATION) VALUES (10,1,'dateNaissance', 'Date Naissance',10, 'CORIANDRE', SYSDATE, SYSDATE,1,1);
INSERT INTO SCO_SCOLARITE.CHAMP (ID_CHAMP,ID_PERE,CODE,LIBELLE,ORDRE,APPLICATION,D_CREATION,D_MODIFICATION,PERS_ID_CREATION,PERS_ID_MODIFICATION) VALUES (11,1,'VilleNaissance', 'Ville Naissance',11, 'CORIANDRE', SYSDATE, SYSDATE,1,1);
INSERT INTO SCO_SCOLARITE.CHAMP (ID_CHAMP,ID_PERE,CODE,LIBELLE,ORDRE,APPLICATION,D_CREATION,D_MODIFICATION,PERS_ID_CREATION,PERS_ID_MODIFICATION) VALUES (12,1,'departement', 'Dép.Naissance',12, 'CORIANDRE', SYSDATE, SYSDATE,1,1);
INSERT INTO SCO_SCOLARITE.CHAMP (ID_CHAMP,ID_PERE,CODE,LIBELLE,ORDRE,APPLICATION,D_CREATION,D_MODIFICATION,PERS_ID_CREATION,PERS_ID_MODIFICATION) VALUES (13,1,'paysNaissance', 'Pays Naissance',13, 'CORIANDRE', SYSDATE, SYSDATE,1,1);
INSERT INTO SCO_SCOLARITE.CHAMP (ID_CHAMP,ID_PERE,CODE,LIBELLE,ORDRE,APPLICATION,D_CREATION,D_MODIFICATION,PERS_ID_CREATION,PERS_ID_MODIFICATION) VALUES (14,1,'nationalite', 'Nationalitée',14, 'CORIANDRE', SYSDATE, SYSDATE,1,1);
INSERT INTO SCO_SCOLARITE.CHAMP (ID_CHAMP,ID_PERE,CODE,LIBELLE,ORDRE,APPLICATION,D_CREATION,D_MODIFICATION,PERS_ID_CREATION,PERS_ID_MODIFICATION) VALUES (15,1,'codeInsee', 'Code INSEE',15, 'CORIANDRE', SYSDATE, SYSDATE,1,1);
INSERT INTO SCO_SCOLARITE.CHAMP (ID_CHAMP,ID_PERE,CODE,LIBELLE,ORDRE,APPLICATION,D_CREATION,D_MODIFICATION,PERS_ID_CREATION,PERS_ID_MODIFICATION) VALUES (16,1,'inseeProvisoire', 'Provisoire',16, 'CORIANDRE', SYSDATE, SYSDATE,1,1);
INSERT INTO SCO_SCOLARITE.CHAMP (ID_CHAMP,ID_PERE,CODE,LIBELLE,ORDRE,APPLICATION,D_CREATION,D_MODIFICATION,PERS_ID_CREATION,PERS_ID_MODIFICATION) VALUES (17,1,'sitFamilliale', 'Sit. familliale',17, 'CORIANDRE', SYSDATE, SYSDATE,1,1);
INSERT INTO SCO_SCOLARITE.CHAMP (ID_CHAMP,ID_PERE,CODE,LIBELLE,ORDRE,APPLICATION,D_CREATION,D_MODIFICATION,PERS_ID_CREATION,PERS_ID_MODIFICATION) VALUES (18,1,'sitProf', 'Sit. profession.',18, 'CORIANDRE', SYSDATE, SYSDATE,1,1);
INSERT INTO SCO_SCOLARITE.CHAMP (ID_CHAMP,ID_PERE,CODE,LIBELLE,ORDRE,APPLICATION,D_CREATION,D_MODIFICATION,PERS_ID_CREATION,PERS_ID_MODIFICATION) VALUES (19,1,'etablissement', 'Etablissement',19, 'CORIANDRE', SYSDATE, SYSDATE,1,1);
INSERT INTO SCO_SCOLARITE.CHAMP (ID_CHAMP,ID_PERE,CODE,LIBELLE,ORDRE,APPLICATION,D_CREATION,D_MODIFICATION,PERS_ID_CREATION,PERS_ID_MODIFICATION) VALUES (20,1,'precisionProf', 'Précision',20, 'CORIANDRE', SYSDATE, SYSDATE,1,1);
INSERT INTO SCO_SCOLARITE.CHAMP (ID_CHAMP,ID_PERE,CODE,LIBELLE,ORDRE,APPLICATION,D_CREATION,D_MODIFICATION,PERS_ID_CREATION,PERS_ID_MODIFICATION) VALUES (21,0,'cadreB', 'Adresses Personnelles',21, 'CORIANDRE', SYSDATE, SYSDATE,1,1);
INSERT INTO SCO_SCOLARITE.CHAMP (ID_CHAMP,ID_PERE,CODE,LIBELLE,ORDRE,APPLICATION,D_CREATION,D_MODIFICATION,PERS_ID_CREATION,PERS_ID_MODIFICATION) VALUES (22,21,'typeAdresse', 'Type d''Adresse',22, 'CORIANDRE', SYSDATE, SYSDATE,1,1);
INSERT INTO SCO_SCOLARITE.CHAMP (ID_CHAMP,ID_PERE,CODE,LIBELLE,ORDRE,APPLICATION,D_CREATION,D_MODIFICATION,PERS_ID_CREATION,PERS_ID_MODIFICATION) VALUES (23,21,'adresse', 'Adresse',23, 'CORIANDRE', SYSDATE, SYSDATE,1,1);
INSERT INTO SCO_SCOLARITE.CHAMP (ID_CHAMP,ID_PERE,CODE,LIBELLE,ORDRE,APPLICATION,D_CREATION,D_MODIFICATION,PERS_ID_CREATION,PERS_ID_MODIFICATION) VALUES (24,21,'complement', 'Complément',24, 'CORIANDRE', SYSDATE, SYSDATE,1,1);
INSERT INTO SCO_SCOLARITE.CHAMP (ID_CHAMP,ID_PERE,CODE,LIBELLE,ORDRE,APPLICATION,D_CREATION,D_MODIFICATION,PERS_ID_CREATION,PERS_ID_MODIFICATION) VALUES (25,21,'boitePostale', 'Boite Postale',25, 'CORIANDRE', SYSDATE, SYSDATE,1,1);
INSERT INTO SCO_SCOLARITE.CHAMP (ID_CHAMP,ID_PERE,CODE,LIBELLE,ORDRE,APPLICATION,D_CREATION,D_MODIFICATION,PERS_ID_CREATION,PERS_ID_MODIFICATION) VALUES (26,21,'codePostal', 'Code Postal',26, 'CORIANDRE', SYSDATE, SYSDATE,1,1);
INSERT INTO SCO_SCOLARITE.CHAMP (ID_CHAMP,ID_PERE,CODE,LIBELLE,ORDRE,APPLICATION,D_CREATION,D_MODIFICATION,PERS_ID_CREATION,PERS_ID_MODIFICATION) VALUES (27,21,'ville', 'Ville',27, 'CORIANDRE', SYSDATE, SYSDATE,1,1);
INSERT INTO SCO_SCOLARITE.CHAMP (ID_CHAMP,ID_PERE,CODE,LIBELLE,ORDRE,APPLICATION,D_CREATION,D_MODIFICATION,PERS_ID_CREATION,PERS_ID_MODIFICATION) VALUES (28,21,'pays', 'Pays',27, 'CORIANDRE', SYSDATE, SYSDATE,1,1);
INSERT INTO SCO_SCOLARITE.CHAMP (ID_CHAMP,ID_PERE,CODE,LIBELLE,ORDRE,APPLICATION,D_CREATION,D_MODIFICATION,PERS_ID_CREATION,PERS_ID_MODIFICATION) VALUES (29,21,'mail', 'Adresse Mail',29, 'CORIANDRE', SYSDATE, SYSDATE,1,1);
INSERT INTO SCO_SCOLARITE.CHAMP (ID_CHAMP,ID_PERE,CODE,LIBELLE,ORDRE,APPLICATION,D_CREATION,D_MODIFICATION,PERS_ID_CREATION,PERS_ID_MODIFICATION) VALUES (30,0,'cadreTel', 'Téléphonnes Personnels',30, 'CORIANDRE', SYSDATE, SYSDATE,1,1);
INSERT INTO SCO_SCOLARITE.CHAMP (ID_CHAMP,ID_PERE,CODE,LIBELLE,ORDRE,APPLICATION,D_CREATION,D_MODIFICATION,PERS_ID_CREATION,PERS_ID_MODIFICATION) VALUES (31,30,'typeTel', 'Type de Téléphone',31, 'CORIANDRE', SYSDATE, SYSDATE,1,1);
INSERT INTO SCO_SCOLARITE.CHAMP (ID_CHAMP,ID_PERE,CODE,LIBELLE,ORDRE,APPLICATION,D_CREATION,D_MODIFICATION,PERS_ID_CREATION,PERS_ID_MODIFICATION) VALUES (32,30,'typeNoTel', 'Type de numéro',32, 'CORIANDRE', SYSDATE, SYSDATE,1,1);
INSERT INTO SCO_SCOLARITE.CHAMP (ID_CHAMP,ID_PERE,CODE,LIBELLE,ORDRE,APPLICATION,D_CREATION,D_MODIFICATION,PERS_ID_CREATION,PERS_ID_MODIFICATION) VALUES (33,30,'indicatifPays', 'Indicatif pays',33, 'CORIANDRE', SYSDATE, SYSDATE,1,1);
INSERT INTO SCO_SCOLARITE.CHAMP (ID_CHAMP,ID_PERE,CODE,LIBELLE,ORDRE,APPLICATION,D_CREATION,D_MODIFICATION,PERS_ID_CREATION,PERS_ID_MODIFICATION) VALUES (34,30,'numeroTel', 'Numéro',34, 'CORIANDRE', SYSDATE, SYSDATE,1,1);
INSERT INTO SCO_SCOLARITE.CHAMP (ID_CHAMP,ID_PERE,CODE,LIBELLE,ORDRE,APPLICATION,D_CREATION,D_MODIFICATION,PERS_ID_CREATION,PERS_ID_MODIFICATION) VALUES (35,0,'cadreC', 'Formations envisagées',35, 'CORIANDRE', SYSDATE, SYSDATE,1,1);
INSERT INTO SCO_SCOLARITE.CHAMP (ID_CHAMP,ID_PERE,CODE,LIBELLE,ORDRE,APPLICATION,D_CREATION,D_MODIFICATION,PERS_ID_CREATION,PERS_ID_MODIFICATION) VALUES (36,35,'TypeInscription', 'Type Inscription',36, 'CORIANDRE', SYSDATE, SYSDATE,1,1);
INSERT INTO SCO_SCOLARITE.CHAMP (ID_CHAMP,ID_PERE,CODE,LIBELLE,ORDRE,APPLICATION,D_CREATION,D_MODIFICATION,PERS_ID_CREATION,PERS_ID_MODIFICATION) VALUES (37,35,'grade', 'Grade',37, 'CORIANDRE', SYSDATE, SYSDATE,1,1);
INSERT INTO SCO_SCOLARITE.CHAMP (ID_CHAMP,ID_PERE,CODE,LIBELLE,ORDRE,APPLICATION,D_CREATION,D_MODIFICATION,PERS_ID_CREATION,PERS_ID_MODIFICATION) VALUES (38,35,'niveau', 'Niveau',38, 'CORIANDRE', SYSDATE, SYSDATE,1,1);
INSERT INTO SCO_SCOLARITE.CHAMP (ID_CHAMP,ID_PERE,CODE,LIBELLE,ORDRE,APPLICATION,D_CREATION,D_MODIFICATION,PERS_ID_CREATION,PERS_ID_MODIFICATION) VALUES (39,35,'diplome', 'diplôme',39, 'CORIANDRE', SYSDATE, SYSDATE,1,1);
INSERT INTO SCO_SCOLARITE.CHAMP (ID_CHAMP,ID_PERE,CODE,LIBELLE,ORDRE,APPLICATION,D_CREATION,D_MODIFICATION,PERS_ID_CREATION,PERS_ID_MODIFICATION) VALUES (40,35,'dateInsc', 'Date ',40, 'CORIANDRE', SYSDATE, SYSDATE,1,1);
INSERT INTO SCO_SCOLARITE.CHAMP (ID_CHAMP,ID_PERE,CODE,LIBELLE,ORDRE,APPLICATION,D_CREATION,D_MODIFICATION,PERS_ID_CREATION,PERS_ID_MODIFICATION) VALUES (41,35,'echInternational', 'Echange internat.',41, 'CORIANDRE', SYSDATE, SYSDATE,1,1);
INSERT INTO SCO_SCOLARITE.CHAMP (ID_CHAMP,ID_PERE,CODE,LIBELLE,ORDRE,APPLICATION,D_CREATION,D_MODIFICATION,PERS_ID_CREATION,PERS_ID_MODIFICATION) VALUES (42,35,'redoublement', 'Redoublement',42, 'CORIANDRE', SYSDATE, SYSDATE,1,1);
INSERT INTO SCO_SCOLARITE.CHAMP (ID_CHAMP,ID_PERE,CODE,LIBELLE,ORDRE,APPLICATION,D_CREATION,D_MODIFICATION,PERS_ID_CREATION,PERS_ID_MODIFICATION) VALUES (43,35,'reorientation', 'Réorientation',43, 'CORIANDRE', SYSDATE, SYSDATE,1,1);
INSERT INTO SCO_SCOLARITE.CHAMP (ID_CHAMP,ID_PERE,CODE,LIBELLE,ORDRE,APPLICATION,D_CREATION,D_MODIFICATION,PERS_ID_CREATION,PERS_ID_MODIFICATION) VALUES (44,35,'conditionnel', 'Passage conditionnel',44, 'CORIANDRE', SYSDATE, SYSDATE,1,1);
INSERT INTO SCO_SCOLARITE.CHAMP (ID_CHAMP,ID_PERE,CODE,LIBELLE,ORDRE,APPLICATION,D_CREATION,D_MODIFICATION,PERS_ID_CREATION,PERS_ID_MODIFICATION) VALUES (45,35,'formationChoisie', 'Formation choisie',45, 'CORIANDRE', SYSDATE, SYSDATE,1,1);
INSERT INTO SCO_SCOLARITE.CHAMP (ID_CHAMP,ID_PERE,CODE,LIBELLE,ORDRE,APPLICATION,D_CREATION,D_MODIFICATION,PERS_ID_CREATION,PERS_ID_MODIFICATION) VALUES (46,0,'cadreD', 'Titres d''accès à l''établissement',46, 'CORIANDRE', SYSDATE, SYSDATE,1,1);
INSERT INTO SCO_SCOLARITE.CHAMP (ID_CHAMP,ID_PERE,CODE,LIBELLE,ORDRE,APPLICATION,D_CREATION,D_MODIFICATION,PERS_ID_CREATION,PERS_ID_MODIFICATION) VALUES (47,46,'anneeObtention', 'Obtenu en',47, 'CORIANDRE', SYSDATE, SYSDATE,1,1);
INSERT INTO SCO_SCOLARITE.CHAMP (ID_CHAMP,ID_PERE,CODE,LIBELLE,ORDRE,APPLICATION,D_CREATION,D_MODIFICATION,PERS_ID_CREATION,PERS_ID_MODIFICATION) VALUES (48,46,'titreAcces', 'Titre',48, 'CORIANDRE', SYSDATE, SYSDATE,1,1);
INSERT INTO SCO_SCOLARITE.CHAMP (ID_CHAMP,ID_PERE,CODE,LIBELLE,ORDRE,APPLICATION,D_CREATION,D_MODIFICATION,PERS_ID_CREATION,PERS_ID_MODIFICATION) VALUES (49,46,'mentionAcces', 'Mention',49, 'CORIANDRE', SYSDATE, SYSDATE,1,1);
INSERT INTO SCO_SCOLARITE.CHAMP (ID_CHAMP,ID_PERE,CODE,LIBELLE,ORDRE,APPLICATION,D_CREATION,D_MODIFICATION,PERS_ID_CREATION,PERS_ID_MODIFICATION) VALUES (50,46,'etablissementAcces', 'Etablissement',50, 'CORIANDRE', SYSDATE, SYSDATE,1,1);
INSERT INTO SCO_SCOLARITE.CHAMP (ID_CHAMP,ID_PERE,CODE,LIBELLE,ORDRE,APPLICATION,D_CREATION,D_MODIFICATION,PERS_ID_CREATION,PERS_ID_MODIFICATION) VALUES (51,46,'villeEtablissement', 'Ville',51, 'CORIANDRE', SYSDATE, SYSDATE,1,1);
INSERT INTO SCO_SCOLARITE.CHAMP (ID_CHAMP,ID_PERE,CODE,LIBELLE,ORDRE,APPLICATION,D_CREATION,D_MODIFICATION,PERS_ID_CREATION,PERS_ID_MODIFICATION) VALUES (52,46,'departementEtablissement', 'Département',52, 'CORIANDRE', SYSDATE, SYSDATE,1,1);
INSERT INTO SCO_SCOLARITE.CHAMP (ID_CHAMP,ID_PERE,CODE,LIBELLE,ORDRE,APPLICATION,D_CREATION,D_MODIFICATION,PERS_ID_CREATION,PERS_ID_MODIFICATION) VALUES (53,46,'paysEtablissement', 'Pays',53, 'CORIANDRE', SYSDATE, SYSDATE,1,1);
INSERT INTO SCO_SCOLARITE.CHAMP (ID_CHAMP,ID_PERE,CODE,LIBELLE,ORDRE,APPLICATION,D_CREATION,D_MODIFICATION,PERS_ID_CREATION,PERS_ID_MODIFICATION) VALUES (54,0,'cadreEFG', 'Cursus de l''étudiant',54, 'CORIANDRE', SYSDATE, SYSDATE,1,1);
INSERT INTO SCO_SCOLARITE.CHAMP (ID_CHAMP,ID_PERE,CODE,LIBELLE,ORDRE,APPLICATION,D_CREATION,D_MODIFICATION,PERS_ID_CREATION,PERS_ID_MODIFICATION) VALUES (55,54,'anneeDebutPeriode', 'Année début',55, 'CORIANDRE', SYSDATE, SYSDATE,1,1);
INSERT INTO SCO_SCOLARITE.CHAMP (ID_CHAMP,ID_PERE,CODE,LIBELLE,ORDRE,APPLICATION,D_CREATION,D_MODIFICATION,PERS_ID_CREATION,PERS_ID_MODIFICATION) VALUES (56,54,'anneefinPeriode', 'Année fin',56, 'CORIANDRE', SYSDATE, SYSDATE,1,1);
INSERT INTO SCO_SCOLARITE.CHAMP (ID_CHAMP,ID_PERE,CODE,LIBELLE,ORDRE,APPLICATION,D_CREATION,D_MODIFICATION,PERS_ID_CREATION,PERS_ID_MODIFICATION) VALUES (57,54,'interruption', 'Interruption',57, 'CORIANDRE', SYSDATE, SYSDATE,1,1);
INSERT INTO SCO_SCOLARITE.CHAMP (ID_CHAMP,ID_PERE,CODE,LIBELLE,ORDRE,APPLICATION,D_CREATION,D_MODIFICATION,PERS_ID_CREATION,PERS_ID_MODIFICATION) VALUES (58,54,'etablissementCursus', 'Etablissement',58, 'CORIANDRE', SYSDATE, SYSDATE,1,1);
INSERT INTO SCO_SCOLARITE.CHAMP (ID_CHAMP,ID_PERE,CODE,LIBELLE,ORDRE,APPLICATION,D_CREATION,D_MODIFICATION,PERS_ID_CREATION,PERS_ID_MODIFICATION) VALUES (59,54,'villeCursus', 'Ville',58, 'CORIANDRE', SYSDATE, SYSDATE,1,1);
INSERT INTO SCO_SCOLARITE.CHAMP (ID_CHAMP,ID_PERE,CODE,LIBELLE,ORDRE,APPLICATION,D_CREATION,D_MODIFICATION,PERS_ID_CREATION,PERS_ID_MODIFICATION) VALUES (60,54,'départementCursus', 'Département',60, 'CORIANDRE', SYSDATE, SYSDATE,1,1);
INSERT INTO SCO_SCOLARITE.CHAMP (ID_CHAMP,ID_PERE,CODE,LIBELLE,ORDRE,APPLICATION,D_CREATION,D_MODIFICATION,PERS_ID_CREATION,PERS_ID_MODIFICATION) VALUES (61,54,'paysCursus', 'Pays',61, 'CORIANDRE', SYSDATE, SYSDATE,1,1);
INSERT INTO SCO_SCOLARITE.CHAMP (ID_CHAMP,ID_PERE,CODE,LIBELLE,ORDRE,APPLICATION,D_CREATION,D_MODIFICATION,PERS_ID_CREATION,PERS_ID_MODIFICATION) VALUES (62,54,'typeformationCursus', 'Type formation',62, 'CORIANDRE', SYSDATE, SYSDATE,1,1);
INSERT INTO SCO_SCOLARITE.CHAMP (ID_CHAMP,ID_PERE,CODE,LIBELLE,ORDRE,APPLICATION,D_CREATION,D_MODIFICATION,PERS_ID_CREATION,PERS_ID_MODIFICATION) VALUES (63,54,'niveauCursus', 'Niveau',63, 'CORIANDRE', SYSDATE, SYSDATE,1,1);
INSERT INTO SCO_SCOLARITE.CHAMP (ID_CHAMP,ID_PERE,CODE,LIBELLE,ORDRE,APPLICATION,D_CREATION,D_MODIFICATION,PERS_ID_CREATION,PERS_ID_MODIFICATION) VALUES (64,54,'intituleformationCursus', 'Intitulé',64, 'CORIANDRE', SYSDATE, SYSDATE,1,1);
INSERT INTO SCO_SCOLARITE.CHAMP (ID_CHAMP,ID_PERE,CODE,LIBELLE,ORDRE,APPLICATION,D_CREATION,D_MODIFICATION,PERS_ID_CREATION,PERS_ID_MODIFICATION) VALUES (65,54,'diplomeCursus', 'Diplôme',65, 'CORIANDRE', SYSDATE, SYSDATE,1,1);
INSERT INTO SCO_SCOLARITE.CHAMP (ID_CHAMP,ID_PERE,CODE,LIBELLE,ORDRE,APPLICATION,D_CREATION,D_MODIFICATION,PERS_ID_CREATION,PERS_ID_MODIFICATION) VALUES (66,54,'typeDiplomeCursus', 'Type Diplôme',66, 'CORIANDRE', SYSDATE, SYSDATE,1,1);
INSERT INTO SCO_SCOLARITE.CHAMP (ID_CHAMP,ID_PERE,CODE,LIBELLE,ORDRE,APPLICATION,D_CREATION,D_MODIFICATION,PERS_ID_CREATION,PERS_ID_MODIFICATION) VALUES (67,54,'intituleDiplomeCursus', 'Intitulé',67, 'CORIANDRE', SYSDATE, SYSDATE,1,1);
INSERT INTO SCO_SCOLARITE.CHAMP (ID_CHAMP,ID_PERE,CODE,LIBELLE,ORDRE,APPLICATION,D_CREATION,D_MODIFICATION,PERS_ID_CREATION,PERS_ID_MODIFICATION) VALUES (68,0,'cadreBourses', 'Bourses et exonération',68, 'CORIANDRE', SYSDATE, SYSDATE,1,1);
INSERT INTO SCO_SCOLARITE.CHAMP (ID_CHAMP,ID_PERE,CODE,LIBELLE,ORDRE,APPLICATION,D_CREATION,D_MODIFICATION,PERS_ID_CREATION,PERS_ID_MODIFICATION) VALUES (69,68,'exoneration', 'Exonération',69, 'CORIANDRE', SYSDATE, SYSDATE,1,1);
INSERT INTO SCO_SCOLARITE.CHAMP (ID_CHAMP,ID_PERE,CODE,LIBELLE,ORDRE,APPLICATION,D_CREATION,D_MODIFICATION,PERS_ID_CREATION,PERS_ID_MODIFICATION) VALUES (70,68,'motifExoneration', 'Motif Exoné.',70, 'CORIANDRE', SYSDATE, SYSDATE,1,1);
INSERT INTO SCO_SCOLARITE.CHAMP (ID_CHAMP,ID_PERE,CODE,LIBELLE,ORDRE,APPLICATION,D_CREATION,D_MODIFICATION,PERS_ID_CREATION,PERS_ID_MODIFICATION) VALUES (71,68,'organismeBourse', 'Organisme',71, 'CORIANDRE', SYSDATE, SYSDATE,1,1);
INSERT INTO SCO_SCOLARITE.CHAMP (ID_CHAMP,ID_PERE,CODE,LIBELLE,ORDRE,APPLICATION,D_CREATION,D_MODIFICATION,PERS_ID_CREATION,PERS_ID_MODIFICATION) VALUES (72,68,'numeroallocataire', 'N° Allocataire',72, 'CORIANDRE', SYSDATE, SYSDATE,1,1);
INSERT INTO SCO_SCOLARITE.CHAMP (ID_CHAMP,ID_PERE,CODE,LIBELLE,ORDRE,APPLICATION,D_CREATION,D_MODIFICATION,PERS_ID_CREATION,PERS_ID_MODIFICATION) VALUES (73,68,'echellonBourse', 'Echellon',73, 'CORIANDRE', SYSDATE, SYSDATE,1,1);
INSERT INTO SCO_SCOLARITE.CHAMP (ID_CHAMP,ID_PERE,CODE,LIBELLE,ORDRE,APPLICATION,D_CREATION,D_MODIFICATION,PERS_ID_CREATION,PERS_ID_MODIFICATION) VALUES (74,0,'cadreSitSociale', 'Situation sociale',74, 'CORIANDRE', SYSDATE, SYSDATE,1,1);
INSERT INTO SCO_SCOLARITE.CHAMP (ID_CHAMP,ID_PERE,CODE,LIBELLE,ORDRE,APPLICATION,D_CREATION,D_MODIFICATION,PERS_ID_CREATION,PERS_ID_MODIFICATION) VALUES (75,74,'noInseeSitSociale', 'Code INSEE',75, 'CORIANDRE', SYSDATE, SYSDATE,1,1);
INSERT INTO SCO_SCOLARITE.CHAMP (ID_CHAMP,ID_PERE,CODE,LIBELLE,ORDRE,APPLICATION,D_CREATION,D_MODIFICATION,PERS_ID_CREATION,PERS_ID_MODIFICATION) VALUES (76,74,'inseeProvSitSociale', 'Provisoire',76, 'CORIANDRE', SYSDATE, SYSDATE,1,1);
INSERT INTO SCO_SCOLARITE.CHAMP (ID_CHAMP,ID_PERE,CODE,LIBELLE,ORDRE,APPLICATION,D_CREATION,D_MODIFICATION,PERS_ID_CREATION,PERS_ID_MODIFICATION) VALUES (77,74,'origineRessources', 'Origine des Ressources',77, 'CORIANDRE', SYSDATE, SYSDATE,1,1);
INSERT INTO SCO_SCOLARITE.CHAMP (ID_CHAMP,ID_PERE,CODE,LIBELLE,ORDRE,APPLICATION,D_CREATION,D_MODIFICATION,PERS_ID_CREATION,PERS_ID_MODIFICATION) VALUES (78,74,'tuteur1', 'Tuteur 1',78, 'CORIANDRE', SYSDATE, SYSDATE,1,1);
INSERT INTO SCO_SCOLARITE.CHAMP (ID_CHAMP,ID_PERE,CODE,LIBELLE,ORDRE,APPLICATION,D_CREATION,D_MODIFICATION,PERS_ID_CREATION,PERS_ID_MODIFICATION) VALUES (79,74,'tuteur2', 'Tuteur 2',79, 'CORIANDRE', SYSDATE, SYSDATE,1,1);
INSERT INTO SCO_SCOLARITE.CHAMP (ID_CHAMP,ID_PERE,CODE,LIBELLE,ORDRE,APPLICATION,D_CREATION,D_MODIFICATION,PERS_ID_CREATION,PERS_ID_MODIFICATION) VALUES (80,74,'profeesionTuteur1', 'Profession Tuteur 1',80, 'CORIANDRE', SYSDATE, SYSDATE,1,1);
INSERT INTO SCO_SCOLARITE.CHAMP (ID_CHAMP,ID_PERE,CODE,LIBELLE,ORDRE,APPLICATION,D_CREATION,D_MODIFICATION,PERS_ID_CREATION,PERS_ID_MODIFICATION) VALUES (81,74,'profeesionTuteur2', 'Profession Tuteur 2',81, 'CORIANDRE', SYSDATE, SYSDATE,1,1);
INSERT INTO SCO_SCOLARITE.CHAMP (ID_CHAMP,ID_PERE,CODE,LIBELLE,ORDRE,APPLICATION,D_CREATION,D_MODIFICATION,PERS_ID_CREATION,PERS_ID_MODIFICATION) VALUES (82,0,'cadreActivSal', 'Activité salariée',82, 'CORIANDRE', SYSDATE, SYSDATE,1,1);
INSERT INTO SCO_SCOLARITE.CHAMP (ID_CHAMP,ID_PERE,CODE,LIBELLE,ORDRE,APPLICATION,D_CREATION,D_MODIFICATION,PERS_ID_CREATION,PERS_ID_MODIFICATION) VALUES (83,82,'activiteSalarie', 'Activité salariée exercée durant l''année universitaire',83, 'CORIANDRE', SYSDATE, SYSDATE,1,1);
INSERT INTO SCO_SCOLARITE.CHAMP (ID_CHAMP,ID_PERE,CODE,LIBELLE,ORDRE,APPLICATION,D_CREATION,D_MODIFICATION,PERS_ID_CREATION,PERS_ID_MODIFICATION) VALUES (84,82,'specificiteIufm', 'Spécificité IUFM',84, 'CORIANDRE', SYSDATE, SYSDATE,1,1);
INSERT INTO SCO_SCOLARITE.CHAMP (ID_CHAMP,ID_PERE,CODE,LIBELLE,ORDRE,APPLICATION,D_CREATION,D_MODIFICATION,PERS_ID_CREATION,PERS_ID_MODIFICATION) VALUES (85,null,'cadresecu', 'Sécurité sociale',85, 'CORIANDRE', SYSDATE, SYSDATE,1,1);
INSERT INTO SCO_SCOLARITE.CHAMP (ID_CHAMP,ID_PERE,CODE,LIBELLE,ORDRE,APPLICATION,D_CREATION,D_MODIFICATION,PERS_ID_CREATION,PERS_ID_MODIFICATION) VALUES (86,85,'affiliationSecu', 'Affiliation au régime "Etudiant" de la sécurité sociale',86, 'CORIANDRE', SYSDATE, SYSDATE,1,1);
INSERT INTO SCO_SCOLARITE.CHAMP (ID_CHAMP,ID_PERE,CODE,LIBELLE,ORDRE,APPLICATION,D_CREATION,D_MODIFICATION,PERS_ID_CREATION,PERS_ID_MODIFICATION) VALUES (87,85,'motifSecu', 'Motif',87, 'CORIANDRE', SYSDATE, SYSDATE,1,1);
INSERT INTO SCO_SCOLARITE.CHAMP (ID_CHAMP,ID_PERE,CODE,LIBELLE,ORDRE,APPLICATION,D_CREATION,D_MODIFICATION,PERS_ID_CREATION,PERS_ID_MODIFICATION) VALUES (88,85,'organismeSecu', 'Motif',88, 'CORIANDRE', SYSDATE, SYSDATE,1,1);
INSERT INTO SCO_SCOLARITE.CHAMP (ID_CHAMP,ID_PERE,CODE,LIBELLE,ORDRE,APPLICATION,D_CREATION,D_MODIFICATION,PERS_ID_CREATION,PERS_ID_MODIFICATION) VALUES (89,85,'cotisationSecu', 'Cotisation',89, 'CORIANDRE', SYSDATE, SYSDATE,1,1);
INSERT INTO SCO_SCOLARITE.CHAMP (ID_CHAMP,ID_PERE,CODE,LIBELLE,ORDRE,APPLICATION,D_CREATION,D_MODIFICATION,PERS_ID_CREATION,PERS_ID_MODIFICATION) VALUES (90,85,'motifExonereSecu', 'Motif',90, 'CORIANDRE', SYSDATE, SYSDATE,1,1);
INSERT INTO SCO_SCOLARITE.CHAMP (ID_CHAMP,ID_PERE,CODE,LIBELLE,ORDRE,APPLICATION,D_CREATION,D_MODIFICATION,PERS_ID_CREATION,PERS_ID_MODIFICATION) VALUES (91,0,'cadreComplement', 'Complément',91, 'CORIANDRE', SYSDATE, SYSDATE,1,1);
INSERT INTO SCO_SCOLARITE.CHAMP (ID_CHAMP,ID_PERE,CODE,LIBELLE,ORDRE,APPLICATION,D_CREATION,D_MODIFICATION,PERS_ID_CREATION,PERS_ID_MODIFICATION) VALUES (92,91,'pratiqueSportiveU', 'Pratique sportive Universitaire',92, 'CORIANDRE', SYSDATE, SYSDATE,1,1);
INSERT INTO SCO_SCOLARITE.CHAMP (ID_CHAMP,ID_PERE,CODE,LIBELLE,ORDRE,APPLICATION,D_CREATION,D_MODIFICATION,PERS_ID_CREATION,PERS_ID_MODIFICATION) VALUES (93,91,'adhesionAgme', 'Adhésion A.G.M.E.',93, 'CORIANDRE', SYSDATE, SYSDATE,1,1);
INSERT INTO SCO_SCOLARITE.CHAMP (ID_CHAMP,ID_PERE,CODE,LIBELLE,ORDRE,APPLICATION,D_CREATION,D_MODIFICATION,PERS_ID_CREATION,PERS_ID_MODIFICATION) VALUES (94,0,'cadreK', 'Autres renseignements',94, 'CORIANDRE', SYSDATE, SYSDATE,1,1);
INSERT INTO SCO_SCOLARITE.CHAMP (ID_CHAMP,ID_PERE,CODE,LIBELLE,ORDRE,APPLICATION,D_CREATION,D_MODIFICATION,PERS_ID_CREATION,PERS_ID_MODIFICATION) VALUES (95,94,'interruptionEtude', 'Interruption des études',95, 'CORIANDRE', SYSDATE, SYSDATE,1,1);
INSERT INTO SCO_SCOLARITE.CHAMP (ID_CHAMP,ID_PERE,CODE,LIBELLE,ORDRE,APPLICATION,D_CREATION,D_MODIFICATION,PERS_ID_CREATION,PERS_ID_MODIFICATION) VALUES (96,94,'debutInterruptionEtude', 'de',96, 'CORIANDRE', SYSDATE, SYSDATE,1,1);
INSERT INTO SCO_SCOLARITE.CHAMP (ID_CHAMP,ID_PERE,CODE,LIBELLE,ORDRE,APPLICATION,D_CREATION,D_MODIFICATION,PERS_ID_CREATION,PERS_ID_MODIFICATION) VALUES (97,94,'finInterruptionEtude', 'à',97, 'CORIANDRE', SYSDATE, SYSDATE,1,1);
INSERT INTO SCO_SCOLARITE.CHAMP (ID_CHAMP,ID_PERE,CODE,LIBELLE,ORDRE,APPLICATION,D_CREATION,D_MODIFICATION,PERS_ID_CREATION,PERS_ID_MODIFICATION) VALUES (98,94,'demandeurEmploi', 'Demandeur d''emploi',98, 'CORIANDRE', SYSDATE, SYSDATE,1,1);
INSERT INTO SCO_SCOLARITE.CHAMP (ID_CHAMP,ID_PERE,CODE,LIBELLE,ORDRE,APPLICATION,D_CREATION,D_MODIFICATION,PERS_ID_CREATION,PERS_ID_MODIFICATION) VALUES (99,94,'formationFinancee', 'Formation financée',98, 'CORIANDRE', SYSDATE, SYSDATE,1,1);
INSERT INTO SCO_SCOLARITE.CHAMP (ID_CHAMP,ID_PERE,CODE,LIBELLE,ORDRE,APPLICATION,D_CREATION,D_MODIFICATION,PERS_ID_CREATION,PERS_ID_MODIFICATION) VALUES (100,94,'sportifHN', 'Sportif de haut niveau',100, 'CORIANDRE', SYSDATE, SYSDATE,1,1);
INSERT INTO SCO_SCOLARITE.CHAMP (ID_CHAMP,ID_PERE,CODE,LIBELLE,ORDRE,APPLICATION,D_CREATION,D_MODIFICATION,PERS_ID_CREATION,PERS_ID_MODIFICATION) VALUES (101,94,'handicap', 'Handicap (art. L.114 du code de l''action sociale et des familles)',101, 'CORIANDRE', SYSDATE, SYSDATE,1,1);
INSERT INTO SCO_SCOLARITE.CHAMP (ID_CHAMP,ID_PERE,CODE,LIBELLE,ORDRE,APPLICATION,D_CREATION,D_MODIFICATION,PERS_ID_CREATION,PERS_ID_MODIFICATION) VALUES (102,94,'typeHandicap', 'Type',102, 'CORIANDRE', SYSDATE, SYSDATE,1,1);
INSERT INTO SCO_SCOLARITE.CHAMP (ID_CHAMP,ID_PERE,CODE,LIBELLE,ORDRE,APPLICATION,D_CREATION,D_MODIFICATION,PERS_ID_CREATION,PERS_ID_MODIFICATION) VALUES (103,94,'assuranceRespCivile', 'Assurance responsabilité civile',103, 'CORIANDRE', SYSDATE, SYSDATE,1,1);
INSERT INTO SCO_SCOLARITE.CHAMP (ID_CHAMP,ID_PERE,CODE,LIBELLE,ORDRE,APPLICATION,D_CREATION,D_MODIFICATION,PERS_ID_CREATION,PERS_ID_MODIFICATION) VALUES (104,94,'compagnieAssurance', 'Compagnie',104, 'CORIANDRE', SYSDATE, SYSDATE,1,1);
INSERT INTO SCO_SCOLARITE.CHAMP (ID_CHAMP,ID_PERE,CODE,LIBELLE,ORDRE,APPLICATION,D_CREATION,D_MODIFICATION,PERS_ID_CREATION,PERS_ID_MODIFICATION) VALUES (105,94,'numéroAssurance', 'N° Assuerance',105, 'CORIANDRE', SYSDATE, SYSDATE,1,1);
INSERT INTO SCO_SCOLARITE.CHAMP (ID_CHAMP,ID_PERE,CODE,LIBELLE,ORDRE,APPLICATION,D_CREATION,D_MODIFICATION,PERS_ID_CREATION,PERS_ID_MODIFICATION) VALUES (106,94,'attestaionrecensement','Attestation de Recensement',106, 'CORIANDRE', SYSDATE, SYSDATE,1,1);
INSERT INTO SCO_SCOLARITE.CHAMP (ID_CHAMP,ID_PERE,CODE,LIBELLE,ORDRE,APPLICATION,D_CREATION,D_MODIFICATION,PERS_ID_CREATION,PERS_ID_MODIFICATION) VALUES (107,94,'certifParticipAppel', 'Certification de participation à l''appel',107, 'CORIANDRE', SYSDATE, SYSDATE,1,1);
INSERT INTO SCO_SCOLARITE.CHAMP (ID_CHAMP,ID_PERE,CODE,LIBELLE,ORDRE,APPLICATION,D_CREATION,D_MODIFICATION,PERS_ID_CREATION,PERS_ID_MODIFICATION) VALUES (108,0,'cadreL', 'Autres',108, 'CORIANDRE', SYSDATE, SYSDATE,1,1);
INSERT INTO SCO_SCOLARITE.CHAMP (ID_CHAMP,ID_PERE,CODE,LIBELLE,ORDRE,APPLICATION,D_CREATION,D_MODIFICATION,PERS_ID_CREATION,PERS_ID_MODIFICATION) VALUES (109,108,'charte', 'Je m''engage à respecter la charte de bon usage de l''informatique',109, 'CORIANDRE', SYSDATE, SYSDATE,1,1);
INSERT INTO SCO_SCOLARITE.CHAMP (ID_CHAMP,ID_PERE,CODE,LIBELLE,ORDRE,APPLICATION,D_CREATION,D_MODIFICATION,PERS_ID_CREATION,PERS_ID_MODIFICATION) VALUES (110,108,'annuaire', 'J''accepte que mon adresse électronique figure sur l''annuaire de l''établissement',110, 'CORIANDRE', SYSDATE, SYSDATE,1,1);
INSERT INTO SCO_SCOLARITE.CHAMP (ID_CHAMP,ID_PERE,CODE,LIBELLE,ORDRE,APPLICATION,D_CREATION,D_MODIFICATION,PERS_ID_CREATION,PERS_ID_MODIFICATION) VALUES (111,108,'photoAutres', 'J''accepte que ma photo apparaisse dans l''annuaire électronique',111, 'CORIANDRE', SYSDATE, SYSDATE,1,1);
INSERT INTO SCO_SCOLARITE.CHAMP (ID_CHAMP,ID_PERE,CODE,LIBELLE,ORDRE,APPLICATION,D_CREATION,D_MODIFICATION,PERS_ID_CREATION,PERS_ID_MODIFICATION) VALUES (112,108,'login', 'Login',112, 'CORIANDRE', SYSDATE, SYSDATE,1,1);
INSERT INTO SCO_SCOLARITE.CHAMP (ID_CHAMP,ID_PERE,CODE,LIBELLE,ORDRE,APPLICATION,D_CREATION,D_MODIFICATION,PERS_ID_CREATION,PERS_ID_MODIFICATION) VALUES (113,108,'melautres', 'Mel',113, 'CORIANDRE', SYSDATE, SYSDATE,1,1);
INSERT INTO SCO_SCOLARITE.CHAMP (ID_CHAMP,ID_PERE,CODE,LIBELLE,ORDRE,APPLICATION,D_CREATION,D_MODIFICATION,PERS_ID_CREATION,PERS_ID_MODIFICATION) VALUES (114,108,'motDePasse', 'Mot de passe',114, 'CORIANDRE', SYSDATE, SYSDATE,1,1);
INSERT INTO SCO_SCOLARITE.CHAMP (ID_CHAMP,ID_PERE,CODE,LIBELLE,ORDRE,APPLICATION,D_CREATION,D_MODIFICATION,PERS_ID_CREATION,PERS_ID_MODIFICATION) VALUES (115,108,'motDePasse2', 'Mot de passe(resaisie)',115, 'CORIANDRE', SYSDATE, SYSDATE,1,1);
INSERT INTO SCO_SCOLARITE.CHAMP (ID_CHAMP,ID_PERE,CODE,LIBELLE,ORDRE,APPLICATION,D_CREATION,D_MODIFICATION,PERS_ID_CREATION,PERS_ID_MODIFICATION) VALUES (116,108,'observationsAutres', 'Observations',116, 'CORIANDRE', SYSDATE, SYSDATE,1,1);

-- TABLE PARAMETRAGE_INSCRIPTION 
INSERT INTO SCO_SCOLARITE.PARAMETRAGE_INSCRIPTION (ID_PARAMETRAGE_INSCRIPTION,LIBELLE,D_CREATION,D_MODIFICATION,PERS_ID_CREATION,PERS_ID_MODIFICATION) VALUES (1, 'Initial',SYSDATE, SYSDATE,1,1);

-- TABLE TYPE_PARAMETRE_AFFICHAGE
INSERT INTO SCO_SCOLARITE.TYPE_PARAMETRE_AFFICHAGE (ID_TYPE_PARAMETRE_AFFICHAGE,LIBELLE,D_CREATION ,D_MODIFICATION,PERS_ID_CREATION,PERS_ID_MODIFICATION, CODE) VALUES (1, 'INVISIBLE',SYSDATE, SYSDATE,1,1, 'INVISIBLE');
INSERT INTO SCO_SCOLARITE.TYPE_PARAMETRE_AFFICHAGE (ID_TYPE_PARAMETRE_AFFICHAGE,LIBELLE,D_CREATION ,D_MODIFICATION,PERS_ID_CREATION,PERS_ID_MODIFICATION, CODE) VALUES (2, 'LECTURE',SYSDATE, SYSDATE,1,1, 'LECTURE_SEULE');
INSERT INTO SCO_SCOLARITE.TYPE_PARAMETRE_AFFICHAGE (ID_TYPE_PARAMETRE_AFFICHAGE,LIBELLE,D_CREATION ,D_MODIFICATION,PERS_ID_CREATION,PERS_ID_MODIFICATION, CODE) VALUES (3, 'MODIFIABLE',SYSDATE, SYSDATE,1,1, 'MODIFIABLE');

--TABLE PARAMETRAGE_CHAMP
INSERT INTO SCO_SCOLARITE.PARAMETRAGE_CHAMP (ID_CHAMP,ID_PARAMETRAGE_INSCRIPTION ,GESTIONNIAIRE,PREINSCRIPTION ,REINSCRIPTION,ADMISSION,D_CREATION,D_MODIFICATION,PERS_ID_CREATION,PERS_ID_MODIFICATION) VALUES(1,1,3,3,3,3,SYSDATE, SYSDATE,1,1);
INSERT INTO SCO_SCOLARITE.PARAMETRAGE_CHAMP (ID_CHAMP,ID_PARAMETRAGE_INSCRIPTION ,GESTIONNIAIRE,PREINSCRIPTION ,REINSCRIPTION,ADMISSION,D_CREATION,D_MODIFICATION,PERS_ID_CREATION,PERS_ID_MODIFICATION) VALUES(2,1,3,3,3,3,SYSDATE, SYSDATE,1,1);
INSERT INTO SCO_SCOLARITE.PARAMETRAGE_CHAMP (ID_CHAMP,ID_PARAMETRAGE_INSCRIPTION ,GESTIONNIAIRE,PREINSCRIPTION ,REINSCRIPTION,ADMISSION,D_CREATION,D_MODIFICATION,PERS_ID_CREATION,PERS_ID_MODIFICATION) VALUES(3,1,3,3,3,3,SYSDATE, SYSDATE,1,1);
INSERT INTO SCO_SCOLARITE.PARAMETRAGE_CHAMP (ID_CHAMP,ID_PARAMETRAGE_INSCRIPTION ,GESTIONNIAIRE,PREINSCRIPTION ,REINSCRIPTION,ADMISSION,D_CREATION,D_MODIFICATION,PERS_ID_CREATION,PERS_ID_MODIFICATION) VALUES(4,1,3,3,3,3,SYSDATE, SYSDATE,1,1);
INSERT INTO SCO_SCOLARITE.PARAMETRAGE_CHAMP (ID_CHAMP,ID_PARAMETRAGE_INSCRIPTION ,GESTIONNIAIRE,PREINSCRIPTION ,REINSCRIPTION,ADMISSION,D_CREATION,D_MODIFICATION,PERS_ID_CREATION,PERS_ID_MODIFICATION) VALUES(5,1,3,3,3,3,SYSDATE, SYSDATE,1,1);
INSERT INTO SCO_SCOLARITE.PARAMETRAGE_CHAMP (ID_CHAMP,ID_PARAMETRAGE_INSCRIPTION ,GESTIONNIAIRE,PREINSCRIPTION ,REINSCRIPTION,ADMISSION,D_CREATION,D_MODIFICATION,PERS_ID_CREATION,PERS_ID_MODIFICATION) VALUES(6,1,3,3,3,3,SYSDATE, SYSDATE,1,1);
INSERT INTO SCO_SCOLARITE.PARAMETRAGE_CHAMP (ID_CHAMP,ID_PARAMETRAGE_INSCRIPTION ,GESTIONNIAIRE,PREINSCRIPTION ,REINSCRIPTION,ADMISSION,D_CREATION,D_MODIFICATION,PERS_ID_CREATION,PERS_ID_MODIFICATION) VALUES(7,1,3,3,3,3,SYSDATE, SYSDATE,1,1);
INSERT INTO SCO_SCOLARITE.PARAMETRAGE_CHAMP (ID_CHAMP,ID_PARAMETRAGE_INSCRIPTION ,GESTIONNIAIRE,PREINSCRIPTION ,REINSCRIPTION,ADMISSION,D_CREATION,D_MODIFICATION,PERS_ID_CREATION,PERS_ID_MODIFICATION) VALUES(8,1,3,3,3,3,SYSDATE, SYSDATE,1,1);
INSERT INTO SCO_SCOLARITE.PARAMETRAGE_CHAMP (ID_CHAMP,ID_PARAMETRAGE_INSCRIPTION ,GESTIONNIAIRE,PREINSCRIPTION ,REINSCRIPTION,ADMISSION,D_CREATION,D_MODIFICATION,PERS_ID_CREATION,PERS_ID_MODIFICATION) VALUES(9,1,3,3,3,3,SYSDATE, SYSDATE,1,1);
INSERT INTO SCO_SCOLARITE.PARAMETRAGE_CHAMP (ID_CHAMP,ID_PARAMETRAGE_INSCRIPTION ,GESTIONNIAIRE,PREINSCRIPTION ,REINSCRIPTION,ADMISSION,D_CREATION,D_MODIFICATION,PERS_ID_CREATION,PERS_ID_MODIFICATION) VALUES(10,1,3,3,3,3,SYSDATE, SYSDATE,1,1);
INSERT INTO SCO_SCOLARITE.PARAMETRAGE_CHAMP (ID_CHAMP,ID_PARAMETRAGE_INSCRIPTION ,GESTIONNIAIRE,PREINSCRIPTION ,REINSCRIPTION,ADMISSION,D_CREATION,D_MODIFICATION,PERS_ID_CREATION,PERS_ID_MODIFICATION) VALUES(11,1,3,3,3,3,SYSDATE, SYSDATE,1,1);
INSERT INTO SCO_SCOLARITE.PARAMETRAGE_CHAMP (ID_CHAMP,ID_PARAMETRAGE_INSCRIPTION ,GESTIONNIAIRE,PREINSCRIPTION ,REINSCRIPTION,ADMISSION,D_CREATION,D_MODIFICATION,PERS_ID_CREATION,PERS_ID_MODIFICATION) VALUES(12,1,3,3,3,3,SYSDATE, SYSDATE,1,1);
INSERT INTO SCO_SCOLARITE.PARAMETRAGE_CHAMP (ID_CHAMP,ID_PARAMETRAGE_INSCRIPTION ,GESTIONNIAIRE,PREINSCRIPTION ,REINSCRIPTION,ADMISSION,D_CREATION,D_MODIFICATION,PERS_ID_CREATION,PERS_ID_MODIFICATION) VALUES(13,1,3,3,3,3,SYSDATE, SYSDATE,1,1);
INSERT INTO SCO_SCOLARITE.PARAMETRAGE_CHAMP (ID_CHAMP,ID_PARAMETRAGE_INSCRIPTION ,GESTIONNIAIRE,PREINSCRIPTION ,REINSCRIPTION,ADMISSION,D_CREATION,D_MODIFICATION,PERS_ID_CREATION,PERS_ID_MODIFICATION) VALUES(14,1,3,3,3,3,SYSDATE, SYSDATE,1,1);
INSERT INTO SCO_SCOLARITE.PARAMETRAGE_CHAMP (ID_CHAMP,ID_PARAMETRAGE_INSCRIPTION ,GESTIONNIAIRE,PREINSCRIPTION ,REINSCRIPTION,ADMISSION,D_CREATION,D_MODIFICATION,PERS_ID_CREATION,PERS_ID_MODIFICATION) VALUES(15,1,3,3,3,3,SYSDATE, SYSDATE,1,1);
INSERT INTO SCO_SCOLARITE.PARAMETRAGE_CHAMP (ID_CHAMP,ID_PARAMETRAGE_INSCRIPTION ,GESTIONNIAIRE,PREINSCRIPTION ,REINSCRIPTION,ADMISSION,D_CREATION,D_MODIFICATION,PERS_ID_CREATION,PERS_ID_MODIFICATION) VALUES(16,1,3,3,3,3,SYSDATE, SYSDATE,1,1);
INSERT INTO SCO_SCOLARITE.PARAMETRAGE_CHAMP (ID_CHAMP,ID_PARAMETRAGE_INSCRIPTION ,GESTIONNIAIRE,PREINSCRIPTION ,REINSCRIPTION,ADMISSION,D_CREATION,D_MODIFICATION,PERS_ID_CREATION,PERS_ID_MODIFICATION) VALUES(17,1,3,3,3,3,SYSDATE, SYSDATE,1,1);
INSERT INTO SCO_SCOLARITE.PARAMETRAGE_CHAMP (ID_CHAMP,ID_PARAMETRAGE_INSCRIPTION ,GESTIONNIAIRE,PREINSCRIPTION ,REINSCRIPTION,ADMISSION,D_CREATION,D_MODIFICATION,PERS_ID_CREATION,PERS_ID_MODIFICATION) VALUES(18,1,3,3,3,3,SYSDATE, SYSDATE,1,1);
INSERT INTO SCO_SCOLARITE.PARAMETRAGE_CHAMP (ID_CHAMP,ID_PARAMETRAGE_INSCRIPTION ,GESTIONNIAIRE,PREINSCRIPTION ,REINSCRIPTION,ADMISSION,D_CREATION,D_MODIFICATION,PERS_ID_CREATION,PERS_ID_MODIFICATION) VALUES(19,1,3,3,3,3,SYSDATE, SYSDATE,1,1);
INSERT INTO SCO_SCOLARITE.PARAMETRAGE_CHAMP (ID_CHAMP,ID_PARAMETRAGE_INSCRIPTION ,GESTIONNIAIRE,PREINSCRIPTION ,REINSCRIPTION,ADMISSION,D_CREATION,D_MODIFICATION,PERS_ID_CREATION,PERS_ID_MODIFICATION) VALUES(20,1,3,3,3,3,SYSDATE, SYSDATE,1,1);
INSERT INTO SCO_SCOLARITE.PARAMETRAGE_CHAMP (ID_CHAMP,ID_PARAMETRAGE_INSCRIPTION ,GESTIONNIAIRE,PREINSCRIPTION ,REINSCRIPTION,ADMISSION,D_CREATION,D_MODIFICATION,PERS_ID_CREATION,PERS_ID_MODIFICATION) VALUES(21,1,3,3,3,3,SYSDATE, SYSDATE,1,1);
INSERT INTO SCO_SCOLARITE.PARAMETRAGE_CHAMP (ID_CHAMP,ID_PARAMETRAGE_INSCRIPTION ,GESTIONNIAIRE,PREINSCRIPTION ,REINSCRIPTION,ADMISSION,D_CREATION,D_MODIFICATION,PERS_ID_CREATION,PERS_ID_MODIFICATION) VALUES(22,1,3,3,3,3,SYSDATE, SYSDATE,1,1);
INSERT INTO SCO_SCOLARITE.PARAMETRAGE_CHAMP (ID_CHAMP,ID_PARAMETRAGE_INSCRIPTION ,GESTIONNIAIRE,PREINSCRIPTION ,REINSCRIPTION,ADMISSION,D_CREATION,D_MODIFICATION,PERS_ID_CREATION,PERS_ID_MODIFICATION) VALUES(23,1,3,3,3,3,SYSDATE, SYSDATE,1,1);
INSERT INTO SCO_SCOLARITE.PARAMETRAGE_CHAMP (ID_CHAMP,ID_PARAMETRAGE_INSCRIPTION ,GESTIONNIAIRE,PREINSCRIPTION ,REINSCRIPTION,ADMISSION,D_CREATION,D_MODIFICATION,PERS_ID_CREATION,PERS_ID_MODIFICATION) VALUES(24,1,3,3,3,3,SYSDATE, SYSDATE,1,1);
INSERT INTO SCO_SCOLARITE.PARAMETRAGE_CHAMP (ID_CHAMP,ID_PARAMETRAGE_INSCRIPTION ,GESTIONNIAIRE,PREINSCRIPTION ,REINSCRIPTION,ADMISSION,D_CREATION,D_MODIFICATION,PERS_ID_CREATION,PERS_ID_MODIFICATION) VALUES(25,1,3,3,3,3,SYSDATE, SYSDATE,1,1);
INSERT INTO SCO_SCOLARITE.PARAMETRAGE_CHAMP (ID_CHAMP,ID_PARAMETRAGE_INSCRIPTION ,GESTIONNIAIRE,PREINSCRIPTION ,REINSCRIPTION,ADMISSION,D_CREATION,D_MODIFICATION,PERS_ID_CREATION,PERS_ID_MODIFICATION) VALUES(26,1,3,3,3,3,SYSDATE, SYSDATE,1,1);
INSERT INTO SCO_SCOLARITE.PARAMETRAGE_CHAMP (ID_CHAMP,ID_PARAMETRAGE_INSCRIPTION ,GESTIONNIAIRE,PREINSCRIPTION ,REINSCRIPTION,ADMISSION,D_CREATION,D_MODIFICATION,PERS_ID_CREATION,PERS_ID_MODIFICATION) VALUES(27,1,3,3,3,3,SYSDATE, SYSDATE,1,1);
INSERT INTO SCO_SCOLARITE.PARAMETRAGE_CHAMP (ID_CHAMP,ID_PARAMETRAGE_INSCRIPTION ,GESTIONNIAIRE,PREINSCRIPTION ,REINSCRIPTION,ADMISSION,D_CREATION,D_MODIFICATION,PERS_ID_CREATION,PERS_ID_MODIFICATION) VALUES(28,1,3,3,3,3,SYSDATE, SYSDATE,1,1);
INSERT INTO SCO_SCOLARITE.PARAMETRAGE_CHAMP (ID_CHAMP,ID_PARAMETRAGE_INSCRIPTION ,GESTIONNIAIRE,PREINSCRIPTION ,REINSCRIPTION,ADMISSION,D_CREATION,D_MODIFICATION,PERS_ID_CREATION,PERS_ID_MODIFICATION) VALUES(29,1,3,3,3,3,SYSDATE, SYSDATE,1,1);
INSERT INTO SCO_SCOLARITE.PARAMETRAGE_CHAMP (ID_CHAMP,ID_PARAMETRAGE_INSCRIPTION ,GESTIONNIAIRE,PREINSCRIPTION ,REINSCRIPTION,ADMISSION,D_CREATION,D_MODIFICATION,PERS_ID_CREATION,PERS_ID_MODIFICATION) VALUES(30,1,3,3,3,3,SYSDATE, SYSDATE,1,1);
INSERT INTO SCO_SCOLARITE.PARAMETRAGE_CHAMP (ID_CHAMP,ID_PARAMETRAGE_INSCRIPTION ,GESTIONNIAIRE,PREINSCRIPTION ,REINSCRIPTION,ADMISSION,D_CREATION,D_MODIFICATION,PERS_ID_CREATION,PERS_ID_MODIFICATION) VALUES(31,1,3,3,3,3,SYSDATE, SYSDATE,1,1);
INSERT INTO SCO_SCOLARITE.PARAMETRAGE_CHAMP (ID_CHAMP,ID_PARAMETRAGE_INSCRIPTION ,GESTIONNIAIRE,PREINSCRIPTION ,REINSCRIPTION,ADMISSION,D_CREATION,D_MODIFICATION,PERS_ID_CREATION,PERS_ID_MODIFICATION) VALUES(32,1,3,3,3,3,SYSDATE, SYSDATE,1,1);
INSERT INTO SCO_SCOLARITE.PARAMETRAGE_CHAMP (ID_CHAMP,ID_PARAMETRAGE_INSCRIPTION ,GESTIONNIAIRE,PREINSCRIPTION ,REINSCRIPTION,ADMISSION,D_CREATION,D_MODIFICATION,PERS_ID_CREATION,PERS_ID_MODIFICATION) VALUES(33,1,3,3,3,3,SYSDATE, SYSDATE,1,1);
INSERT INTO SCO_SCOLARITE.PARAMETRAGE_CHAMP (ID_CHAMP,ID_PARAMETRAGE_INSCRIPTION ,GESTIONNIAIRE,PREINSCRIPTION ,REINSCRIPTION,ADMISSION,D_CREATION,D_MODIFICATION,PERS_ID_CREATION,PERS_ID_MODIFICATION) VALUES(34,1,3,3,3,3,SYSDATE, SYSDATE,1,1);
INSERT INTO SCO_SCOLARITE.PARAMETRAGE_CHAMP (ID_CHAMP,ID_PARAMETRAGE_INSCRIPTION ,GESTIONNIAIRE,PREINSCRIPTION ,REINSCRIPTION,ADMISSION,D_CREATION,D_MODIFICATION,PERS_ID_CREATION,PERS_ID_MODIFICATION) VALUES(35,1,3,3,3,3,SYSDATE, SYSDATE,1,1);
INSERT INTO SCO_SCOLARITE.PARAMETRAGE_CHAMP (ID_CHAMP,ID_PARAMETRAGE_INSCRIPTION ,GESTIONNIAIRE,PREINSCRIPTION ,REINSCRIPTION,ADMISSION,D_CREATION,D_MODIFICATION,PERS_ID_CREATION,PERS_ID_MODIFICATION) VALUES(36,1,3,3,3,3,SYSDATE, SYSDATE,1,1);
INSERT INTO SCO_SCOLARITE.PARAMETRAGE_CHAMP (ID_CHAMP,ID_PARAMETRAGE_INSCRIPTION ,GESTIONNIAIRE,PREINSCRIPTION ,REINSCRIPTION,ADMISSION,D_CREATION,D_MODIFICATION,PERS_ID_CREATION,PERS_ID_MODIFICATION) VALUES(37,1,3,3,3,3,SYSDATE, SYSDATE,1,1);
INSERT INTO SCO_SCOLARITE.PARAMETRAGE_CHAMP (ID_CHAMP,ID_PARAMETRAGE_INSCRIPTION ,GESTIONNIAIRE,PREINSCRIPTION ,REINSCRIPTION,ADMISSION,D_CREATION,D_MODIFICATION,PERS_ID_CREATION,PERS_ID_MODIFICATION) VALUES(38,1,3,3,3,3,SYSDATE, SYSDATE,1,1);
INSERT INTO SCO_SCOLARITE.PARAMETRAGE_CHAMP (ID_CHAMP,ID_PARAMETRAGE_INSCRIPTION ,GESTIONNIAIRE,PREINSCRIPTION ,REINSCRIPTION,ADMISSION,D_CREATION,D_MODIFICATION,PERS_ID_CREATION,PERS_ID_MODIFICATION) VALUES(39,1,3,3,3,3,SYSDATE, SYSDATE,1,1);
INSERT INTO SCO_SCOLARITE.PARAMETRAGE_CHAMP (ID_CHAMP,ID_PARAMETRAGE_INSCRIPTION ,GESTIONNIAIRE,PREINSCRIPTION ,REINSCRIPTION,ADMISSION,D_CREATION,D_MODIFICATION,PERS_ID_CREATION,PERS_ID_MODIFICATION) VALUES(40,1,3,3,3,3,SYSDATE, SYSDATE,1,1);
INSERT INTO SCO_SCOLARITE.PARAMETRAGE_CHAMP (ID_CHAMP,ID_PARAMETRAGE_INSCRIPTION ,GESTIONNIAIRE,PREINSCRIPTION ,REINSCRIPTION,ADMISSION,D_CREATION,D_MODIFICATION,PERS_ID_CREATION,PERS_ID_MODIFICATION) VALUES(41,1,3,3,3,3,SYSDATE, SYSDATE,1,1);
INSERT INTO SCO_SCOLARITE.PARAMETRAGE_CHAMP (ID_CHAMP,ID_PARAMETRAGE_INSCRIPTION ,GESTIONNIAIRE,PREINSCRIPTION ,REINSCRIPTION,ADMISSION,D_CREATION,D_MODIFICATION,PERS_ID_CREATION,PERS_ID_MODIFICATION) VALUES(42,1,3,3,3,3,SYSDATE, SYSDATE,1,1);
INSERT INTO SCO_SCOLARITE.PARAMETRAGE_CHAMP (ID_CHAMP,ID_PARAMETRAGE_INSCRIPTION ,GESTIONNIAIRE,PREINSCRIPTION ,REINSCRIPTION,ADMISSION,D_CREATION,D_MODIFICATION,PERS_ID_CREATION,PERS_ID_MODIFICATION) VALUES(43,1,3,3,3,3,SYSDATE, SYSDATE,1,1);
INSERT INTO SCO_SCOLARITE.PARAMETRAGE_CHAMP (ID_CHAMP,ID_PARAMETRAGE_INSCRIPTION ,GESTIONNIAIRE,PREINSCRIPTION ,REINSCRIPTION,ADMISSION,D_CREATION,D_MODIFICATION,PERS_ID_CREATION,PERS_ID_MODIFICATION) VALUES(44,1,3,3,3,3,SYSDATE, SYSDATE,1,1);
INSERT INTO SCO_SCOLARITE.PARAMETRAGE_CHAMP (ID_CHAMP,ID_PARAMETRAGE_INSCRIPTION ,GESTIONNIAIRE,PREINSCRIPTION ,REINSCRIPTION,ADMISSION,D_CREATION,D_MODIFICATION,PERS_ID_CREATION,PERS_ID_MODIFICATION) VALUES(45,1,3,3,3,3,SYSDATE, SYSDATE,1,1);
INSERT INTO SCO_SCOLARITE.PARAMETRAGE_CHAMP (ID_CHAMP,ID_PARAMETRAGE_INSCRIPTION ,GESTIONNIAIRE,PREINSCRIPTION ,REINSCRIPTION,ADMISSION,D_CREATION,D_MODIFICATION,PERS_ID_CREATION,PERS_ID_MODIFICATION) VALUES(46,1,3,3,3,3,SYSDATE, SYSDATE,1,1);
INSERT INTO SCO_SCOLARITE.PARAMETRAGE_CHAMP (ID_CHAMP,ID_PARAMETRAGE_INSCRIPTION ,GESTIONNIAIRE,PREINSCRIPTION ,REINSCRIPTION,ADMISSION,D_CREATION,D_MODIFICATION,PERS_ID_CREATION,PERS_ID_MODIFICATION) VALUES(47,1,3,3,3,3,SYSDATE, SYSDATE,1,1);
INSERT INTO SCO_SCOLARITE.PARAMETRAGE_CHAMP (ID_CHAMP,ID_PARAMETRAGE_INSCRIPTION ,GESTIONNIAIRE,PREINSCRIPTION ,REINSCRIPTION,ADMISSION,D_CREATION,D_MODIFICATION,PERS_ID_CREATION,PERS_ID_MODIFICATION) VALUES(48,1,3,3,3,3,SYSDATE, SYSDATE,1,1);
INSERT INTO SCO_SCOLARITE.PARAMETRAGE_CHAMP (ID_CHAMP,ID_PARAMETRAGE_INSCRIPTION ,GESTIONNIAIRE,PREINSCRIPTION ,REINSCRIPTION,ADMISSION,D_CREATION,D_MODIFICATION,PERS_ID_CREATION,PERS_ID_MODIFICATION) VALUES(49,1,3,3,3,3,SYSDATE, SYSDATE,1,1);
INSERT INTO SCO_SCOLARITE.PARAMETRAGE_CHAMP (ID_CHAMP,ID_PARAMETRAGE_INSCRIPTION ,GESTIONNIAIRE,PREINSCRIPTION ,REINSCRIPTION,ADMISSION,D_CREATION,D_MODIFICATION,PERS_ID_CREATION,PERS_ID_MODIFICATION) VALUES(50,1,3,3,3,3,SYSDATE, SYSDATE,1,1);
INSERT INTO SCO_SCOLARITE.PARAMETRAGE_CHAMP (ID_CHAMP,ID_PARAMETRAGE_INSCRIPTION ,GESTIONNIAIRE,PREINSCRIPTION ,REINSCRIPTION,ADMISSION,D_CREATION,D_MODIFICATION,PERS_ID_CREATION,PERS_ID_MODIFICATION) VALUES(51,1,3,3,3,3,SYSDATE, SYSDATE,1,1);
INSERT INTO SCO_SCOLARITE.PARAMETRAGE_CHAMP (ID_CHAMP,ID_PARAMETRAGE_INSCRIPTION ,GESTIONNIAIRE,PREINSCRIPTION ,REINSCRIPTION,ADMISSION,D_CREATION,D_MODIFICATION,PERS_ID_CREATION,PERS_ID_MODIFICATION) VALUES(52,1,3,3,3,3,SYSDATE, SYSDATE,1,1);
INSERT INTO SCO_SCOLARITE.PARAMETRAGE_CHAMP (ID_CHAMP,ID_PARAMETRAGE_INSCRIPTION ,GESTIONNIAIRE,PREINSCRIPTION ,REINSCRIPTION,ADMISSION,D_CREATION,D_MODIFICATION,PERS_ID_CREATION,PERS_ID_MODIFICATION) VALUES(53,1,3,3,3,3,SYSDATE, SYSDATE,1,1);
INSERT INTO SCO_SCOLARITE.PARAMETRAGE_CHAMP (ID_CHAMP,ID_PARAMETRAGE_INSCRIPTION ,GESTIONNIAIRE,PREINSCRIPTION ,REINSCRIPTION,ADMISSION,D_CREATION,D_MODIFICATION,PERS_ID_CREATION,PERS_ID_MODIFICATION) VALUES(54,1,3,3,3,3,SYSDATE, SYSDATE,1,1);
INSERT INTO SCO_SCOLARITE.PARAMETRAGE_CHAMP (ID_CHAMP,ID_PARAMETRAGE_INSCRIPTION ,GESTIONNIAIRE,PREINSCRIPTION ,REINSCRIPTION,ADMISSION,D_CREATION,D_MODIFICATION,PERS_ID_CREATION,PERS_ID_MODIFICATION) VALUES(55,1,3,3,3,3,SYSDATE, SYSDATE,1,1);
INSERT INTO SCO_SCOLARITE.PARAMETRAGE_CHAMP (ID_CHAMP,ID_PARAMETRAGE_INSCRIPTION ,GESTIONNIAIRE,PREINSCRIPTION ,REINSCRIPTION,ADMISSION,D_CREATION,D_MODIFICATION,PERS_ID_CREATION,PERS_ID_MODIFICATION) VALUES(56,1,3,3,3,3,SYSDATE, SYSDATE,1,1);
INSERT INTO SCO_SCOLARITE.PARAMETRAGE_CHAMP (ID_CHAMP,ID_PARAMETRAGE_INSCRIPTION ,GESTIONNIAIRE,PREINSCRIPTION ,REINSCRIPTION,ADMISSION,D_CREATION,D_MODIFICATION,PERS_ID_CREATION,PERS_ID_MODIFICATION) VALUES(57,1,3,3,3,3,SYSDATE, SYSDATE,1,1);
INSERT INTO SCO_SCOLARITE.PARAMETRAGE_CHAMP (ID_CHAMP,ID_PARAMETRAGE_INSCRIPTION ,GESTIONNIAIRE,PREINSCRIPTION ,REINSCRIPTION,ADMISSION,D_CREATION,D_MODIFICATION,PERS_ID_CREATION,PERS_ID_MODIFICATION) VALUES(58,1,3,3,3,3,SYSDATE, SYSDATE,1,1);
INSERT INTO SCO_SCOLARITE.PARAMETRAGE_CHAMP (ID_CHAMP,ID_PARAMETRAGE_INSCRIPTION ,GESTIONNIAIRE,PREINSCRIPTION ,REINSCRIPTION,ADMISSION,D_CREATION,D_MODIFICATION,PERS_ID_CREATION,PERS_ID_MODIFICATION) VALUES(59,1,3,3,3,3,SYSDATE, SYSDATE,1,1);
INSERT INTO SCO_SCOLARITE.PARAMETRAGE_CHAMP (ID_CHAMP,ID_PARAMETRAGE_INSCRIPTION ,GESTIONNIAIRE,PREINSCRIPTION ,REINSCRIPTION,ADMISSION,D_CREATION,D_MODIFICATION,PERS_ID_CREATION,PERS_ID_MODIFICATION) VALUES(60,1,3,3,3,3,SYSDATE, SYSDATE,1,1);
INSERT INTO SCO_SCOLARITE.PARAMETRAGE_CHAMP (ID_CHAMP,ID_PARAMETRAGE_INSCRIPTION ,GESTIONNIAIRE,PREINSCRIPTION ,REINSCRIPTION,ADMISSION,D_CREATION,D_MODIFICATION,PERS_ID_CREATION,PERS_ID_MODIFICATION) VALUES(61,1,3,3,3,3,SYSDATE, SYSDATE,1,1);
INSERT INTO SCO_SCOLARITE.PARAMETRAGE_CHAMP (ID_CHAMP,ID_PARAMETRAGE_INSCRIPTION ,GESTIONNIAIRE,PREINSCRIPTION ,REINSCRIPTION,ADMISSION,D_CREATION,D_MODIFICATION,PERS_ID_CREATION,PERS_ID_MODIFICATION) VALUES(62,1,3,3,3,3,SYSDATE, SYSDATE,1,1);
INSERT INTO SCO_SCOLARITE.PARAMETRAGE_CHAMP (ID_CHAMP,ID_PARAMETRAGE_INSCRIPTION ,GESTIONNIAIRE,PREINSCRIPTION ,REINSCRIPTION,ADMISSION,D_CREATION,D_MODIFICATION,PERS_ID_CREATION,PERS_ID_MODIFICATION) VALUES(63,1,3,3,3,3,SYSDATE, SYSDATE,1,1);
INSERT INTO SCO_SCOLARITE.PARAMETRAGE_CHAMP (ID_CHAMP,ID_PARAMETRAGE_INSCRIPTION ,GESTIONNIAIRE,PREINSCRIPTION ,REINSCRIPTION,ADMISSION,D_CREATION,D_MODIFICATION,PERS_ID_CREATION,PERS_ID_MODIFICATION) VALUES(64,1,3,3,3,3,SYSDATE, SYSDATE,1,1);
INSERT INTO SCO_SCOLARITE.PARAMETRAGE_CHAMP (ID_CHAMP,ID_PARAMETRAGE_INSCRIPTION ,GESTIONNIAIRE,PREINSCRIPTION ,REINSCRIPTION,ADMISSION,D_CREATION,D_MODIFICATION,PERS_ID_CREATION,PERS_ID_MODIFICATION) VALUES(65,1,3,3,3,3,SYSDATE, SYSDATE,1,1);
INSERT INTO SCO_SCOLARITE.PARAMETRAGE_CHAMP (ID_CHAMP,ID_PARAMETRAGE_INSCRIPTION ,GESTIONNIAIRE,PREINSCRIPTION ,REINSCRIPTION,ADMISSION,D_CREATION,D_MODIFICATION,PERS_ID_CREATION,PERS_ID_MODIFICATION) VALUES(66,1,3,3,3,3,SYSDATE, SYSDATE,1,1);
INSERT INTO SCO_SCOLARITE.PARAMETRAGE_CHAMP (ID_CHAMP,ID_PARAMETRAGE_INSCRIPTION ,GESTIONNIAIRE,PREINSCRIPTION ,REINSCRIPTION,ADMISSION,D_CREATION,D_MODIFICATION,PERS_ID_CREATION,PERS_ID_MODIFICATION) VALUES(67,1,3,3,3,3,SYSDATE, SYSDATE,1,1);
INSERT INTO SCO_SCOLARITE.PARAMETRAGE_CHAMP (ID_CHAMP,ID_PARAMETRAGE_INSCRIPTION ,GESTIONNIAIRE,PREINSCRIPTION ,REINSCRIPTION,ADMISSION,D_CREATION,D_MODIFICATION,PERS_ID_CREATION,PERS_ID_MODIFICATION) VALUES(68,1,3,3,3,3,SYSDATE, SYSDATE,1,1);
INSERT INTO SCO_SCOLARITE.PARAMETRAGE_CHAMP (ID_CHAMP,ID_PARAMETRAGE_INSCRIPTION ,GESTIONNIAIRE,PREINSCRIPTION ,REINSCRIPTION,ADMISSION,D_CREATION,D_MODIFICATION,PERS_ID_CREATION,PERS_ID_MODIFICATION) VALUES(69,1,3,3,3,3,SYSDATE, SYSDATE,1,1);
INSERT INTO SCO_SCOLARITE.PARAMETRAGE_CHAMP (ID_CHAMP,ID_PARAMETRAGE_INSCRIPTION ,GESTIONNIAIRE,PREINSCRIPTION ,REINSCRIPTION,ADMISSION,D_CREATION,D_MODIFICATION,PERS_ID_CREATION,PERS_ID_MODIFICATION) VALUES(70,1,3,3,3,3,SYSDATE, SYSDATE,1,1);
INSERT INTO SCO_SCOLARITE.PARAMETRAGE_CHAMP (ID_CHAMP,ID_PARAMETRAGE_INSCRIPTION ,GESTIONNIAIRE,PREINSCRIPTION ,REINSCRIPTION,ADMISSION,D_CREATION,D_MODIFICATION,PERS_ID_CREATION,PERS_ID_MODIFICATION) VALUES(71,1,3,3,3,3,SYSDATE, SYSDATE,1,1);
INSERT INTO SCO_SCOLARITE.PARAMETRAGE_CHAMP (ID_CHAMP,ID_PARAMETRAGE_INSCRIPTION ,GESTIONNIAIRE,PREINSCRIPTION ,REINSCRIPTION,ADMISSION,D_CREATION,D_MODIFICATION,PERS_ID_CREATION,PERS_ID_MODIFICATION) VALUES(72,1,3,3,3,3,SYSDATE, SYSDATE,1,1);
INSERT INTO SCO_SCOLARITE.PARAMETRAGE_CHAMP (ID_CHAMP,ID_PARAMETRAGE_INSCRIPTION ,GESTIONNIAIRE,PREINSCRIPTION ,REINSCRIPTION,ADMISSION,D_CREATION,D_MODIFICATION,PERS_ID_CREATION,PERS_ID_MODIFICATION) VALUES(73,1,3,3,3,3,SYSDATE, SYSDATE,1,1);
INSERT INTO SCO_SCOLARITE.PARAMETRAGE_CHAMP (ID_CHAMP,ID_PARAMETRAGE_INSCRIPTION ,GESTIONNIAIRE,PREINSCRIPTION ,REINSCRIPTION,ADMISSION,D_CREATION,D_MODIFICATION,PERS_ID_CREATION,PERS_ID_MODIFICATION) VALUES(74,1,3,3,3,3,SYSDATE, SYSDATE,1,1);
INSERT INTO SCO_SCOLARITE.PARAMETRAGE_CHAMP (ID_CHAMP,ID_PARAMETRAGE_INSCRIPTION ,GESTIONNIAIRE,PREINSCRIPTION ,REINSCRIPTION,ADMISSION,D_CREATION,D_MODIFICATION,PERS_ID_CREATION,PERS_ID_MODIFICATION) VALUES(75,1,3,3,3,3,SYSDATE, SYSDATE,1,1);
INSERT INTO SCO_SCOLARITE.PARAMETRAGE_CHAMP (ID_CHAMP,ID_PARAMETRAGE_INSCRIPTION ,GESTIONNIAIRE,PREINSCRIPTION ,REINSCRIPTION,ADMISSION,D_CREATION,D_MODIFICATION,PERS_ID_CREATION,PERS_ID_MODIFICATION) VALUES(76,1,3,3,3,3,SYSDATE, SYSDATE,1,1);
INSERT INTO SCO_SCOLARITE.PARAMETRAGE_CHAMP (ID_CHAMP,ID_PARAMETRAGE_INSCRIPTION ,GESTIONNIAIRE,PREINSCRIPTION ,REINSCRIPTION,ADMISSION,D_CREATION,D_MODIFICATION,PERS_ID_CREATION,PERS_ID_MODIFICATION) VALUES(77,1,3,3,3,3,SYSDATE, SYSDATE,1,1);
INSERT INTO SCO_SCOLARITE.PARAMETRAGE_CHAMP (ID_CHAMP,ID_PARAMETRAGE_INSCRIPTION ,GESTIONNIAIRE,PREINSCRIPTION ,REINSCRIPTION,ADMISSION,D_CREATION,D_MODIFICATION,PERS_ID_CREATION,PERS_ID_MODIFICATION) VALUES(78,1,3,3,3,3,SYSDATE, SYSDATE,1,1);
INSERT INTO SCO_SCOLARITE.PARAMETRAGE_CHAMP (ID_CHAMP,ID_PARAMETRAGE_INSCRIPTION ,GESTIONNIAIRE,PREINSCRIPTION ,REINSCRIPTION,ADMISSION,D_CREATION,D_MODIFICATION,PERS_ID_CREATION,PERS_ID_MODIFICATION) VALUES(79,1,3,3,3,3,SYSDATE, SYSDATE,1,1);
INSERT INTO SCO_SCOLARITE.PARAMETRAGE_CHAMP (ID_CHAMP,ID_PARAMETRAGE_INSCRIPTION ,GESTIONNIAIRE,PREINSCRIPTION ,REINSCRIPTION,ADMISSION,D_CREATION,D_MODIFICATION,PERS_ID_CREATION,PERS_ID_MODIFICATION) VALUES(80,1,3,3,3,3,SYSDATE, SYSDATE,1,1);
INSERT INTO SCO_SCOLARITE.PARAMETRAGE_CHAMP (ID_CHAMP,ID_PARAMETRAGE_INSCRIPTION ,GESTIONNIAIRE,PREINSCRIPTION ,REINSCRIPTION,ADMISSION,D_CREATION,D_MODIFICATION,PERS_ID_CREATION,PERS_ID_MODIFICATION) VALUES(81,1,3,3,3,3,SYSDATE, SYSDATE,1,1);
INSERT INTO SCO_SCOLARITE.PARAMETRAGE_CHAMP (ID_CHAMP,ID_PARAMETRAGE_INSCRIPTION ,GESTIONNIAIRE,PREINSCRIPTION ,REINSCRIPTION,ADMISSION,D_CREATION,D_MODIFICATION,PERS_ID_CREATION,PERS_ID_MODIFICATION) VALUES(82,1,3,3,3,3,SYSDATE, SYSDATE,1,1);
INSERT INTO SCO_SCOLARITE.PARAMETRAGE_CHAMP (ID_CHAMP,ID_PARAMETRAGE_INSCRIPTION ,GESTIONNIAIRE,PREINSCRIPTION ,REINSCRIPTION,ADMISSION,D_CREATION,D_MODIFICATION,PERS_ID_CREATION,PERS_ID_MODIFICATION) VALUES(83,1,3,3,3,3,SYSDATE, SYSDATE,1,1);
INSERT INTO SCO_SCOLARITE.PARAMETRAGE_CHAMP (ID_CHAMP,ID_PARAMETRAGE_INSCRIPTION ,GESTIONNIAIRE,PREINSCRIPTION ,REINSCRIPTION,ADMISSION,D_CREATION,D_MODIFICATION,PERS_ID_CREATION,PERS_ID_MODIFICATION) VALUES(84,1,3,3,3,3,SYSDATE, SYSDATE,1,1);
INSERT INTO SCO_SCOLARITE.PARAMETRAGE_CHAMP (ID_CHAMP,ID_PARAMETRAGE_INSCRIPTION ,GESTIONNIAIRE,PREINSCRIPTION ,REINSCRIPTION,ADMISSION,D_CREATION,D_MODIFICATION,PERS_ID_CREATION,PERS_ID_MODIFICATION) VALUES(85,1,3,3,3,3,SYSDATE, SYSDATE,1,1);
INSERT INTO SCO_SCOLARITE.PARAMETRAGE_CHAMP (ID_CHAMP,ID_PARAMETRAGE_INSCRIPTION ,GESTIONNIAIRE,PREINSCRIPTION ,REINSCRIPTION,ADMISSION,D_CREATION,D_MODIFICATION,PERS_ID_CREATION,PERS_ID_MODIFICATION) VALUES(86,1,3,3,3,3,SYSDATE, SYSDATE,1,1);
INSERT INTO SCO_SCOLARITE.PARAMETRAGE_CHAMP (ID_CHAMP,ID_PARAMETRAGE_INSCRIPTION ,GESTIONNIAIRE,PREINSCRIPTION ,REINSCRIPTION,ADMISSION,D_CREATION,D_MODIFICATION,PERS_ID_CREATION,PERS_ID_MODIFICATION) VALUES(87,1,3,3,3,3,SYSDATE, SYSDATE,1,1);
INSERT INTO SCO_SCOLARITE.PARAMETRAGE_CHAMP (ID_CHAMP,ID_PARAMETRAGE_INSCRIPTION ,GESTIONNIAIRE,PREINSCRIPTION ,REINSCRIPTION,ADMISSION,D_CREATION,D_MODIFICATION,PERS_ID_CREATION,PERS_ID_MODIFICATION) VALUES(88,1,3,3,3,3,SYSDATE, SYSDATE,1,1);
INSERT INTO SCO_SCOLARITE.PARAMETRAGE_CHAMP (ID_CHAMP,ID_PARAMETRAGE_INSCRIPTION ,GESTIONNIAIRE,PREINSCRIPTION ,REINSCRIPTION,ADMISSION,D_CREATION,D_MODIFICATION,PERS_ID_CREATION,PERS_ID_MODIFICATION) VALUES(89,1,3,3,3,3,SYSDATE, SYSDATE,1,1);
INSERT INTO SCO_SCOLARITE.PARAMETRAGE_CHAMP (ID_CHAMP,ID_PARAMETRAGE_INSCRIPTION ,GESTIONNIAIRE,PREINSCRIPTION ,REINSCRIPTION,ADMISSION,D_CREATION,D_MODIFICATION,PERS_ID_CREATION,PERS_ID_MODIFICATION) VALUES(90,1,3,3,3,3,SYSDATE, SYSDATE,1,1);
INSERT INTO SCO_SCOLARITE.PARAMETRAGE_CHAMP (ID_CHAMP,ID_PARAMETRAGE_INSCRIPTION ,GESTIONNIAIRE,PREINSCRIPTION ,REINSCRIPTION,ADMISSION,D_CREATION,D_MODIFICATION,PERS_ID_CREATION,PERS_ID_MODIFICATION) VALUES(91,1,3,3,3,3,SYSDATE, SYSDATE,1,1);
INSERT INTO SCO_SCOLARITE.PARAMETRAGE_CHAMP (ID_CHAMP,ID_PARAMETRAGE_INSCRIPTION ,GESTIONNIAIRE,PREINSCRIPTION ,REINSCRIPTION,ADMISSION,D_CREATION,D_MODIFICATION,PERS_ID_CREATION,PERS_ID_MODIFICATION) VALUES(92,1,3,3,3,3,SYSDATE, SYSDATE,1,1);
INSERT INTO SCO_SCOLARITE.PARAMETRAGE_CHAMP (ID_CHAMP,ID_PARAMETRAGE_INSCRIPTION ,GESTIONNIAIRE,PREINSCRIPTION ,REINSCRIPTION,ADMISSION,D_CREATION,D_MODIFICATION,PERS_ID_CREATION,PERS_ID_MODIFICATION) VALUES(93,1,3,3,3,3,SYSDATE, SYSDATE,1,1);
INSERT INTO SCO_SCOLARITE.PARAMETRAGE_CHAMP (ID_CHAMP,ID_PARAMETRAGE_INSCRIPTION ,GESTIONNIAIRE,PREINSCRIPTION ,REINSCRIPTION,ADMISSION,D_CREATION,D_MODIFICATION,PERS_ID_CREATION,PERS_ID_MODIFICATION) VALUES(94,1,3,3,3,3,SYSDATE, SYSDATE,1,1);
INSERT INTO SCO_SCOLARITE.PARAMETRAGE_CHAMP (ID_CHAMP,ID_PARAMETRAGE_INSCRIPTION ,GESTIONNIAIRE,PREINSCRIPTION ,REINSCRIPTION,ADMISSION,D_CREATION,D_MODIFICATION,PERS_ID_CREATION,PERS_ID_MODIFICATION) VALUES(95,1,3,3,3,3,SYSDATE, SYSDATE,1,1);
INSERT INTO SCO_SCOLARITE.PARAMETRAGE_CHAMP (ID_CHAMP,ID_PARAMETRAGE_INSCRIPTION ,GESTIONNIAIRE,PREINSCRIPTION ,REINSCRIPTION,ADMISSION,D_CREATION,D_MODIFICATION,PERS_ID_CREATION,PERS_ID_MODIFICATION) VALUES(96,1,3,3,3,3,SYSDATE, SYSDATE,1,1);
INSERT INTO SCO_SCOLARITE.PARAMETRAGE_CHAMP (ID_CHAMP,ID_PARAMETRAGE_INSCRIPTION ,GESTIONNIAIRE,PREINSCRIPTION ,REINSCRIPTION,ADMISSION,D_CREATION,D_MODIFICATION,PERS_ID_CREATION,PERS_ID_MODIFICATION) VALUES(97,1,3,3,3,3,SYSDATE, SYSDATE,1,1);
INSERT INTO SCO_SCOLARITE.PARAMETRAGE_CHAMP (ID_CHAMP,ID_PARAMETRAGE_INSCRIPTION ,GESTIONNIAIRE,PREINSCRIPTION ,REINSCRIPTION,ADMISSION,D_CREATION,D_MODIFICATION,PERS_ID_CREATION,PERS_ID_MODIFICATION) VALUES(98,1,3,3,3,3,SYSDATE, SYSDATE,1,1);
INSERT INTO SCO_SCOLARITE.PARAMETRAGE_CHAMP (ID_CHAMP,ID_PARAMETRAGE_INSCRIPTION ,GESTIONNIAIRE,PREINSCRIPTION ,REINSCRIPTION,ADMISSION,D_CREATION,D_MODIFICATION,PERS_ID_CREATION,PERS_ID_MODIFICATION) VALUES(99,1,3,3,3,3,SYSDATE, SYSDATE,1,1);
INSERT INTO SCO_SCOLARITE.PARAMETRAGE_CHAMP (ID_CHAMP,ID_PARAMETRAGE_INSCRIPTION ,GESTIONNIAIRE,PREINSCRIPTION ,REINSCRIPTION,ADMISSION,D_CREATION,D_MODIFICATION,PERS_ID_CREATION,PERS_ID_MODIFICATION) VALUES(100,1,3,3,3,3,SYSDATE, SYSDATE,1,1);
INSERT INTO SCO_SCOLARITE.PARAMETRAGE_CHAMP (ID_CHAMP,ID_PARAMETRAGE_INSCRIPTION ,GESTIONNIAIRE,PREINSCRIPTION ,REINSCRIPTION,ADMISSION,D_CREATION,D_MODIFICATION,PERS_ID_CREATION,PERS_ID_MODIFICATION) VALUES(101,1,3,3,3,3,SYSDATE, SYSDATE,1,1);
INSERT INTO SCO_SCOLARITE.PARAMETRAGE_CHAMP (ID_CHAMP,ID_PARAMETRAGE_INSCRIPTION ,GESTIONNIAIRE,PREINSCRIPTION ,REINSCRIPTION,ADMISSION,D_CREATION,D_MODIFICATION,PERS_ID_CREATION,PERS_ID_MODIFICATION) VALUES(102,1,3,3,3,3,SYSDATE, SYSDATE,1,1);
INSERT INTO SCO_SCOLARITE.PARAMETRAGE_CHAMP (ID_CHAMP,ID_PARAMETRAGE_INSCRIPTION ,GESTIONNIAIRE,PREINSCRIPTION ,REINSCRIPTION,ADMISSION,D_CREATION,D_MODIFICATION,PERS_ID_CREATION,PERS_ID_MODIFICATION) VALUES(103,1,3,3,3,3,SYSDATE, SYSDATE,1,1);
INSERT INTO SCO_SCOLARITE.PARAMETRAGE_CHAMP (ID_CHAMP,ID_PARAMETRAGE_INSCRIPTION ,GESTIONNIAIRE,PREINSCRIPTION ,REINSCRIPTION,ADMISSION,D_CREATION,D_MODIFICATION,PERS_ID_CREATION,PERS_ID_MODIFICATION) VALUES(104,1,3,3,3,3,SYSDATE, SYSDATE,1,1);
INSERT INTO SCO_SCOLARITE.PARAMETRAGE_CHAMP (ID_CHAMP,ID_PARAMETRAGE_INSCRIPTION ,GESTIONNIAIRE,PREINSCRIPTION ,REINSCRIPTION,ADMISSION,D_CREATION,D_MODIFICATION,PERS_ID_CREATION,PERS_ID_MODIFICATION) VALUES(105,1,3,3,3,3,SYSDATE, SYSDATE,1,1);
INSERT INTO SCO_SCOLARITE.PARAMETRAGE_CHAMP (ID_CHAMP,ID_PARAMETRAGE_INSCRIPTION ,GESTIONNIAIRE,PREINSCRIPTION ,REINSCRIPTION,ADMISSION,D_CREATION,D_MODIFICATION,PERS_ID_CREATION,PERS_ID_MODIFICATION) VALUES(106,1,3,3,3,3,SYSDATE, SYSDATE,1,1);
INSERT INTO SCO_SCOLARITE.PARAMETRAGE_CHAMP (ID_CHAMP,ID_PARAMETRAGE_INSCRIPTION ,GESTIONNIAIRE,PREINSCRIPTION ,REINSCRIPTION,ADMISSION,D_CREATION,D_MODIFICATION,PERS_ID_CREATION,PERS_ID_MODIFICATION) VALUES(107,1,3,3,3,3,SYSDATE, SYSDATE,1,1);
INSERT INTO SCO_SCOLARITE.PARAMETRAGE_CHAMP (ID_CHAMP,ID_PARAMETRAGE_INSCRIPTION ,GESTIONNIAIRE,PREINSCRIPTION ,REINSCRIPTION,ADMISSION,D_CREATION,D_MODIFICATION,PERS_ID_CREATION,PERS_ID_MODIFICATION) VALUES(108,1,3,3,3,3,SYSDATE, SYSDATE,1,1);
INSERT INTO SCO_SCOLARITE.PARAMETRAGE_CHAMP (ID_CHAMP,ID_PARAMETRAGE_INSCRIPTION ,GESTIONNIAIRE,PREINSCRIPTION ,REINSCRIPTION,ADMISSION,D_CREATION,D_MODIFICATION,PERS_ID_CREATION,PERS_ID_MODIFICATION) VALUES(109,1,3,3,3,3,SYSDATE, SYSDATE,1,1);
INSERT INTO SCO_SCOLARITE.PARAMETRAGE_CHAMP (ID_CHAMP,ID_PARAMETRAGE_INSCRIPTION ,GESTIONNIAIRE,PREINSCRIPTION ,REINSCRIPTION,ADMISSION,D_CREATION,D_MODIFICATION,PERS_ID_CREATION,PERS_ID_MODIFICATION) VALUES(110,1,3,3,3,3,SYSDATE, SYSDATE,1,1);
INSERT INTO SCO_SCOLARITE.PARAMETRAGE_CHAMP (ID_CHAMP,ID_PARAMETRAGE_INSCRIPTION ,GESTIONNIAIRE,PREINSCRIPTION ,REINSCRIPTION,ADMISSION,D_CREATION,D_MODIFICATION,PERS_ID_CREATION,PERS_ID_MODIFICATION) VALUES(111,1,3,3,3,3,SYSDATE, SYSDATE,1,1);
INSERT INTO SCO_SCOLARITE.PARAMETRAGE_CHAMP (ID_CHAMP,ID_PARAMETRAGE_INSCRIPTION ,GESTIONNIAIRE,PREINSCRIPTION ,REINSCRIPTION,ADMISSION,D_CREATION,D_MODIFICATION,PERS_ID_CREATION,PERS_ID_MODIFICATION) VALUES(112,1,3,3,3,3,SYSDATE, SYSDATE,1,1);
INSERT INTO SCO_SCOLARITE.PARAMETRAGE_CHAMP (ID_CHAMP,ID_PARAMETRAGE_INSCRIPTION ,GESTIONNIAIRE,PREINSCRIPTION ,REINSCRIPTION,ADMISSION,D_CREATION,D_MODIFICATION,PERS_ID_CREATION,PERS_ID_MODIFICATION) VALUES(113,1,3,3,3,3,SYSDATE, SYSDATE,1,1);
INSERT INTO SCO_SCOLARITE.PARAMETRAGE_CHAMP (ID_CHAMP,ID_PARAMETRAGE_INSCRIPTION ,GESTIONNIAIRE,PREINSCRIPTION ,REINSCRIPTION,ADMISSION,D_CREATION,D_MODIFICATION,PERS_ID_CREATION,PERS_ID_MODIFICATION) VALUES(114,1,3,3,3,3,SYSDATE, SYSDATE,1,1);
INSERT INTO SCO_SCOLARITE.PARAMETRAGE_CHAMP (ID_CHAMP,ID_PARAMETRAGE_INSCRIPTION ,GESTIONNIAIRE,PREINSCRIPTION ,REINSCRIPTION,ADMISSION,D_CREATION,D_MODIFICATION,PERS_ID_CREATION,PERS_ID_MODIFICATION) VALUES(115,1,3,3,3,3,SYSDATE, SYSDATE,1,1);
INSERT INTO SCO_SCOLARITE.PARAMETRAGE_CHAMP (ID_CHAMP,ID_PARAMETRAGE_INSCRIPTION ,GESTIONNIAIRE,PREINSCRIPTION ,REINSCRIPTION,ADMISSION,D_CREATION,D_MODIFICATION,PERS_ID_CREATION,PERS_ID_MODIFICATION) VALUES(116,1,3,3,3,3,SYSDATE, SYSDATE,1,1);

-- TABLE DB_VERSION
INSERT INTO SCO_SCOLARITE.DB_VERSION VALUES(SCO_SCOLARITE.DB_VERSION_SEQ.NEXTVAL, '0.1.0.3', '21/02/2013', SYSDATE,'Version alpha du user SCO_SCOLARITE');

COMMIT;
