--
-- Patch DML de GRHUM du 05/03/2013 à exécuter depuis le user GRHUM
--
-- Rem : fichier encodé UTF-8

SET DEFINE OFF;

--
--
-- Fichier : 2/2
-- Type : DML
-- Schema : GRHUM
-- Numero de version : 1.7.1.30
-- Date de publication : 05/03/2013
-- Auteur(s) : Cocktail
-- Licence : CeCILL version 2
--
--

WHENEVER SQLERROR EXIT SQL.SQLCODE;

-- Les PAST ne doivent plus se saisir dans les carrieres (Invalidation du type de population).
UPDATE GRHUM.TYPE_POPULATION SET TEM_VISIBLE = 'N', D_FERMETURE = TO_DATE('01/01/2013', 'dd/mm/yyyy') where c_type_population = 'PA';

-- Les Enseignants Contractuels ne doivent plus se saisir dans les carrieres (Invalidation du type de population).
UPDATE GRHUM.TYPE_POPULATION SET TEM_VISIBLE = 'N', D_FERMETURE = TO_DATE('01/01/2013', 'dd/mm/yyyy') where c_type_population = 'EC';

-- 
UPDATE GRHUM.TYPE_POPULATION set tem_visible = 'N', tem_atos  = 'N', tem_itarf = 'O' WHERE c_type_population = 'CA';

-- Contractuels CNRS
UPDATE GRHUM.TYPE_POPULATION set tem_visible = 'N' WHERE c_type_population = 'CC';


-- CORPS RECHERCHE CNRS ==> ASSOCIATION AU TYPE DE POPULATION ITRF

UPDATE GRHUM.CORPS set C_TYPE_CORPS = 'IA' where c_corps in ('263', '264', '265', '275', '276', '277', '278', '279');

-- Ouverture du corps de charge de recherche

UPDATE GRHUM.CORPS SET D_OUVERTURE_CORPS = TO_DATE('15/07/1982', 'dd/mm/yyyy') where c_corps = 'H04';

UPDATE GRHUM.CORPS SET D_OUVERTURE_CORPS = TO_DATE('15/07/1982', 'dd/mm/yyyy') where c_corps = 'H05';

-- Motifs des conges NT pour raisons familiales ou personnelles

INSERT INTO GRHUM.MOTIF_CGNT_RFP
(C_MOTIF_CG_RFP, LL_MOTIF_CG_RFP, D_CREATION, D_MODIFICATION)
VALUES 
('ADOP', 'Adoption', sysdate, sysdate);
INSERT INTO GRHUM.MOTIF_CGNT_RFP
(C_MOTIF_CG_RFP, LL_MOTIF_CG_RFP, D_CREATION, D_MODIFICATION)
VALUES 
('ACCT', 'Accompagnement d''une personne en fin de vie', sysdate, sysdate);
INSERT INTO GRHUM.MOTIF_CGNT_RFP
(C_MOTIF_CG_RFP, LL_MOTIF_CG_RFP, D_CREATION, D_MODIFICATION)
VALUES 
('ENFA', 'Elever un enfant agé de moins de huit ans', sysdate, sysdate);
INSERT INTO GRHUM.MOTIF_CGNT_RFP
(C_MOTIF_CG_RFP, LL_MOTIF_CG_RFP, D_CREATION, D_MODIFICATION)
VALUES 
('SOIN', 'Donner des soins', sysdate, sysdate);
INSERT INTO GRHUM.MOTIF_CGNT_RFP
(C_MOTIF_CG_RFP, LL_MOTIF_CG_RFP, D_CREATION, D_MODIFICATION)
VALUES 
('CJNT', 'Suivre un conjoint ou partenaire', sysdate, sysdate);
INSERT INTO GRHUM.MOTIF_CGNT_RFP
(C_MOTIF_CG_RFP, LL_MOTIF_CG_RFP, D_CREATION, D_MODIFICATION)
VALUES 
('PPAR', 'Présence parentale', sysdate, sysdate);



-- Modification de la date d'ouverture du type de contrat concernant les allocataires de recherche
UPDATE GRHUM.TYPE_CONTRAT_TRAVAIL set d_deb_val = to_date('08/09/1976', 'dd/mm/yyyy') WHERE c_type_contrat_trav = 'AA';



-- PRISE EN CHARGE DES DOCTORANTS
-- Annulation du type de contrat des doctorants 'DN'.

UPDATE GRHUM.TYPE_CONTRAT_TRAVAIL set tem_visible = 'N', d_fin_val = to_date('01/01/2013', 'dd/mm/yyyy') WHERE c_type_contrat_trav = 'DN';

UPDATE GRHUM.TYPE_CONTRAT_TRAVAIL 
SET lc_type_contrat_trav = 'Contract. Doctorant', ll_type_contrat_trav = 'Contractuel Doctorant', tem_enseignant = 'N'
WHERE  c_type_contrat_trav = 'DO';

UPDATE GRHUM.GRADE 
SET ll_grade = 'CONTRACTUEL DOCTORANT' WHERE c_grade = '6902';

UPDATE GRHUM.GRADE 
SET ll_grade = 'CONTRACTUEL DOCTORANT ACTIVITE SUPP.' WHERE c_grade = '6903';

UPDATE GRHUM.GRADE 
SET ll_grade = 'CONTRACTUEL DOCTORANT ENSEIGNANT' WHERE c_grade = '6904';



-- Potentiel Brut des Professeurs des écoles ==> 384H
UPDATE GRHUM.CORPS SET POTENTIEL_BRUT = 384 where c_corps = '615';



-- Association du corps des Professeurs Contractuels au type de population 'Enseignants Contractuels'

UPDATE GRHUM.CORPS SET C_TYPE_CORPS = 'EC' where c_corps = '380';

UPDATE GRHUM.CORPS SET C_TYPE_CORPS = 'EC' where c_corps = '381';

UPDATE GRHUM.CORPS SET C_TYPE_CORPS = 'EC' where c_corps = '701';

UPDATE GRHUM.CORPS SET C_TYPE_CORPS = 'EC' where c_corps = '778';

UPDATE GRHUM.CORPS SET C_TYPE_CORPS = 'EC' where c_corps = '779';

UPDATE GRHUM.CORPS SET C_TYPE_CORPS = 'EC' where c_corps = '780';




-- DISCIPLINES SECOND DEGRE

INSERT INTO GRHUM.DISC_SECOND_DEGRE
VALUES('1411E','SII AC', 'SCIENCES INDUS. DE L''INGENIEUR OPTION ARCHITECTURE ET CONSTRUCTION', TO_DATE('01/07/2012', 'dd/mm/yyyy'), null, sysdate, sysdate, 'L1411');
INSERT INTO GRHUM.DISC_SECOND_DEGRE
VALUES('1412E','SII.EE', 'SCIENCES INDUS. DE L''INGENIEUR OPTION ENERGIE', TO_DATE('01/07/2012', 'dd/mm/yyyy'), null, sysdate, sysdate, 'L1412');
INSERT INTO GRHUM.DISC_SECOND_DEGRE
VALUES('1413E','SII.SIN', 'SCIENCES INDUS. DE L''INGENIEUR ET INGENIERIE INFORMATIQUE ET NUMERIQUE', TO_DATE('01/07/2012', 'dd/mm/yyyy'), null, sysdate, sysdate, 'L1413');
INSERT INTO GRHUM.DISC_SECOND_DEGRE
VALUES('1414E','SII.ING.ME', 'SCIENCES INDUS. DE L''INGENIEUR ET INGENIERIE MECANIQUE', TO_DATE('01/07/2012', 'dd/mm/yyyy'), null, sysdate, sysdate, 'L1414');

INSERT INTO GRHUM.DISC_SECOND_DEGRE
VALUES('1414A','SII.ING.ME', 'SCIENCES INDUS. DE L''INGENIEUR ET INGENIERIE MECANIQUE', TO_DATE('01/07/2012', 'dd/mm/yyyy'), null, sysdate, sysdate, 'L1414');
INSERT INTO GRHUM.DISC_SECOND_DEGRE
VALUES('1415A','SII.ING.EL', 'SCIENCES INDUS. DE L''INGENIEUR ET INGENIERIE ELECTRIQUE', TO_DATE('01/07/2012', 'dd/mm/yyyy'), null, sysdate, sysdate, 'L1414');
INSERT INTO GRHUM.DISC_SECOND_DEGRE
VALUES('1416A','SII.ING.CO', 'SCIENCES INDUS. DE L''INGENIEUR ET INGENIERIE DES CONSTRUCTIONS', TO_DATE('01/07/2012', 'dd/mm/yyyy'), null, sysdate, sysdate, 'L1414');


-- Mise a jour des passages echelons des adjoints administratifs principal 1ère classe E6

UPDATE GRHUM.PASSAGE_ECHELON set c_indice_brut = '343', DUREE_PT_CHOIX_ANNEES = 1, DUREE_PT_CHOIX_MOIS = 6 where c_grade = '8234' and c_echelon = '01' and d_fermeture is null;
UPDATE GRHUM.PASSAGE_ECHELON set c_indice_brut = '360', DUREE_PT_CHOIX_ANNEES = 1, DUREE_PT_CHOIX_MOIS = 6 where c_grade = '8234' and c_echelon = '02' and d_fermeture is null;
UPDATE GRHUM.PASSAGE_ECHELON set c_indice_brut = '375' where c_grade = '8234' and c_echelon = '03' and d_fermeture is null;
UPDATE GRHUM.PASSAGE_ECHELON set c_indice_brut = '394' where c_grade = '8234' and c_echelon = '04' and d_fermeture is null;
UPDATE GRHUM.PASSAGE_ECHELON set c_indice_brut = '422' where c_grade = '8234' and c_echelon = '05' and d_fermeture is null;
UPDATE GRHUM.PASSAGE_ECHELON set c_indice_brut = '449' where c_grade = '8234' and c_echelon = '06' and d_fermeture is null;
UPDATE GRHUM.PASSAGE_ECHELON set c_indice_brut = '479' where c_grade = '8234' and c_echelon = '07' and d_fermeture is null;


-- Mise a jour des passages echelons des adjoints techniques RF principal 1ère classe E6

UPDATE GRHUM.PASSAGE_ECHELON set c_indice_brut = '347', DUREE_PT_CHOIX_ANNEES = 1, DUREE_PT_CHOIX_MOIS = 6 where c_grade = '8394' and c_echelon = '01' and d_fermeture is null;
UPDATE GRHUM.PASSAGE_ECHELON set c_indice_brut = '362', DUREE_PT_CHOIX_ANNEES = 1, DUREE_PT_CHOIX_MOIS = 6 where c_grade = '8394' and c_echelon = '02' and d_fermeture is null;
UPDATE GRHUM.PASSAGE_ECHELON set c_indice_brut = '377' where c_grade = '8394' and c_echelon = '03' and d_fermeture is null;
UPDATE GRHUM.PASSAGE_ECHELON set c_indice_brut = '396' where c_grade = '8394' and c_echelon = '04' and d_fermeture is null;
UPDATE GRHUM.PASSAGE_ECHELON set c_indice_brut = '424' where c_grade = '8394' and c_echelon = '05' and d_fermeture is null;
UPDATE GRHUM.PASSAGE_ECHELON set c_indice_brut = '449' where c_grade = '8394' and c_echelon = '06' and d_fermeture is null;
UPDATE GRHUM.PASSAGE_ECHELON set c_indice_brut = '479' where c_grade = '8394' and c_echelon = '07' and d_fermeture is null;
UPDATE GRHUM.PASSAGE_ECHELON set c_indice_brut = '499' where c_grade = '8394' and c_echelon = '08' and d_fermeture is null;


-- Mise a jour des passages echelons des ADJENES P1 E6

UPDATE GRHUM.PASSAGE_ECHELON set c_indice_brut = '347', DUREE_PT_CHOIX_ANNEES = 1, DUREE_PT_CHOIX_MOIS = 6 where c_grade = '0564' and c_echelon = '01' and d_fermeture is null;
UPDATE GRHUM.PASSAGE_ECHELON set c_indice_brut = '362', DUREE_PT_CHOIX_ANNEES = 1, DUREE_PT_CHOIX_MOIS = 6 where c_grade = '0564' and c_echelon = '02' and d_fermeture is null;
UPDATE GRHUM.PASSAGE_ECHELON set c_indice_brut = '377' where c_grade = '0564' and c_echelon = '03' and d_fermeture is null;
UPDATE GRHUM.PASSAGE_ECHELON set c_indice_brut = '396' where c_grade = '0564' and c_echelon = '04' and d_fermeture is null;
UPDATE GRHUM.PASSAGE_ECHELON set c_indice_brut = '424' where c_grade = '0564' and c_echelon = '05' and d_fermeture is null;
UPDATE GRHUM.PASSAGE_ECHELON set c_indice_brut = '449' where c_grade = '0564' and c_echelon = '06' and d_fermeture is null;
UPDATE GRHUM.PASSAGE_ECHELON set c_indice_brut = '479' where c_grade = '0564' and c_echelon = '07' and d_fermeture is null;
UPDATE GRHUM.PASSAGE_ECHELON set c_indice_brut = '499' where c_grade = '0564' and c_echelon = '08' and d_fermeture is null;




-- MISE A JOUR / CREATION DES GRADES HOSPITALO UNIVERSITAIRES / DECOUPAGE POUR L ASSOCIATION DES CHEVRONS
-- Tables concernees : GRADE / PASSAGE_ECHELON / PASSAGE_CHEVRON

-- CORPS 315

UPDATE GRHUM.PASSAGE_CHEVRON SET D_OUVERTURE = to_date('24/01/1990','dd/mm/yyyy') ,C_GRADE = '3154' WHERE C_GRADE = '3153' and C_ECHELON = '02';

DELETE FROM GRHUM.PASSAGE_ECHELON WHERE C_GRADE = '3153' AND C_ECHELON = '02';

DELETE FROM GRHUM.PASSAGE_ECHELON WHERE C_GRADE = '3154' AND C_ECHELON = '01';

UPDATE GRHUM.PASSAGE_ECHELON SET DUREE_PASSAGE_ANNEES = NULL, DUREE_PASSAGE_MOIS = NULL WHERE C_GRADE = '3153';

-- CORPS 310

INSERT into GRHUM.PASSAGE_ECHELON
   (C_GRADE, C_ECHELON, C_INDICE_BRUT, 
    DUREE_GR_CHOIX_ANNEES, DUREE_GR_CHOIX_MOIS, 
    DUREE_PT_CHOIX_ANNEES, DUREE_PT_CHOIX_MOIS, 
	DUREE_PASSAGE_ANNEES, DUREE_PASSAGE_MOIS, 
	D_CREATION, D_MODIFICATION, 
	D_OUVERTURE, D_FERMETURE, TEM_LOCAL)
 Values
   ('3103', '01', null, 
    NULL, NULL, 
	NULL, NULL,
	NULL, NULL,
	SYSDATE, SYSDATE, 
	TO_DATE('01/01/1984', 'dd/mm/yyyy'), NULL, 'N');

INSERT into GRHUM.PASSAGE_ECHELON
   (C_GRADE, C_ECHELON, C_INDICE_BRUT, 
    DUREE_GR_CHOIX_ANNEES, DUREE_GR_CHOIX_MOIS, 
    DUREE_PT_CHOIX_ANNEES, DUREE_PT_CHOIX_MOIS, 
	DUREE_PASSAGE_ANNEES, DUREE_PASSAGE_MOIS, 
	D_CREATION, D_MODIFICATION, 
	D_OUVERTURE, D_FERMETURE, TEM_LOCAL)
 Values
   ('3104', '02', null, 
    NULL, NULL, 
	NULL, NULL,
	NULL, NULL,
	SYSDATE, SYSDATE, 
	TO_DATE('01/01/1984', 'dd/mm/yyyy'), NULL, 'N');

INSERT INTO GRHUM.PASSAGE_CHEVRON
(C_GRADE, C_ECHELON, C_CHEVRON, DUREE_CHEVRON_ANNEES, DUREE_CHEVRON_MOIS, D_CREATION, D_MODIFICATION, C_INDICE_BRUT, D_OUVERTURE, D_FERMETURE)
VALUES
('3103', '01', 'D-1', 1, NULL, SYSDATE, SYSDATE, NULL, TO_DATE('01/01/1984', 'dd/mm/yyyy'), NULL);
INSERT INTO GRHUM.PASSAGE_CHEVRON
(C_GRADE, C_ECHELON, C_CHEVRON, DUREE_CHEVRON_ANNEES, DUREE_CHEVRON_MOIS, D_CREATION, D_MODIFICATION, C_INDICE_BRUT, D_OUVERTURE, D_FERMETURE)
VALUES
('3103', '01', 'D-2', 1, NULL, SYSDATE, SYSDATE, NULL, TO_DATE('01/01/1984', 'dd/mm/yyyy'), NULL);
INSERT INTO GRHUM.PASSAGE_CHEVRON
(C_GRADE, C_ECHELON, C_CHEVRON, DUREE_CHEVRON_ANNEES, DUREE_CHEVRON_MOIS, D_CREATION, D_MODIFICATION, C_INDICE_BRUT, D_OUVERTURE, D_FERMETURE)
VALUES
('3103', '01', 'D-3', NULL, NULL, SYSDATE, SYSDATE, NULL, TO_DATE('01/01/1984', 'dd/mm/yyyy'), NULL);

INSERT INTO GRHUM.PASSAGE_CHEVRON
(C_GRADE, C_ECHELON, C_CHEVRON, DUREE_CHEVRON_ANNEES, DUREE_CHEVRON_MOIS, D_CREATION, D_MODIFICATION, C_INDICE_BRUT, D_OUVERTURE, D_FERMETURE)
VALUES
('3104', '02', 'E-1', 1, NULL, SYSDATE, SYSDATE, NULL, TO_DATE('01/01/1984', 'dd/mm/yyyy'), NULL);
INSERT INTO GRHUM.PASSAGE_CHEVRON
(C_GRADE, C_ECHELON, C_CHEVRON, DUREE_CHEVRON_ANNEES, DUREE_CHEVRON_MOIS, D_CREATION, D_MODIFICATION, C_INDICE_BRUT, D_OUVERTURE, D_FERMETURE)
VALUES
('3104', '02', 'E-2', NULL, NULL, SYSDATE, SYSDATE, NULL, TO_DATE('01/01/1984', 'dd/mm/yyyy'), NULL);

	
-- CORPS PH0

DELETE FROM GRHUM.PASSAGE_CHEVRON WHERE C_GRADE IN ('PH03', 'PH04');

DELETE FROM GRHUM.PASSAGE_ECHELON WHERE C_GRADE IN ('PH03', 'PH04');

DELETE FROM GRHUM.GRADE WHERE C_GRADE IN ('PH04');

UPDATE GRHUM.GRADE SET LC_GRADE = 'PUPH PHARMA CE 1EC', LL_GRADE = 'PUPH DES DISCIPLINES PHARMA CL EX 1EC' WHERE C_GRADE = 'PH03';

Insert into GRHUM.GRADE
   (C_GRADE, LC_GRADE, LL_GRADE, C_CORPS, C_CATEGORIE, 
    ECHELLE, IRM_GRADE, TEMOIN_NOTE, D_OUVERTURE, D_FERMETURE, 
    D_CREATION, D_MODIFICATION, TEM_LOCAL)
 Values
   ('PH04', 'PUPH PHARMA CE 2EC', 'PUPH DES DISCIPLINES PHARMA CL EX 2EC', 'PH0', 'A', 
    NULL, NULL, 'N', TO_DATE('05/26/2006 00:00:00', 'MM/DD/YYYY HH24:MI:SS'), NULL, 
    TO_DATE('03/09/2011 09:23:35', 'MM/DD/YYYY HH24:MI:SS'), TO_DATE('03/09/2011 09:23:35', 'MM/DD/YYYY HH24:MI:SS'), 'N');

INSERT into GRHUM.PASSAGE_ECHELON
   (C_GRADE, C_ECHELON, C_INDICE_BRUT, 
    DUREE_GR_CHOIX_ANNEES, DUREE_GR_CHOIX_MOIS, 
    DUREE_PT_CHOIX_ANNEES, DUREE_PT_CHOIX_MOIS, 
	DUREE_PASSAGE_ANNEES, DUREE_PASSAGE_MOIS, 
	D_CREATION, D_MODIFICATION, 
	D_OUVERTURE, D_FERMETURE, TEM_LOCAL)
 Values
   ('PH03', '01', null, 
    NULL, NULL, 
	NULL, NULL,
	NULL, NULL,
	SYSDATE, SYSDATE, 
	TO_DATE('01/01/2006', 'dd/mm/yyyy'), NULL, 'N');

INSERT into GRHUM.PASSAGE_ECHELON
   (C_GRADE, C_ECHELON, C_INDICE_BRUT, 
    DUREE_GR_CHOIX_ANNEES, DUREE_GR_CHOIX_MOIS, 
    DUREE_PT_CHOIX_ANNEES, DUREE_PT_CHOIX_MOIS, 
	DUREE_PASSAGE_ANNEES, DUREE_PASSAGE_MOIS, 
	D_CREATION, D_MODIFICATION, 
	D_OUVERTURE, D_FERMETURE, TEM_LOCAL)
 Values
   ('PH04', '02', null, 
    NULL, NULL, 
	NULL, NULL,
	NULL, NULL,
	SYSDATE, SYSDATE, 
	TO_DATE('01/01/2006', 'dd/mm/yyyy'), NULL, 'N');

INSERT INTO GRHUM.PASSAGE_CHEVRON
(C_GRADE, C_ECHELON, C_CHEVRON, DUREE_CHEVRON_ANNEES, DUREE_CHEVRON_MOIS, D_CREATION, D_MODIFICATION, C_INDICE_BRUT, D_OUVERTURE, D_FERMETURE)
VALUES
('PH03', '01', 'D-1', 1, NULL, SYSDATE, SYSDATE, 'D-1', TO_DATE('01/01/2006', 'dd/mm/yyyy'), NULL);
INSERT INTO GRHUM.PASSAGE_CHEVRON
(C_GRADE, C_ECHELON, C_CHEVRON, DUREE_CHEVRON_ANNEES, DUREE_CHEVRON_MOIS, D_CREATION, D_MODIFICATION, C_INDICE_BRUT, D_OUVERTURE, D_FERMETURE)
VALUES
('PH03', '01', 'D-2', 1, NULL, SYSDATE, SYSDATE, 'D-2', TO_DATE('01/01/2006', 'dd/mm/yyyy'), NULL);
INSERT INTO GRHUM.PASSAGE_CHEVRON
(C_GRADE, C_ECHELON, C_CHEVRON, DUREE_CHEVRON_ANNEES, DUREE_CHEVRON_MOIS, D_CREATION, D_MODIFICATION, C_INDICE_BRUT, D_OUVERTURE, D_FERMETURE)
VALUES
('PH03', '01', 'D-3', NULL, NULL, SYSDATE, SYSDATE, 'D-3', TO_DATE('01/01/2006', 'dd/mm/yyyy'), NULL);

INSERT INTO GRHUM.PASSAGE_CHEVRON
(C_GRADE, C_ECHELON, C_CHEVRON, DUREE_CHEVRON_ANNEES, DUREE_CHEVRON_MOIS, D_CREATION, D_MODIFICATION, C_INDICE_BRUT, D_OUVERTURE, D_FERMETURE)
VALUES
('PH04', '02', 'E-1', 1, NULL, SYSDATE, SYSDATE, 'E-1', TO_DATE('01/01/2006', 'dd/mm/yyyy'), NULL);
INSERT INTO GRHUM.PASSAGE_CHEVRON
(C_GRADE, C_ECHELON, C_CHEVRON, DUREE_CHEVRON_ANNEES, DUREE_CHEVRON_MOIS, D_CREATION, D_MODIFICATION, C_INDICE_BRUT, D_OUVERTURE, D_FERMETURE)
VALUES
('PH04', '02', 'E-2', NULL, NULL, SYSDATE, SYSDATE, 'E-2', TO_DATE('01/01/2006', 'dd/mm/yyyy'), NULL);
	

-- CORPS MG0

DELETE FROM GRHUM.PASSAGE_CHEVRON WHERE C_GRADE IN ('MG03', 'MG04');

DELETE FROM GRHUM.PASSAGE_ECHELON WHERE C_GRADE IN ('MG03', 'MG04');

DELETE FROM GRHUM.GRADE WHERE C_GRADE IN ('MG04');

UPDATE GRHUM.GRADE SET LC_GRADE = 'PR MED GENE CE 1EC', LL_GRADE = 'PROFESSEUR UNIV MED GENERALE CL.EX. 1EC' WHERE C_GRADE = 'MG03';

INSERT INTO GRHUM.GRADE
   (C_GRADE, LC_GRADE, LL_GRADE, C_CORPS, C_CATEGORIE, 
    ECHELLE, IRM_GRADE, TEMOIN_NOTE, D_OUVERTURE, D_FERMETURE, 
    D_CREATION, D_MODIFICATION, TEM_LOCAL)
VALUES
   ('MG04', 'PR MED GENE CE 2EC', 'PROFESSEUR UNIV MED GENERALE CL.EX. 2EC', 'MG0', 'A', 
    NULL, NULL, 'N', TO_DATE('31/07/2008', 'dd/mm/yyyy'), NULL, 
   SYSDATE, SYSDATE, 'N');

INSERT INTO GRHUM.PASSAGE_ECHELON
   (C_GRADE, C_ECHELON, C_INDICE_BRUT, 
    DUREE_GR_CHOIX_ANNEES, DUREE_GR_CHOIX_MOIS, 
    DUREE_PT_CHOIX_ANNEES, DUREE_PT_CHOIX_MOIS, 
	DUREE_PASSAGE_ANNEES, DUREE_PASSAGE_MOIS, 
	D_CREATION, D_MODIFICATION, 
	D_OUVERTURE, D_FERMETURE, TEM_LOCAL)
 Values
   ('MG03', '01', NULL, 
    NULL, NULL, 
	NULL, NULL,
	NULL, NULL,
	SYSDATE, SYSDATE, 
	TO_DATE('28/02/2008', 'dd/mm/yyyy'), NULL, 'N');

INSERT into GRHUM.PASSAGE_ECHELON
   (C_GRADE, C_ECHELON, C_INDICE_BRUT, 
    DUREE_GR_CHOIX_ANNEES, DUREE_GR_CHOIX_MOIS, 
    DUREE_PT_CHOIX_ANNEES, DUREE_PT_CHOIX_MOIS, 
	DUREE_PASSAGE_ANNEES, DUREE_PASSAGE_MOIS, 
	D_CREATION, D_MODIFICATION, 
	D_OUVERTURE, D_FERMETURE, TEM_LOCAL)
 Values
   ('MG04', '02', null, 
    NULL, NULL, 
	NULL, NULL,
	NULL, NULL,
	SYSDATE, SYSDATE, 
	TO_DATE('28/02/2008', 'dd/mm/yyyy'), NULL, 'N');

INSERT INTO GRHUM.PASSAGE_CHEVRON
(C_GRADE, C_ECHELON, C_CHEVRON, DUREE_CHEVRON_ANNEES, DUREE_CHEVRON_MOIS, D_CREATION, D_MODIFICATION, C_INDICE_BRUT, D_OUVERTURE, D_FERMETURE)
VALUES
('MG03', '01', 'D-1', 1, NULL, SYSDATE, SYSDATE, 'D-1', TO_DATE('28/02/2008', 'dd/mm/yyyy'), NULL);
INSERT INTO GRHUM.PASSAGE_CHEVRON
(C_GRADE, C_ECHELON, C_CHEVRON, DUREE_CHEVRON_ANNEES, DUREE_CHEVRON_MOIS, D_CREATION, D_MODIFICATION, C_INDICE_BRUT, D_OUVERTURE, D_FERMETURE)
VALUES
('MG03', '01', 'D-2', 1, NULL, SYSDATE, SYSDATE, 'D-2', TO_DATE('28/02/2008', 'dd/mm/yyyy'), NULL);
INSERT INTO GRHUM.PASSAGE_CHEVRON
(C_GRADE, C_ECHELON, C_CHEVRON, DUREE_CHEVRON_ANNEES, DUREE_CHEVRON_MOIS, D_CREATION, D_MODIFICATION, C_INDICE_BRUT, D_OUVERTURE, D_FERMETURE)
VALUES
('MG03', '01', 'D-3', NULL, NULL, SYSDATE, SYSDATE, 'D-3', TO_DATE('28/02/2008', 'dd/mm/yyyy'), NULL);

INSERT INTO GRHUM.PASSAGE_CHEVRON
(C_GRADE, C_ECHELON, C_CHEVRON, DUREE_CHEVRON_ANNEES, DUREE_CHEVRON_MOIS, D_CREATION, D_MODIFICATION, C_INDICE_BRUT, D_OUVERTURE, D_FERMETURE)
VALUES
('MG04', '02', 'E-1', 1, NULL, SYSDATE, SYSDATE, 'E-1', TO_DATE('28/02/2008', 'dd/mm/yyyy'), NULL);
INSERT INTO GRHUM.PASSAGE_CHEVRON
(C_GRADE, C_ECHELON, C_CHEVRON, DUREE_CHEVRON_ANNEES, DUREE_CHEVRON_MOIS, D_CREATION, D_MODIFICATION, C_INDICE_BRUT, D_OUVERTURE, D_FERMETURE)
VALUES
('MG04', '02', 'E-2', NULL, NULL, SYSDATE, SYSDATE, 'E-2', TO_DATE('28/02/2008', 'dd/mm/yyyy'), NULL);
	
-- Passage du corps des assistantes sociales dans le type de populations : MEDICAUX SOCIAUX
UPDATE GRHUM.CORPS set C_TYPE_CORPS = 'MA' where C_CORPS = '987';




--
-- Insertion de données dans la table GRHUM.MINISTERES
--

Insert into GRHUM.MINISTERES (ID_MINISTERE,CODE_MINISTERE,LC_MINISTERE,LL_MINISTERE,D_OUVERTURE,D_FIN, TEM_VISIBLE)
values (GRHUM.MINISTERES_SEQ.NEXTVAL,'MI001','PRESIDENCE REPUBLIQUE','Présidence de la République','31/12/1899', null, 'N');
Insert into GRHUM.MINISTERES (ID_MINISTERE,CODE_MINISTERE,LC_MINISTERE,LL_MINISTERE,D_OUVERTURE,D_FIN, TEM_VISIBLE)
values (GRHUM.MINISTERES_SEQ.NEXTVAL,'MI002','ASSEMBLEE NATIONALE','Assemblée nationale','31/12/1899', null, 'N');
Insert into GRHUM.MINISTERES (ID_MINISTERE,CODE_MINISTERE,LC_MINISTERE,LL_MINISTERE,D_OUVERTURE,D_FIN, TEM_VISIBLE)
values (GRHUM.MINISTERES_SEQ.NEXTVAL,'MI003','SENAT','Sénat','31/12/1899', null, 'N');
Insert into GRHUM.MINISTERES (ID_MINISTERE,CODE_MINISTERE,LC_MINISTERE,LL_MINISTERE,D_OUVERTURE,D_FIN, TEM_VISIBLE)
values (GRHUM.MINISTERES_SEQ.NEXTVAL,'MI004','CONSEIL CONSTITUTIONNEL','Conseil constitutionnel','31/12/1899', null, 'N');
Insert into GRHUM.MINISTERES (ID_MINISTERE,CODE_MINISTERE,LC_MINISTERE,LL_MINISTERE,D_OUVERTURE,D_FIN, TEM_VISIBLE)
values (GRHUM.MINISTERES_SEQ.NEXTVAL,'MI005','HAUTE COUR','Haute Cour','31/12/1899', null, 'N');
Insert into GRHUM.MINISTERES (ID_MINISTERE,CODE_MINISTERE,LC_MINISTERE,LL_MINISTERE,D_OUVERTURE,D_FIN, TEM_VISIBLE)
values (GRHUM.MINISTERES_SEQ.NEXTVAL,'MI006','COUR JUSTICE REPUBLIQUE','Cour de justice de la République','31/12/1899', null, 'N');
Insert into GRHUM.MINISTERES (ID_MINISTERE,CODE_MINISTERE,LC_MINISTERE,LL_MINISTERE,D_OUVERTURE,D_FIN, TEM_VISIBLE)
values (GRHUM.MINISTERES_SEQ.NEXTVAL,'MI007','CESE','Conseil économique, social et environnemental','31/12/1899', null, 'N');
Insert into GRHUM.MINISTERES (ID_MINISTERE,CODE_MINISTERE,LC_MINISTERE,LL_MINISTERE,D_OUVERTURE,D_FIN, TEM_VISIBLE)
values (GRHUM.MINISTERES_SEQ.NEXTVAL,'MI008','CONSEIL ETAT','Conseil d''Etat','31/12/1899', null, 'N');
Insert into GRHUM.MINISTERES (ID_MINISTERE,CODE_MINISTERE,LC_MINISTERE,LL_MINISTERE,D_OUVERTURE,D_FIN, TEM_VISIBLE)
values (GRHUM.MINISTERES_SEQ.NEXTVAL,'MI009','COUR COMPTES','Cour des comptes','31/12/1899', null, 'N');
Insert into GRHUM.MINISTERES (ID_MINISTERE,CODE_MINISTERE,LC_MINISTERE,LL_MINISTERE,D_OUVERTURE,D_FIN, TEM_VISIBLE)
values (GRHUM.MINISTERES_SEQ.NEXTVAL,'MI010','CSM','Conseil supérieur de la magistrature','31/12/1899', null, 'N');

Insert into GRHUM.MINISTERES (ID_MINISTERE,CODE_MINISTERE,LC_MINISTERE,LL_MINISTERE,D_OUVERTURE,D_FIN, TEM_VISIBLE)
values (GRHUM.MINISTERES_SEQ.NEXTVAL,'MI011','COUR CASSATION','Cour de cassation','31/12/1899', null, 'N');
Insert into GRHUM.MINISTERES (ID_MINISTERE,CODE_MINISTERE,LC_MINISTERE,LL_MINISTERE,D_OUVERTURE,D_FIN, TEM_VISIBLE)
values (GRHUM.MINISTERES_SEQ.NEXTVAL,'MI012','TRIBUNAL CONFLITS','Tribunal des conflits','31/12/1899', null, 'N');
Insert into GRHUM.MINISTERES (ID_MINISTERE,CODE_MINISTERE,LC_MINISTERE,LL_MINISTERE,D_OUVERTURE,D_FIN, TEM_VISIBLE)
values (GRHUM.MINISTERES_SEQ.NEXTVAL,'MI110','MAE','Ministère des Affaires étrangères','31/12/1899', null, 'N');
Insert into GRHUM.MINISTERES (ID_MINISTERE,CODE_MINISTERE,LC_MINISTERE,LL_MINISTERE,D_OUVERTURE,D_FIN, TEM_VISIBLE)
values (GRHUM.MINISTERES_SEQ.NEXTVAL,'MI120','MTEFPDS','Ministère du Travail, de l''Emploi, de la Formation professionnelle et du Dialogue social','31/12/1899', null, 'N');
Insert into GRHUM.MINISTERES (ID_MINISTERE,CODE_MINISTERE,LC_MINISTERE,LL_MINISTERE,D_OUVERTURE,D_FIN, TEM_VISIBLE)
values (GRHUM.MINISTERES_SEQ.NEXTVAL,'MI130','MAAF','Ministère de l''Agriculture, de l''Agroalimentaire et de la Forêt','31/12/1899', null, 'O');
Insert into GRHUM.MINISTERES (ID_MINISTERE,CODE_MINISTERE,LC_MINISTERE,LL_MINISTERE,D_OUVERTURE,D_FIN, TEM_VISIBLE)
values (GRHUM.MINISTERES_SEQ.NEXTVAL,'MI140','MCC','Ministère de la Culture et de la Communication','31/12/1899', null, 'N');
Insert into GRHUM.MINISTERES (ID_MINISTERE,CODE_MINISTERE,LC_MINISTERE,LL_MINISTERE,D_OUVERTURE,D_FIN, TEM_VISIBLE)
values (GRHUM.MINISTERES_SEQ.NEXTVAL,'MI150','MINDEF','Ministère de la Défense','31/12/1899', null, 'O');
Insert into GRHUM.MINISTERES (ID_MINISTERE,CODE_MINISTERE,LC_MINISTERE,LL_MINISTERE,D_OUVERTURE,D_FIN, TEM_VISIBLE)
values (GRHUM.MINISTERES_SEQ.NEXTVAL,'MI180','MEN','Ministère de l''Education nationale','31/12/1899', null, 'O');
Insert into GRHUM.MINISTERES (ID_MINISTERE,CODE_MINISTERE,LC_MINISTERE,LL_MINISTERE,D_OUVERTURE,D_FIN, TEM_VISIBLE)
values (GRHUM.MINISTERES_SEQ.NEXTVAL,'MI190','MEDDE','Ministère de l''Ecologie, du Développement durable et de l''Energie','31/12/1899', null, 'O');
Insert into GRHUM.MINISTERES (ID_MINISTERE,CODE_MINISTERE,LC_MINISTERE,LL_MINISTERE,D_OUVERTURE,D_FIN, TEM_VISIBLE)
values (GRHUM.MINISTERES_SEQ.NEXTVAL,'MI192','DGAC','Direction générale de l''Aviation civile','31/12/1899', null, 'N');

Insert into GRHUM.MINISTERES (ID_MINISTERE,CODE_MINISTERE,LC_MINISTERE,LL_MINISTERE,D_OUVERTURE,D_FIN, TEM_VISIBLE)
values (GRHUM.MINISTERES_SEQ.NEXTVAL,'MI200','MI','Ministère de l''Intérieur','31/12/1899', null, 'N');
Insert into GRHUM.MINISTERES (ID_MINISTERE,CODE_MINISTERE,LC_MINISTERE,LL_MINISTERE,D_OUVERTURE,D_FIN, TEM_VISIBLE)
values (GRHUM.MINISTERES_SEQ.NEXTVAL,'MI220','MJ','Ministère de la Justice','31/12/1899', null, 'N');
Insert into GRHUM.MINISTERES (ID_MINISTERE,CODE_MINISTERE,LC_MINISTERE,LL_MINISTERE,D_OUVERTURE,D_FIN, TEM_VISIBLE)
values (GRHUM.MINISTERES_SEQ.NEXTVAL,'MI230','MOM','Ministère des Outre-mer','31/12/1899', null, 'N');
Insert into GRHUM.MINISTERES (ID_MINISTERE,CODE_MINISTERE,LC_MINISTERE,LL_MINISTERE,D_OUVERTURE,D_FIN, TEM_VISIBLE)
values (GRHUM.MINISTERES_SEQ.NEXTVAL,'MI240','PREMIER MINISTRE','Premier ministre','31/12/1899', null, 'N');
Insert into GRHUM.MINISTERES (ID_MINISTERE,CODE_MINISTERE,LC_MINISTERE,LL_MINISTERE,D_OUVERTURE,D_FIN, TEM_VISIBLE)
values (GRHUM.MINISTERES_SEQ.NEXTVAL,'MI250','MEFI','Ministère de l''Economie et des Finances','31/12/1899', null, 'N');
Insert into GRHUM.MINISTERES (ID_MINISTERE,CODE_MINISTERE,LC_MINISTERE,LL_MINISTERE,D_OUVERTURE,D_FIN, TEM_VISIBLE)
values (GRHUM.MINISTERES_SEQ.NEXTVAL,'MI280','MESR','Ministère de l''Enseignement supérieur et de la Recherche','31/12/1899', null, 'O');
Insert into GRHUM.MINISTERES (ID_MINISTERE,CODE_MINISTERE,LC_MINISTERE,LL_MINISTERE,D_OUVERTURE,D_FIN, TEM_VISIBLE)
values (GRHUM.MINISTERES_SEQ.NEXTVAL,'MI290','MRP','Ministère du Redressement productif','31/12/1899', null, 'N');

Insert into GRHUM.MINISTERES (ID_MINISTERE,CODE_MINISTERE,LC_MINISTERE,LL_MINISTERE,D_OUVERTURE,D_FIN, TEM_VISIBLE)
values (GRHUM.MINISTERES_SEQ.NEXTVAL,'MI300','MASS','Ministère des Affaires sociales et de la Santé','31/12/1899', null, 'N');
Insert into GRHUM.MINISTERES (ID_MINISTERE,CODE_MINISTERE,LC_MINISTERE,LL_MINISTERE,D_OUVERTURE,D_FIN, TEM_VISIBLE)
values (GRHUM.MINISTERES_SEQ.NEXTVAL,'MI310','METL','Ministère de l''Egalité des territoires et du Logement','31/12/1899', null, 'N');
Insert into GRHUM.MINISTERES (ID_MINISTERE,CODE_MINISTERE,LC_MINISTERE,LL_MINISTERE,D_OUVERTURE,D_FIN, TEM_VISIBLE)
values (GRHUM.MINISTERES_SEQ.NEXTVAL,'MI320','MREDFP','Ministère de la Réforme de l''Etat, de la Décentralisation et de la Fonction publique','31/12/1899', null, 'N');
Insert into GRHUM.MINISTERES (ID_MINISTERE,CODE_MINISTERE,LC_MINISTERE,LL_MINISTERE,D_OUVERTURE,D_FIN, TEM_VISIBLE)
values (GRHUM.MINISTERES_SEQ.NEXTVAL,'MI340','MSJEPVA','Ministère des Sports, de la Jeunesse, de l''Education populaire et de la Vie associative','31/12/1899', null, 'N');

Insert into GRHUM.MINISTERES (ID_MINISTERE,CODE_MINISTERE,LC_MINISTERE,LL_MINISTERE,D_OUVERTURE,D_FIN, TEM_VISIBLE)
values (GRHUM.MINISTERES_SEQ.NEXTVAL,'INTER','INTERMINISTERIEL','Périmètre interministériel','31/12/1899', null, 'N');

Insert into GRHUM.MINISTERES (ID_MINISTERE,CODE_MINISTERE,LC_MINISTERE,LL_MINISTERE,D_OUVERTURE,D_FIN, TEM_VISIBLE)
values (GRHUM.MINISTERES_SEQ.NEXTVAL,'AI001','COMMISSION NAT DEBAT PUBLIC','Commission nationale du débat public','01/03/2002', null, 'N');
Insert into GRHUM.MINISTERES (ID_MINISTERE,CODE_MINISTERE,LC_MINISTERE,LL_MINISTERE,D_OUVERTURE,D_FIN, TEM_VISIBLE)
values (GRHUM.MINISTERES_SEQ.NEXTVAL,'AI002','ACNUSA','Autorité de contrôle des nuisances aéroportuaires','14/07/1999', null, 'N');
Insert into GRHUM.MINISTERES (ID_MINISTERE,CODE_MINISTERE,LC_MINISTERE,LL_MINISTERE,D_OUVERTURE,D_FIN, TEM_VISIBLE)
values (GRHUM.MINISTERES_SEQ.NEXTVAL,'AI003','CNCCFP','Commission nationale des comptes de campagne et des financements politiques','31/07/1991', null, 'N');
Insert into GRHUM.MINISTERES (ID_MINISTERE,CODE_MINISTERE,LC_MINISTERE,LL_MINISTERE,D_OUVERTURE,D_FIN, TEM_VISIBLE)
values (GRHUM.MINISTERES_SEQ.NEXTVAL,'AI004','ARCEP','Autorité de régulation des communications électroniques et des postes','23/07/1996', null, 'N');
Insert into GRHUM.MINISTERES (ID_MINISTERE,CODE_MINISTERE,LC_MINISTERE,LL_MINISTERE,D_OUVERTURE,D_FIN, TEM_VISIBLE)
values (GRHUM.MINISTERES_SEQ.NEXTVAL,'AI006','CRE','Commission de régulation de l''énergie','01/01/2001', null, 'N');
Insert into GRHUM.MINISTERES (ID_MINISTERE,CODE_MINISTERE,LC_MINISTERE,LL_MINISTERE,D_OUVERTURE,D_FIN, TEM_VISIBLE)
values (GRHUM.MINISTERES_SEQ.NEXTVAL,'AI008','CSA','Conseil supérieur de l''audiovisuel','17/01/1989', null, 'N');
Insert into GRHUM.MINISTERES (ID_MINISTERE,CODE_MINISTERE,LC_MINISTERE,LL_MINISTERE,D_OUVERTURE,D_FIN, TEM_VISIBLE)
values (GRHUM.MINISTERES_SEQ.NEXTVAL,'AI009','CNIL','Commission nationale de l''informatique et des libertés','06/01/1978', null, 'N');

Insert into GRHUM.MINISTERES (ID_MINISTERE,CODE_MINISTERE,LC_MINISTERE,LL_MINISTERE,D_OUVERTURE,D_FIN, TEM_VISIBLE)
values (GRHUM.MINISTERES_SEQ.NEXTVAL,'AI011','CAS','Centre d''analyse stratégique','06/03/2006', null, 'N');
Insert into GRHUM.MINISTERES (ID_MINISTERE,CODE_MINISTERE,LC_MINISTERE,LL_MINISTERE,D_OUVERTURE,D_FIN, TEM_VISIBLE)
values (GRHUM.MINISTERES_SEQ.NEXTVAL,'AI013','DEFENSEUR DES DROITS','Défenseur des droits','01/04/2011', null, 'N');
Insert into GRHUM.MINISTERES (ID_MINISTERE,CODE_MINISTERE,LC_MINISTERE,LL_MINISTERE,D_OUVERTURE,D_FIN, TEM_VISIBLE)
values (GRHUM.MINISTERES_SEQ.NEXTVAL,'AI014','ARJEL','Autorité de régulation des jeux en ligne','12/05/2010', null, 'N');
Insert into GRHUM.MINISTERES (ID_MINISTERE,CODE_MINISTERE,LC_MINISTERE,LL_MINISTERE,D_OUVERTURE,D_FIN, TEM_VISIBLE)
values (GRHUM.MINISTERES_SEQ.NEXTVAL,'AI015','AERES','Agence d''évaluation de la recherche et de l''enseignement supérieur','01/01/2007', null, 'N');
Insert into GRHUM.MINISTERES (ID_MINISTERE,CODE_MINISTERE,LC_MINISTERE,LL_MINISTERE,D_OUVERTURE,D_FIN, TEM_VISIBLE)
values (GRHUM.MINISTERES_SEQ.NEXTVAL,'AI0116','AFLD','Agence française de lutte contre le dopage','01/10/2006', null, 'N');
Insert into GRHUM.MINISTERES (ID_MINISTERE,CODE_MINISTERE,LC_MINISTERE,LL_MINISTERE,D_OUVERTURE,D_FIN, TEM_VISIBLE)
values (GRHUM.MINISTERES_SEQ.NEXTVAL,'AI017','ACP','Autorité de contrôle prudentiel','21/01/2010', null, 'N');
Insert into GRHUM.MINISTERES (ID_MINISTERE,CODE_MINISTERE,LC_MINISTERE,LL_MINISTERE,D_OUVERTURE,D_FIN, TEM_VISIBLE)
values (GRHUM.MINISTERES_SEQ.NEXTVAL,'AI018','AMF','Autorité des marchés financiers','01/08/2003', null, 'N');
Insert into GRHUM.MINISTERES (ID_MINISTERE,CODE_MINISTERE,LC_MINISTERE,LL_MINISTERE,D_OUVERTURE,D_FIN, TEM_VISIBLE)
values (GRHUM.MINISTERES_SEQ.NEXTVAL,'AI019','ASN','Autorité de sûreté nucléaire','13/06/2006', null, 'N');
Insert into GRHUM.MINISTERES (ID_MINISTERE,CODE_MINISTERE,LC_MINISTERE,LL_MINISTERE,D_OUVERTURE,D_FIN, TEM_VISIBLE)
values (GRHUM.MINISTERES_SEQ.NEXTVAL,'AI020','CADA','Commission d''accès aux documents administratifs','01/01/1978', null, 'N');
Insert into GRHUM.MINISTERES (ID_MINISTERE,CODE_MINISTERE,LC_MINISTERE,LL_MINISTERE,D_OUVERTURE,D_FIN, TEM_VISIBLE)
values (GRHUM.MINISTERES_SEQ.NEXTVAL,'AI021','CCSDN','Commission consultative du secret de la défense nationale','10/07/1988', null, 'N');
Insert into GRHUM.MINISTERES (ID_MINISTERE,CODE_MINISTERE,LC_MINISTERE,LL_MINISTERE,D_OUVERTURE,D_FIN, TEM_VISIBLE)
values (GRHUM.MINISTERES_SEQ.NEXTVAL,'AI022','CNCIS','Commission nationale de contrôle des interceptions de sécurité','14/07/1991', null, 'N');
Insert into GRHUM.MINISTERES (ID_MINISTERE,CODE_MINISTERE,LC_MINISTERE,LL_MINISTERE,D_OUVERTURE,D_FIN, TEM_VISIBLE)
values (GRHUM.MINISTERES_SEQ.NEXTVAL,'AI023','CPT','Commission des participations et des transferts','01/01/2001', null, 'N');
Insert into GRHUM.MINISTERES (ID_MINISTERE,CODE_MINISTERE,LC_MINISTERE,LL_MINISTERE,D_OUVERTURE,D_FIN, TEM_VISIBLE)
values (GRHUM.MINISTERES_SEQ.NEXTVAL,'AI024','CSC','Commission de la sécurité des Consommateurs','21/07/1983', null, 'N');
Insert into GRHUM.MINISTERES (ID_MINISTERE,CODE_MINISTERE,LC_MINISTERE,LL_MINISTERE,D_OUVERTURE,D_FIN, TEM_VISIBLE)
values (GRHUM.MINISTERES_SEQ.NEXTVAL,'AI025','COMMISSION SONDAGES','Commission des sondages','01/01/2001', null, 'N');
Insert into GRHUM.MINISTERES (ID_MINISTERE,CODE_MINISTERE,LC_MINISTERE,LL_MINISTERE,D_OUVERTURE,D_FIN, TEM_VISIBLE)
values (GRHUM.MINISTERES_SEQ.NEXTVAL,'AI026','CTFVP','Commission pour la transparence financière de la vie politique','11/03/1988', null, 'N');
Insert into GRHUM.MINISTERES (ID_MINISTERE,CODE_MINISTERE,LC_MINISTERE,LL_MINISTERE,D_OUVERTURE,D_FIN, TEM_VISIBLE)
values (GRHUM.MINISTERES_SEQ.NEXTVAL,'AI027','CONSEIL VENTES','Conseil des ventes volontaires de meubles aux enchères publiques','10/07/2000', null, 'N');
Insert into GRHUM.MINISTERES (ID_MINISTERE,CODE_MINISTERE,LC_MINISTERE,LL_MINISTERE,D_OUVERTURE,D_FIN, TEM_VISIBLE)
values (GRHUM.MINISTERES_SEQ.NEXTVAL,'AI028','CGLPL','Contrôleur général des lieux de privation de liberté','30/10/2007', null, 'N');
Insert into GRHUM.MINISTERES (ID_MINISTERE,CODE_MINISTERE,LC_MINISTERE,LL_MINISTERE,D_OUVERTURE,D_FIN, TEM_VISIBLE)
values (GRHUM.MINISTERES_SEQ.NEXTVAL,'AI029','HADOPI','Haute Autorité pour la diffusion des œuvres et la protection des droits sur Internet','14/06/2009', null, 'N');
Insert into GRHUM.MINISTERES (ID_MINISTERE,CODE_MINISTERE,LC_MINISTERE,LL_MINISTERE,D_OUVERTURE,D_FIN, TEM_VISIBLE)
values (GRHUM.MINISTERES_SEQ.NEXTVAL,'AI030','HAS','Haute Autorité de santé','13/08/2004', null, 'N');
Insert into GRHUM.MINISTERES (ID_MINISTERE,CODE_MINISTERE,LC_MINISTERE,LL_MINISTERE,D_OUVERTURE,D_FIN, TEM_VISIBLE)
values (GRHUM.MINISTERES_SEQ.NEXTVAL,'AI031','MEDIATEUR ENERGIE','Médiateur national de l''énergie','09/12/2006', null, 'N');
Insert into GRHUM.MINISTERES (ID_MINISTERE,CODE_MINISTERE,LC_MINISTERE,LL_MINISTERE,D_OUVERTURE,D_FIN, TEM_VISIBLE)
values (GRHUM.MINISTERES_SEQ.NEXTVAL,'AI032','MEDIATEUR CINEMA','Médiateur du cinéma','01/01/1982', null, 'N');

--
-- DB_VERSION
--
UPDATE GRHUM.DB_VERSION SET DBV_INSTALL=SYSDATE WHERE DBV_LIBELLE='1.7.1.30';

COMMIT;