-- ATTENTION
-- Ce script doit être exécuter sur 1 User qui a le rôle de DBA (ex.: User GRHUM)
-- USER SQL


--
-- Patch DBA de SCO_SCOLARITE du 17/05/2013 à exécuter depuis le user GRHUM
--
-- Rem : fichier encodé UTF-8

SET DEFINE OFF;
--
--
-- Fichier : 1/1
-- Type : DML
-- Schema : SCO_SCOLARITE
-- Numero de version : 0.1.0.8
-- Date de publication : 17/05/2013
-- Auteur(s) : Association Cocktail
--
--
WHENEVER SQLERROR EXIT SQL.SQLCODE;

------------------------------------------------------------------------------------------------------------------------------------------------------------------
------------------------------------------------------------------ MISE A JOUR DES VALEURS DES CHAMPS  -----------------------------------------------------------
------------------------------------------------------------------------------------------------------------------------------------------------------------------

-- TABLE CHAMP
declare
  is_fiedld_exists int;
begin
  select count(*) into is_fiedld_exists from SCO_SCOLARITE.CHAMP where ID_CHAMP = '118';
  if (is_fiedld_exists = 0) then
   EXECUTE IMMEDIATE('
     INSERT INTO SCO_SCOLARITE.CHAMP (ID_CHAMP,ID_PERE,CODE,LIBELLE,ORDRE,APPLICATION,D_CREATION,D_MODIFICATION,PERS_ID_CREATION,PERS_ID_MODIFICATION) 
     VALUES (118,46,''CadreTitreAccessBac'', ''Titre d''''accès à l''''enseignement supérrieur'', 47, ''CORIANDRE'', SYSDATE, SYSDATE,1,1)');
  end if;
  
   select count(*) into is_fiedld_exists from SCO_SCOLARITE.PARAMETRAGE_CHAMP where ID_CHAMP = '118';
   if (is_fiedld_exists = 0) then
  EXECUTE IMMEDIATE('
    INSERT INTO SCO_SCOLARITE.PARAMETRAGE_CHAMP (ID_CHAMP,ID_PARAMETRAGE_INSCRIPTION ,GESTIONNIAIRE,PREINSCRIPTION ,REINSCRIPTION,ADMISSION,D_CREATION,D_MODIFICATION,PERS_ID_CREATION,PERS_ID_MODIFICATION) 
    VALUES(118,1,3,3,3,3,SYSDATE, SYSDATE,1,1)');
  end if;
end;
/

declare
  is_fiedld_exists int;
begin
  select count(*) into is_fiedld_exists from SCO_SCOLARITE.CHAMP where ID_CHAMP = '119';
  if (is_fiedld_exists = 0) then
   EXECUTE IMMEDIATE('
     INSERT INTO SCO_SCOLARITE.CHAMP (ID_CHAMP,ID_PERE,CODE,LIBELLE,ORDRE,APPLICATION,D_CREATION,D_MODIFICATION,PERS_ID_CREATION,PERS_ID_MODIFICATION) 
     VALUES (119,46,''CadreTitreAccessFormation'', ''Titre d''''accès à la formation souhaitée'', 54, ''CORIANDRE'', SYSDATE, SYSDATE,1,1)');
  end if;
  
   select count(*) into is_fiedld_exists from SCO_SCOLARITE.PARAMETRAGE_CHAMP where ID_CHAMP = '119';
   if (is_fiedld_exists = 0) then
  EXECUTE IMMEDIATE('
    INSERT INTO SCO_SCOLARITE.PARAMETRAGE_CHAMP (ID_CHAMP,ID_PARAMETRAGE_INSCRIPTION ,GESTIONNIAIRE,PREINSCRIPTION ,REINSCRIPTION,ADMISSION,D_CREATION,D_MODIFICATION,PERS_ID_CREATION,PERS_ID_MODIFICATION) 
    VALUES(119,1,3,3,3,3,SYSDATE, SYSDATE,1,1)');
  end if;
end;
/

declare
  is_fiedld_exists int;
begin
  select count(*) into is_fiedld_exists from SCO_SCOLARITE.CHAMP where ID_CHAMP = '120';
  if (is_fiedld_exists = 0) then
   EXECUTE IMMEDIATE('
     INSERT INTO SCO_SCOLARITE.CHAMP (ID_CHAMP,ID_PERE,CODE,LIBELLE,ORDRE,APPLICATION,D_CREATION,D_MODIFICATION,PERS_ID_CREATION,PERS_ID_MODIFICATION) 
     VALUES (120,119,''anneeObtentionFormation'', ''Obtenu en'', 55, ''CORIANDRE'', SYSDATE, SYSDATE,1,1)');
  end if;
  
   select count(*) into is_fiedld_exists from SCO_SCOLARITE.PARAMETRAGE_CHAMP where ID_CHAMP = '120';
   if (is_fiedld_exists = 0) then
  EXECUTE IMMEDIATE('
    INSERT INTO SCO_SCOLARITE.PARAMETRAGE_CHAMP (ID_CHAMP,ID_PARAMETRAGE_INSCRIPTION ,GESTIONNIAIRE,PREINSCRIPTION ,REINSCRIPTION,ADMISSION,D_CREATION,D_MODIFICATION,PERS_ID_CREATION,PERS_ID_MODIFICATION) 
    VALUES(120,1,3,3,3,3,SYSDATE, SYSDATE,1,1)');
  end if;
end;
/
declare
  is_fiedld_exists int;
begin
  select count(*) into is_fiedld_exists from SCO_SCOLARITE.CHAMP where ID_CHAMP = '121';
  if (is_fiedld_exists = 0) then
   EXECUTE IMMEDIATE('
     INSERT INTO SCO_SCOLARITE.CHAMP (ID_CHAMP,ID_PERE,CODE,LIBELLE,ORDRE,APPLICATION,D_CREATION,D_MODIFICATION,PERS_ID_CREATION,PERS_ID_MODIFICATION) 
     VALUES (121,119,''titreAccesFormation'', ''Titre'', 56, ''CORIANDRE'', SYSDATE, SYSDATE,1,1)');
  end if;
  
   select count(*) into is_fiedld_exists from SCO_SCOLARITE.PARAMETRAGE_CHAMP where ID_CHAMP = '121';
   if (is_fiedld_exists = 0) then
  EXECUTE IMMEDIATE('
    INSERT INTO SCO_SCOLARITE.PARAMETRAGE_CHAMP (ID_CHAMP,ID_PARAMETRAGE_INSCRIPTION ,GESTIONNIAIRE,PREINSCRIPTION ,REINSCRIPTION,ADMISSION,D_CREATION,D_MODIFICATION,PERS_ID_CREATION,PERS_ID_MODIFICATION) 
    VALUES(121,1,3,3,3,3,SYSDATE, SYSDATE,1,1)');
  end if;
end;
/
declare
  is_fiedld_exists int;
begin
  select count(*) into is_fiedld_exists from SCO_SCOLARITE.CHAMP where ID_CHAMP = '122';
  if (is_fiedld_exists = 0) then
   EXECUTE IMMEDIATE('
     INSERT INTO SCO_SCOLARITE.CHAMP (ID_CHAMP,ID_PERE,CODE,LIBELLE,ORDRE,APPLICATION,D_CREATION,D_MODIFICATION,PERS_ID_CREATION,PERS_ID_MODIFICATION) 
     VALUES (122,119,''mentionAccesFormation'', ''Mention'', 57, ''CORIANDRE'', SYSDATE, SYSDATE,1,1)');
  end if;
  
   select count(*) into is_fiedld_exists from SCO_SCOLARITE.PARAMETRAGE_CHAMP where ID_CHAMP = '122';
   if (is_fiedld_exists = 0) then
  EXECUTE IMMEDIATE('
    INSERT INTO SCO_SCOLARITE.PARAMETRAGE_CHAMP (ID_CHAMP,ID_PARAMETRAGE_INSCRIPTION ,GESTIONNIAIRE,PREINSCRIPTION ,REINSCRIPTION,ADMISSION,D_CREATION,D_MODIFICATION,PERS_ID_CREATION,PERS_ID_MODIFICATION) 
    VALUES(122,1,3,3,3,3,SYSDATE, SYSDATE,1,1)');
  end if;
end;
/
declare
  is_fiedld_exists int;
begin
  select count(*) into is_fiedld_exists from SCO_SCOLARITE.CHAMP where ID_CHAMP = '123';
  if (is_fiedld_exists = 0) then
   EXECUTE IMMEDIATE('
     INSERT INTO SCO_SCOLARITE.CHAMP (ID_CHAMP,ID_PERE,CODE,LIBELLE,ORDRE,APPLICATION,D_CREATION,D_MODIFICATION,PERS_ID_CREATION,PERS_ID_MODIFICATION) 
     VALUES (123,119,''etabAccesFormation'', ''Etablissement'', 58, ''CORIANDRE'', SYSDATE, SYSDATE,1,1)');
  end if;
  
   select count(*) into is_fiedld_exists from SCO_SCOLARITE.PARAMETRAGE_CHAMP where ID_CHAMP = '123';
   if (is_fiedld_exists = 0) then
  EXECUTE IMMEDIATE('
    INSERT INTO SCO_SCOLARITE.PARAMETRAGE_CHAMP (ID_CHAMP,ID_PARAMETRAGE_INSCRIPTION ,GESTIONNIAIRE,PREINSCRIPTION ,REINSCRIPTION,ADMISSION,D_CREATION,D_MODIFICATION,PERS_ID_CREATION,PERS_ID_MODIFICATION) 
    VALUES(123,1,3,3,3,3,SYSDATE, SYSDATE,1,1)');
  end if;
end;
/
declare
  is_fiedld_exists int;
begin
  select count(*) into is_fiedld_exists from SCO_SCOLARITE.CHAMP where ID_CHAMP = '124';
  if (is_fiedld_exists = 0) then
   EXECUTE IMMEDIATE('
     INSERT INTO SCO_SCOLARITE.CHAMP (ID_CHAMP,ID_PERE,CODE,LIBELLE,ORDRE,APPLICATION,D_CREATION,D_MODIFICATION,PERS_ID_CREATION,PERS_ID_MODIFICATION) 
     VALUES (124,119,''villeEtabFormation'', ''Ville'', 59, ''CORIANDRE'', SYSDATE, SYSDATE,1,1)');
  end if;
  
   select count(*) into is_fiedld_exists from SCO_SCOLARITE.PARAMETRAGE_CHAMP where ID_CHAMP = '124';
   if (is_fiedld_exists = 0) then
  EXECUTE IMMEDIATE('
    INSERT INTO SCO_SCOLARITE.PARAMETRAGE_CHAMP (ID_CHAMP,ID_PARAMETRAGE_INSCRIPTION ,GESTIONNIAIRE,PREINSCRIPTION ,REINSCRIPTION,ADMISSION,D_CREATION,D_MODIFICATION,PERS_ID_CREATION,PERS_ID_MODIFICATION) 
    VALUES(124,1,3,3,3,3,SYSDATE, SYSDATE,1,1)');
  end if;
end;
/
declare
  is_fiedld_exists int;
begin
  select count(*) into is_fiedld_exists from SCO_SCOLARITE.CHAMP where ID_CHAMP = '125';
  if (is_fiedld_exists = 0) then
   EXECUTE IMMEDIATE('
     INSERT INTO SCO_SCOLARITE.CHAMP (ID_CHAMP,ID_PERE,CODE,LIBELLE,ORDRE,APPLICATION,D_CREATION,D_MODIFICATION,PERS_ID_CREATION,PERS_ID_MODIFICATION) 
     VALUES (125,119,''departementEtabFormation'', ''Département'', 60, ''CORIANDRE'', SYSDATE, SYSDATE,1,1)');
  end if;
  
   select count(*) into is_fiedld_exists from SCO_SCOLARITE.PARAMETRAGE_CHAMP where ID_CHAMP = '125';
   if (is_fiedld_exists = 0) then
  EXECUTE IMMEDIATE('
    INSERT INTO SCO_SCOLARITE.PARAMETRAGE_CHAMP (ID_CHAMP,ID_PARAMETRAGE_INSCRIPTION ,GESTIONNIAIRE,PREINSCRIPTION ,REINSCRIPTION,ADMISSION,D_CREATION,D_MODIFICATION,PERS_ID_CREATION,PERS_ID_MODIFICATION) 
    VALUES(125,1,3,3,3,3,SYSDATE, SYSDATE,1,1)');
  end if;
end;
/
declare
  is_fiedld_exists int;
begin
  select count(*) into is_fiedld_exists from SCO_SCOLARITE.CHAMP where ID_CHAMP = '126';
  if (is_fiedld_exists = 0) then
   EXECUTE IMMEDIATE('
     INSERT INTO SCO_SCOLARITE.CHAMP (ID_CHAMP,ID_PERE,CODE,LIBELLE,ORDRE,APPLICATION,D_CREATION,D_MODIFICATION,PERS_ID_CREATION,PERS_ID_MODIFICATION) 
     VALUES (126,119,''paysEtabFormation'', ''Pays'', 61, ''CORIANDRE'', SYSDATE, SYSDATE,1,1)');
  end if;
  
   select count(*) into is_fiedld_exists from SCO_SCOLARITE.PARAMETRAGE_CHAMP where ID_CHAMP = '126';
   if (is_fiedld_exists = 0) then
  EXECUTE IMMEDIATE('
    INSERT INTO SCO_SCOLARITE.PARAMETRAGE_CHAMP (ID_CHAMP,ID_PARAMETRAGE_INSCRIPTION ,GESTIONNIAIRE,PREINSCRIPTION ,REINSCRIPTION,ADMISSION,D_CREATION,D_MODIFICATION,PERS_ID_CREATION,PERS_ID_MODIFICATION) 
    VALUES(126,1,3,3,3,3,SYSDATE, SYSDATE,1,1)');
  end if;
end;
/
declare
  is_fiedld_exists int;
begin
  select count(*) into is_fiedld_exists from SCO_SCOLARITE.CHAMP where ID_CHAMP = '127';
  if (is_fiedld_exists = 0) then
   EXECUTE IMMEDIATE('
     INSERT INTO SCO_SCOLARITE.CHAMP (ID_CHAMP,ID_PERE,CODE,LIBELLE,ORDRE,APPLICATION,D_CREATION,D_MODIFICATION,PERS_ID_CREATION,PERS_ID_MODIFICATION) 
     VALUES (127,94,''renseignementsDivers'', ''Renseignements Divers'', 101, ''CORIANDRE'', SYSDATE, SYSDATE,1,1)');
  end if;
  
   select count(*) into is_fiedld_exists from SCO_SCOLARITE.PARAMETRAGE_CHAMP where ID_CHAMP = '127';
   if (is_fiedld_exists = 0) then
  EXECUTE IMMEDIATE('
    INSERT INTO SCO_SCOLARITE.PARAMETRAGE_CHAMP (ID_CHAMP,ID_PARAMETRAGE_INSCRIPTION ,GESTIONNIAIRE,PREINSCRIPTION ,REINSCRIPTION,ADMISSION,D_CREATION,D_MODIFICATION,PERS_ID_CREATION,PERS_ID_MODIFICATION) 
    VALUES(127,1,3,3,3,3,SYSDATE, SYSDATE,1,1)');
  end if;
end;
/
declare
  is_fiedld_exists int;
begin
  select count(*) into is_fiedld_exists from SCO_SCOLARITE.CHAMP where ID_CHAMP = '85';
  if (is_fiedld_exists = 0) then
   EXECUTE IMMEDIATE('
     INSERT INTO SCO_SCOLARITE.CHAMP (ID_CHAMP,ID_PERE,CODE,LIBELLE,ORDRE,APPLICATION,D_CREATION,D_MODIFICATION,PERS_ID_CREATION,PERS_ID_MODIFICATION) 
     VALUES (85,0,''cadreHIJ'', ''Situ. sociale'', 76, ''CORIANDRE'', SYSDATE, SYSDATE,1,1)');
  end if;
  
   select count(*) into is_fiedld_exists from SCO_SCOLARITE.PARAMETRAGE_CHAMP where ID_CHAMP = '85';
   if (is_fiedld_exists = 0) then
  EXECUTE IMMEDIATE('
    INSERT INTO SCO_SCOLARITE.PARAMETRAGE_CHAMP (ID_CHAMP,ID_PARAMETRAGE_INSCRIPTION ,GESTIONNIAIRE,PREINSCRIPTION ,REINSCRIPTION,ADMISSION,D_CREATION,D_MODIFICATION,PERS_ID_CREATION,PERS_ID_MODIFICATION) 
    VALUES(85,1,3,3,3,3,SYSDATE, SYSDATE,1,1)');
  end if;
end;
/


UPDATE SCO_SCOLARITE.CHAMP SET LIBELLE='Code INE/BEA *' WHERE ID_CHAMP=2;
UPDATE SCO_SCOLARITE.CHAMP SET LIBELLE='Civilité *' WHERE ID_CHAMP=4;
UPDATE SCO_SCOLARITE.CHAMP SET LIBELLE='Photo' WHERE ID_CHAMP=5;
UPDATE SCO_SCOLARITE.CHAMP SET LIBELLE='Nom d''usage *' WHERE ID_CHAMP=7;
UPDATE SCO_SCOLARITE.CHAMP SET LIBELLE='Prénom *' WHERE ID_CHAMP=8;
UPDATE SCO_SCOLARITE.CHAMP SET LIBELLE='Date Naissance *' WHERE ID_CHAMP=10;
UPDATE SCO_SCOLARITE.CHAMP SET LIBELLE='Ville Naissance *' WHERE ID_CHAMP=11;
UPDATE SCO_SCOLARITE.CHAMP SET LIBELLE='Dép. Naissance *' WHERE ID_CHAMP=12;
UPDATE SCO_SCOLARITE.CHAMP SET LIBELLE='Pays Naissance *' WHERE ID_CHAMP=13;
UPDATE SCO_SCOLARITE.CHAMP SET LIBELLE='Nationalité *' WHERE ID_CHAMP=14;
UPDATE SCO_SCOLARITE.CHAMP SET LIBELLE='Code INSEE *' WHERE ID_CHAMP=15;
UPDATE SCO_SCOLARITE.CHAMP SET LIBELLE='Sit. familiale *' WHERE ID_CHAMP=17;
UPDATE SCO_SCOLARITE.CHAMP SET LIBELLE='Sit. profession. *' WHERE ID_CHAMP=1;
UPDATE SCO_SCOLARITE.CHAMP SET LIBELLE='Adresse *' WHERE ID_CHAMP=23;
UPDATE SCO_SCOLARITE.CHAMP SET LIBELLE='Boîte Postale' WHERE ID_CHAMP=25;
UPDATE SCO_SCOLARITE.CHAMP SET LIBELLE='Code Postal *' WHERE ID_CHAMP=26;
UPDATE SCO_SCOLARITE.CHAMP SET LIBELLE='Ville *' WHERE ID_CHAMP=27;
UPDATE SCO_SCOLARITE.CHAMP SET LIBELLE='Pays *' WHERE ID_CHAMP=28;
UPDATE SCO_SCOLARITE.CHAMP SET LIBELLE='Type Inscription*' WHERE ID_CHAMP=36;
UPDATE SCO_SCOLARITE.CHAMP SET LIBELLE='Grade *' WHERE ID_CHAMP=37;
UPDATE SCO_SCOLARITE.CHAMP SET LIBELLE='Niveau *' WHERE ID_CHAMP=38;
UPDATE SCO_SCOLARITE.CHAMP SET LIBELLE='Diplôme *' WHERE ID_CHAMP=39;

UPDATE SCO_SCOLARITE.CHAMP SET LIBELLE='Diplôme' WHERE ID_CHAMP=39;
UPDATE SCO_SCOLARITE.CHAMP SET LIBELLE='Etudiant en Echange International' WHERE ID_CHAMP=41;
UPDATE SCO_SCOLARITE.CHAMP SET CODE='cycleAmenage', LIBELLE='Cycle aménagé' WHERE ID_CHAMP=45; 
UPDATE SCO_SCOLARITE.CHAMP SET LIBELLE = 'Obtenu en *', ID_PERE='118',ORDRE=48 WHERE ID_CHAMP= 47;
UPDATE SCO_SCOLARITE.CHAMP SET LIBELLE = 'Titre *', ID_PERE='118',ORDRE=49 WHERE ID_CHAMP= 48;
UPDATE SCO_SCOLARITE.CHAMP SET LIBELLE = 'Mention *', ID_PERE='118',ORDRE=50 WHERE ID_CHAMP= 49;
UPDATE SCO_SCOLARITE.CHAMP SET LIBELLE = 'Etablissement *', ID_PERE='118',ORDRE=51 WHERE ID_CHAMP= 50;
UPDATE SCO_SCOLARITE.CHAMP SET ID_PERE='118',ORDRE=52 WHERE ID_CHAMP= 51;
UPDATE SCO_SCOLARITE.CHAMP SET ID_PERE='118',ORDRE=53 WHERE ID_CHAMP= 52;
UPDATE SCO_SCOLARITE.CHAMP SET ID_PERE='118',ORDRE=54 WHERE ID_CHAMP= 53;
UPDATE SCO_SCOLARITE.CHAMP SET ORDRE=62 WHERE ID_CHAMP= 54;
UPDATE SCO_SCOLARITE.CHAMP SET LIBELLE = 'Année *',ORDRE=63 WHERE ID_CHAMP= 55;
UPDATE SCO_SCOLARITE.CHAMP SET ORDRE=64 WHERE ID_CHAMP= 56;
UPDATE SCO_SCOLARITE.CHAMP SET ORDRE=65, LIBELLE = 'Interruption d''études sur cette période' WHERE ID_CHAMP= 57;
UPDATE SCO_SCOLARITE.CHAMP SET LIBELLE = 'Etablissement *', ORDRE=66 WHERE ID_CHAMP= 58;
UPDATE SCO_SCOLARITE.CHAMP SET ORDRE=67 WHERE ID_CHAMP= 59;
UPDATE SCO_SCOLARITE.CHAMP SET ORDRE=68 WHERE ID_CHAMP= 60;
UPDATE SCO_SCOLARITE.CHAMP SET ORDRE=69 WHERE ID_CHAMP= 61;
UPDATE SCO_SCOLARITE.CHAMP SET LIBELLE = 'Type *', ORDRE=70 WHERE ID_CHAMP= 62;
UPDATE SCO_SCOLARITE.CHAMP SET LIBELLE = 'Niveau *', ORDRE=71 WHERE ID_CHAMP= 63;
UPDATE SCO_SCOLARITE.CHAMP SET ORDRE=72 WHERE ID_CHAMP= 64;
UPDATE SCO_SCOLARITE.CHAMP SET ORDRE=73 WHERE ID_CHAMP= 65;
UPDATE SCO_SCOLARITE.CHAMP SET LIBELLE = 'Grade *', ORDRE=74 WHERE ID_CHAMP= 66;
UPDATE SCO_SCOLARITE.CHAMP SET ORDRE=75 WHERE ID_CHAMP= 67;
UPDATE SCO_SCOLARITE.CHAMP SET ID_PERE=85,ORDRE=77 WHERE ID_CHAMP= 68;
UPDATE SCO_SCOLARITE.CHAMP SET LIBELLE ='Exonération ?', ORDRE=78 WHERE ID_CHAMP= 69;
UPDATE SCO_SCOLARITE.CHAMP SET LIBELLE = 'Motif Exoné. *', ORDRE=79 WHERE ID_CHAMP= 70;
UPDATE SCO_SCOLARITE.CHAMP SET LIBELLE = 'Organisme *', ORDRE=80 WHERE ID_CHAMP= 71;
UPDATE SCO_SCOLARITE.CHAMP SET LIBELLE = 'N° Allocataire *', ORDRE=81 WHERE ID_CHAMP= 72;
UPDATE SCO_SCOLARITE.CHAMP SET LIBELLE = 'Echellon *', ORDRE=82 WHERE ID_CHAMP= 73;
UPDATE SCO_SCOLARITE.CHAMP SET ID_PERE=85,ORDRE=83 WHERE ID_CHAMP= 74;
UPDATE SCO_SCOLARITE.CHAMP SET ORDRE=84 WHERE ID_CHAMP= 75;
UPDATE SCO_SCOLARITE.CHAMP SET ORDRE=85 WHERE ID_CHAMP= 76;
UPDATE SCO_SCOLARITE.CHAMP SET  LIBELLE = 'Origine des Ressources *',ORDRE=86 WHERE ID_CHAMP= 77;
UPDATE SCO_SCOLARITE.CHAMP SET LIBELLE = 'Tuteur 1 *' ,ORDRE=87 WHERE ID_CHAMP= 78;
UPDATE SCO_SCOLARITE.CHAMP SET ORDRE=88 WHERE ID_CHAMP= 79;
UPDATE SCO_SCOLARITE.CHAMP SET LIBELLE='Profession *' ,ORDRE=89 WHERE ID_CHAMP= 80;
UPDATE SCO_SCOLARITE.CHAMP SET ORDRE=90 WHERE ID_CHAMP= 81;
UPDATE SCO_SCOLARITE.CHAMP SET ID_PERE=85,ORDRE=91 WHERE ID_CHAMP= 82;
UPDATE SCO_SCOLARITE.CHAMP SET LIBELLE='Activité salariée exercée durant l''année universitaire ?',ORDRE=92 WHERE ID_CHAMP= 83;
UPDATE SCO_SCOLARITE.CHAMP SET ORDRE=93 WHERE ID_CHAMP= 84;
UPDATE SCO_SCOLARITE.CHAMP SET LIBELLE= 'Affiliation au régime "Etudiant" de la sécurité sociale ?',ORDRE=94 WHERE ID_CHAMP= 86;
UPDATE SCO_SCOLARITE.CHAMP SET LIBELLE = 'Motif *', ORDRE=95 WHERE ID_CHAMP= 87;
UPDATE SCO_SCOLARITE.CHAMP SET LIBELLE = 'Mutuelle *',ORDRE=96 WHERE ID_CHAMP= 88;
UPDATE SCO_SCOLARITE.CHAMP SET LIBELLE='Cotisation ? *', ORDRE=97 WHERE ID_CHAMP= 89;
UPDATE SCO_SCOLARITE.CHAMP SET ORDRE=98 WHERE ID_CHAMP= 90;
UPDATE SCO_SCOLARITE.CHAMP SET ORDRE=99 WHERE ID_CHAMP= 92;
UPDATE SCO_SCOLARITE.CHAMP SET ORDRE=100 WHERE ID_CHAMP= 93;
UPDATE SCO_SCOLARITE.CHAMP SET ORDRE=101 WHERE ID_CHAMP= 94;
UPDATE SCO_SCOLARITE.CHAMP SET ID_PERE='127',LIBELLE = 'Interruption des études ?',ORDRE=103 WHERE ID_CHAMP= 95;
UPDATE SCO_SCOLARITE.CHAMP SET LIBELLE = 'de *', ID_PERE='127',ORDRE=104 WHERE ID_CHAMP= 96;
UPDATE SCO_SCOLARITE.CHAMP SET LIBELLE = 'à *', ID_PERE='127',ORDRE=105 WHERE ID_CHAMP= 97;
UPDATE SCO_SCOLARITE.CHAMP SET ID_PERE='127',LIBELLE='Demandeur d''emploi ?',ORDRE=106 WHERE ID_CHAMP= 98;
UPDATE SCO_SCOLARITE.CHAMP SET ID_PERE='127',LIBELLE='Formation financée ?',ORDRE=107 WHERE ID_CHAMP= 99;
UPDATE SCO_SCOLARITE.CHAMP SET ID_PERE='127',LIBELLE='Sportif de haut niveau ?',ORDRE=108 WHERE ID_CHAMP= 100;
UPDATE SCO_SCOLARITE.CHAMP SET ID_PERE='127',LIBELLE='Handicap (art. L.114 du code de l''action sociale et des familles) ?',ORDRE=109 WHERE ID_CHAMP= 101;
UPDATE SCO_SCOLARITE.CHAMP SET LIBELLE = 'Type *', ID_PERE='127',ORDRE=110 WHERE ID_CHAMP= 102;
UPDATE SCO_SCOLARITE.CHAMP SET ID_PERE='127',LIBELLE='Assurance responsabilité civile ?',ORDRE=111 WHERE ID_CHAMP= 103;
UPDATE SCO_SCOLARITE.CHAMP SET LIBELLE = 'Compagnie *', ID_PERE='127',ORDRE=112 WHERE ID_CHAMP= 104;
UPDATE SCO_SCOLARITE.CHAMP SET LIBELLE = 'N° Assurance *', ID_PERE='127',ORDRE=113 WHERE ID_CHAMP= 105;
UPDATE SCO_SCOLARITE.CHAMP SET ORDRE=114 WHERE ID_CHAMP= 117;
UPDATE SCO_SCOLARITE.CHAMP SET LIBELLE='Attestation de Recensement ?',ORDRE=115 WHERE ID_CHAMP= 106;
UPDATE SCO_SCOLARITE.CHAMP SET LIBELLE='Certification de participation à l''appel ?',ORDRE=116 WHERE ID_CHAMP= 107;
UPDATE SCO_SCOLARITE.CHAMP SET ORDRE=117 WHERE ID_CHAMP= 108;
UPDATE SCO_SCOLARITE.CHAMP SET ORDRE=118 WHERE ID_CHAMP= 109;
UPDATE SCO_SCOLARITE.CHAMP SET ORDRE=119 WHERE ID_CHAMP= 110;
UPDATE SCO_SCOLARITE.CHAMP SET ORDRE=120 WHERE ID_CHAMP= 111;
UPDATE SCO_SCOLARITE.CHAMP SET ORDRE=121 WHERE ID_CHAMP= 112;
UPDATE SCO_SCOLARITE.CHAMP SET ORDRE=122 WHERE ID_CHAMP= 113;
UPDATE SCO_SCOLARITE.CHAMP SET ORDRE=123 WHERE ID_CHAMP= 114;
UPDATE SCO_SCOLARITE.CHAMP SET ORDRE=124 WHERE ID_CHAMP= 115;
UPDATE SCO_SCOLARITE.CHAMP SET ORDRE=125 WHERE ID_CHAMP= 116;




-- TABLE TYPE_INSCRIPTION_FORMATION ---
declare
  is_fiedld_exists int;
begin
  select count(*) into is_fiedld_exists from SCO_SCOLARITE.TYPE_INSCRIPTION_FORMATION where ID_TYPE_INSCRIPTION_FORMATION = 1;
  if (is_fiedld_exists = 0) then
   EXECUTE IMMEDIATE('
	Insert into SCO_SCOLARITE.TYPE_INSCRIPTION_FORMATION 
	(ID_TYPE_INSCRIPTION_FORMATION,CODE_INSCRIPTION,LIBELLE,D_CREATION,D_MODIFICATION,PERS_ID_CREATION,PERS_ID_MODIFICATION) VALUES 
	(1,''FO1'',''Principale'',SYSDATE, SYSDATE,1,1)');
  end if;
  select count(*) into is_fiedld_exists from SCO_SCOLARITE.TYPE_INSCRIPTION_FORMATION where ID_TYPE_INSCRIPTION_FORMATION = 2;
  if (is_fiedld_exists = 0) then
   EXECUTE IMMEDIATE('
	Insert into SCO_SCOLARITE.TYPE_INSCRIPTION_FORMATION
	(ID_TYPE_INSCRIPTION_FORMATION,CODE_INSCRIPTION,LIBELLE,D_CREATION,D_MODIFICATION,PERS_ID_CREATION,PERS_ID_MODIFICATION) VALUES 
	(2,''CUM1'',''Cumulatif'',SYSDATE, SYSDATE,1,1)');
  end if;
  select count(*) into is_fiedld_exists from SCO_SCOLARITE.TYPE_INSCRIPTION_FORMATION where ID_TYPE_INSCRIPTION_FORMATION = 3;
  if (is_fiedld_exists = 0) then
   EXECUTE IMMEDIATE('
	Insert into SCO_SCOLARITE.TYPE_INSCRIPTION_FORMATION
	 (ID_TYPE_INSCRIPTION_FORMATION,CODE_INSCRIPTION,LIBELLE,D_CREATION,D_MODIFICATION,PERS_ID_CREATION,PERS_ID_MODIFICATION) VALUES
	(3,''AL'',''Auditeur Libre'',SYSDATE, SYSDATE,1,1)');
  end if;
  select count(*) into is_fiedld_exists from SCO_SCOLARITE.TYPE_INSCRIPTION_FORMATION where ID_TYPE_INSCRIPTION_FORMATION = 4;
  if (is_fiedld_exists = 0) then
   EXECUTE IMMEDIATE('
	Insert into SCO_SCOLARITE.TYPE_INSCRIPTION_FORMATION
	 (ID_TYPE_INSCRIPTION_FORMATION,CODE_INSCRIPTION,LIBELLE,D_CREATION,D_MODIFICATION,PERS_ID_CREATION,PERS_ID_MODIFICATION) VALUES 
	(4,''FO2'',''Complémentaire'',SYSDATE, SYSDATE,1,1)');
  end if;
  select count(*) into is_fiedld_exists from SCO_SCOLARITE.TYPE_INSCRIPTION_FORMATION where ID_TYPE_INSCRIPTION_FORMATION = 5;
  if (is_fiedld_exists = 0) then
   EXECUTE IMMEDIATE('
	Insert into SCO_SCOLARITE.TYPE_INSCRIPTION_FORMATION
	 (ID_TYPE_INSCRIPTION_FORMATION,CODE_INSCRIPTION,LIBELLE,D_CREATION,D_MODIFICATION,PERS_ID_CREATION,PERS_ID_MODIFICATION) VALUES 
	(5,''ECH'',''Echange International'',SYSDATE, SYSDATE,1,1)');
  end if;
  select count(*) into is_fiedld_exists from SCO_SCOLARITE.TYPE_INSCRIPTION_FORMATION where ID_TYPE_INSCRIPTION_FORMATION = 6;
  if (is_fiedld_exists = 0) then
   EXECUTE IMMEDIATE('
	Insert into SCO_SCOLARITE.TYPE_INSCRIPTION_FORMATION
	 (ID_TYPE_INSCRIPTION_FORMATION,CODE_INSCRIPTION,LIBELLE,D_CREATION,D_MODIFICATION,PERS_ID_CREATION,PERS_ID_MODIFICATION) VALUES 
	(6,''STAGIAIRE'',''Stagiaire'',SYSDATE, SYSDATE,1,1)');
  end if;

end;
/




-- TABLE TYPE_ECHANGE ---
declare
  is_fiedld_exists int;
begin
  select count(*) into is_fiedld_exists from SCO_SCOLARITE.TYPE_ECHANGE where ID_TYPE_ECHANGE = 1;
  if (is_fiedld_exists = 0) then
   EXECUTE IMMEDIATE('
	Insert into SCO_SCOLARITE.TYPE_ECHANGE (ID_TYPE_ECHANGE,LIBELLE,SENS,D_CREATION,D_MODIFICATION,PERS_ID_CREATION,PERS_ID_MODIFICATION) VALUES
	(1,''SOCRATES ERASMUS'',''A'',SYSDATE, SYSDATE,1,1)');
  end if;

  select count(*) into is_fiedld_exists from SCO_SCOLARITE.TYPE_ECHANGE where ID_TYPE_ECHANGE = 2;
  if (is_fiedld_exists = 0) then
   EXECUTE IMMEDIATE('
	Insert into SCO_SCOLARITE.TYPE_ECHANGE (ID_TYPE_ECHANGE,LIBELLE,SENS,D_CREATION,D_MODIFICATION,PERS_ID_CREATION,PERS_ID_MODIFICATION) VALUES
	(2,''TEMPUS'',''A'',SYSDATE, SYSDATE,1,1)');
  end if;

  select count(*) into is_fiedld_exists from SCO_SCOLARITE.TYPE_ECHANGE where ID_TYPE_ECHANGE = 3;
  if (is_fiedld_exists = 0) then
   EXECUTE IMMEDIATE('
	Insert into SCO_SCOLARITE.TYPE_ECHANGE (ID_TYPE_ECHANGE,LIBELLE,SENS,D_CREATION,D_MODIFICATION,PERS_ID_CREATION,PERS_ID_MODIFICATION) VALUES
	(3,''(COMENIUS) SOCRATES Assistant Linguistique Communautaire'',''A'',SYSDATE, SYSDATE,1,1)');
  end if;

  select count(*) into is_fiedld_exists from SCO_SCOLARITE.TYPE_ECHANGE where ID_TYPE_ECHANGE = 4;
  if (is_fiedld_exists = 0) then
   EXECUTE IMMEDIATE('
	Insert into SCO_SCOLARITE.TYPE_ECHANGE (ID_TYPE_ECHANGE,LIBELLE,SENS,D_CREATION,D_MODIFICATION,PERS_ID_CREATION,PERS_ID_MODIFICATION) VALUES
	(4,''LEONARDO DA VINCI'',''A'',SYSDATE, SYSDATE,1,1)');
  end if;

  select count(*) into is_fiedld_exists from SCO_SCOLARITE.TYPE_ECHANGE where ID_TYPE_ECHANGE = 5;
  if (is_fiedld_exists = 0) then
   EXECUTE IMMEDIATE('
	Insert into SCO_SCOLARITE.TYPE_ECHANGE (ID_TYPE_ECHANGE,LIBELLE,SENS,D_CREATION,D_MODIFICATION,PERS_ID_CREATION,PERS_ID_MODIFICATION) VALUES
	(5,''Autres Programmes Financés par l''''Union Européenne'',''A'',SYSDATE, SYSDATE,1,1)');
  end if;

  select count(*) into is_fiedld_exists from SCO_SCOLARITE.TYPE_ECHANGE where ID_TYPE_ECHANGE = 6;
  if (is_fiedld_exists = 0) then
   EXECUTE IMMEDIATE('
	Insert into SCO_SCOLARITE.TYPE_ECHANGE (ID_TYPE_ECHANGE,LIBELLE,SENS,D_CREATION,D_MODIFICATION,PERS_ID_CREATION,PERS_ID_MODIFICATION) VALUES
	(6,''Autres Programmes et Accords Bilatéraux'',''A'',SYSDATE, SYSDATE,1,1)');
  end if;

  select count(*) into is_fiedld_exists from SCO_SCOLARITE.TYPE_ECHANGE where ID_TYPE_ECHANGE = 7;
  if (is_fiedld_exists = 0) then
   EXECUTE IMMEDIATE('
	Insert into SCO_SCOLARITE.TYPE_ECHANGE (ID_TYPE_ECHANGE,LIBELLE,SENS,D_CREATION,D_MODIFICATION,PERS_ID_CREATION,PERS_ID_MODIFICATION) VALUES
(7,''SOCRATES ERASMUS'',''D'',SYSDATE, SYSDATE,1,1)');
  end if;

  select count(*) into is_fiedld_exists from SCO_SCOLARITE.TYPE_ECHANGE where ID_TYPE_ECHANGE = 8;
  if (is_fiedld_exists = 0) then
   EXECUTE IMMEDIATE('
	Insert into SCO_SCOLARITE.TYPE_ECHANGE (ID_TYPE_ECHANGE,LIBELLE,SENS,D_CREATION,D_MODIFICATION,PERS_ID_CREATION,PERS_ID_MODIFICATION) VALUES
	(8,''TEMPUS'',''D'',SYSDATE, SYSDATE,1,1)');
  end if;

  select count(*) into is_fiedld_exists from SCO_SCOLARITE.TYPE_ECHANGE where ID_TYPE_ECHANGE = 9;
  if (is_fiedld_exists = 0) then
   EXECUTE IMMEDIATE('
	Insert into SCO_SCOLARITE.TYPE_ECHANGE (ID_TYPE_ECHANGE,LIBELLE,SENS,D_CREATION,D_MODIFICATION,PERS_ID_CREATION,PERS_ID_MODIFICATION) VALUES
	(9,''(COMENIUS) SOCRATES Assistant Linguistique Communautaire'',''D'',SYSDATE, SYSDATE,1,1)');
  end if;

  select count(*) into is_fiedld_exists from SCO_SCOLARITE.TYPE_ECHANGE where ID_TYPE_ECHANGE = 10;
  if (is_fiedld_exists = 0) then
   EXECUTE IMMEDIATE('
	Insert into SCO_SCOLARITE.TYPE_ECHANGE (ID_TYPE_ECHANGE,LIBELLE,SENS,D_CREATION,D_MODIFICATION,PERS_ID_CREATION,PERS_ID_MODIFICATION) VALUES
	(10,''LEONARDO DA VINCI'',''D'',SYSDATE, SYSDATE,1,1)');
  end if;

  select count(*) into is_fiedld_exists from SCO_SCOLARITE.TYPE_ECHANGE where ID_TYPE_ECHANGE = 11;
  if (is_fiedld_exists = 0) then
   EXECUTE IMMEDIATE('
	Insert into SCO_SCOLARITE.TYPE_ECHANGE (ID_TYPE_ECHANGE,LIBELLE,SENS,D_CREATION,D_MODIFICATION,PERS_ID_CREATION,PERS_ID_MODIFICATION) VALUES
	(11,''Autres Programmes Financés par l''''Union Européenne'',''D'',SYSDATE, SYSDATE,1,1)');
  end if;

  select count(*) into is_fiedld_exists from SCO_SCOLARITE.TYPE_ECHANGE where ID_TYPE_ECHANGE = 12;
  if (is_fiedld_exists = 0) then
   EXECUTE IMMEDIATE('
	Insert into SCO_SCOLARITE.TYPE_ECHANGE (ID_TYPE_ECHANGE,LIBELLE,SENS,D_CREATION,D_MODIFICATION,PERS_ID_CREATION,PERS_ID_MODIFICATION) VALUES
	(12,''Autres Programmes et Accords Bilatéraux'',''D'',SYSDATE, SYSDATE,1,1)');
  end if;

end;
/


COMMIT;
