
-- Insertion des composants
Insert into SCO_SCOLARITE.COMPOSANT (ID_COMPOSANT,TYPE_COMPOSANT_ID,CODE,LL_COMPOSANT,LC_COMPOSANT,PERS_ID_CREATION,PERS_ID_MODIFICATION,D_CREATION,D_MODIFICATION,TAG_APPLICATION,COMPOSANT_ORIGINE_ID,NO_CNU,AE_TYPE_ID,AE_BASE_NOTE,AE_SANS_NOTE,AE_EPREUVE,AE_DUREE_MIN,AE_DUREE_MAX,AP_TYPE_ID,AP_MODE_ID,AP_VALEUR_TEMPS_ETUDIANT,AP_SEUIL,DIP_SPECIALITE_ID,DIP_GRADE_UNIVERSITAIRE_ID,DIP_TYPE_ORGANISATION_ID,DIP_HABILITATION_ID,DIP_TYPE_FORMATION_ID,DIP_STATUT_FORMATION_ID,DIP_SISE_MESR,DIP_SISE_ETABLISSEMENT,DIP_DELIBERATION_SEMESTRIELLE,DIP_MENTION,DIP_HABILITATION_REQUISE,EC_LIBRE,PER_ORDRE,PER_ID_TYPE,REG_UE_CHOIX_ECTS,REG_UE_CHOIX_MIN,REG_UE_CHOIX_MAX,REG_UE_SANS_COMPOSANT,VDIP_ANNEE,VDIP_NUMERO_VERSION,VOCATION_ID,DIP_MENTION_ID,INFO_VERSION_ID,DIP_TYPE_VALIDATION_ID,DIP_NATURE_FORMATION_ID,PAR_PARCOURS_TYPE,PER_ALTERNANCE,DIP_SECTEUR_SISE_ID,DIP_NIVEAU_ACCES_ID,SYS_ARCHIVE,DIP_ECOLE_DOCTORALE_ID) values ('25619','9','code7352','Licence test syllabus',null,'4','4',to_date('19/03/15 17:22:31','DD/MM/RR HH24:MI:SS'),to_date('19/03/15 17:22:31','DD/MM/RR HH24:MI:SS'),null,null,null,null,null,null,null,null,null,null,null,null,null,null,'1',null,'833','72','21',null,null,null,null,'1',null,null,null,null,null,null,null,null,null,null,null,null,null,'2','0','0','7','1',null,null);
Insert into SCO_SCOLARITE.COMPOSANT (ID_COMPOSANT,TYPE_COMPOSANT_ID,CODE,LL_COMPOSANT,LC_COMPOSANT,PERS_ID_CREATION,PERS_ID_MODIFICATION,D_CREATION,D_MODIFICATION,TAG_APPLICATION,COMPOSANT_ORIGINE_ID,NO_CNU,AE_TYPE_ID,AE_BASE_NOTE,AE_SANS_NOTE,AE_EPREUVE,AE_DUREE_MIN,AE_DUREE_MAX,AP_TYPE_ID,AP_MODE_ID,AP_VALEUR_TEMPS_ETUDIANT,AP_SEUIL,DIP_SPECIALITE_ID,DIP_GRADE_UNIVERSITAIRE_ID,DIP_TYPE_ORGANISATION_ID,DIP_HABILITATION_ID,DIP_TYPE_FORMATION_ID,DIP_STATUT_FORMATION_ID,DIP_SISE_MESR,DIP_SISE_ETABLISSEMENT,DIP_DELIBERATION_SEMESTRIELLE,DIP_MENTION,DIP_HABILITATION_REQUISE,EC_LIBRE,PER_ORDRE,PER_ID_TYPE,REG_UE_CHOIX_ECTS,REG_UE_CHOIX_MIN,REG_UE_CHOIX_MAX,REG_UE_SANS_COMPOSANT,VDIP_ANNEE,VDIP_NUMERO_VERSION,VOCATION_ID,DIP_MENTION_ID,INFO_VERSION_ID,DIP_TYPE_VALIDATION_ID,DIP_NATURE_FORMATION_ID,PAR_PARCOURS_TYPE,PER_ALTERNANCE,DIP_SECTEUR_SISE_ID,DIP_NIVEAU_ACCES_ID,SYS_ARCHIVE,DIP_ECOLE_DOCTORALE_ID) values ('25624','4','code7353','UE 1 test syllabus',null,'4','4',to_date('19/03/15 17:25:43','DD/MM/RR HH24:MI:SS'),to_date('19/03/15 17:25:43','DD/MM/RR HH24:MI:SS'),null,null,null,null,null,null,null,null,null,null,null,null,null,null,null,null,null,null,null,null,null,null,null,null,null,null,null,null,null,null,'0',null,null,null,null,'24322',null,null,'0','0',null,null,null,null);
Insert into SCO_SCOLARITE.COMPOSANT (ID_COMPOSANT,TYPE_COMPOSANT_ID,CODE,LL_COMPOSANT,LC_COMPOSANT,PERS_ID_CREATION,PERS_ID_MODIFICATION,D_CREATION,D_MODIFICATION,TAG_APPLICATION,COMPOSANT_ORIGINE_ID,NO_CNU,AE_TYPE_ID,AE_BASE_NOTE,AE_SANS_NOTE,AE_EPREUVE,AE_DUREE_MIN,AE_DUREE_MAX,AP_TYPE_ID,AP_MODE_ID,AP_VALEUR_TEMPS_ETUDIANT,AP_SEUIL,DIP_SPECIALITE_ID,DIP_GRADE_UNIVERSITAIRE_ID,DIP_TYPE_ORGANISATION_ID,DIP_HABILITATION_ID,DIP_TYPE_FORMATION_ID,DIP_STATUT_FORMATION_ID,DIP_SISE_MESR,DIP_SISE_ETABLISSEMENT,DIP_DELIBERATION_SEMESTRIELLE,DIP_MENTION,DIP_HABILITATION_REQUISE,EC_LIBRE,PER_ORDRE,PER_ID_TYPE,REG_UE_CHOIX_ECTS,REG_UE_CHOIX_MIN,REG_UE_CHOIX_MAX,REG_UE_SANS_COMPOSANT,VDIP_ANNEE,VDIP_NUMERO_VERSION,VOCATION_ID,DIP_MENTION_ID,INFO_VERSION_ID,DIP_TYPE_VALIDATION_ID,DIP_NATURE_FORMATION_ID,PAR_PARCOURS_TYPE,PER_ALTERNANCE,DIP_SECTEUR_SISE_ID,DIP_NIVEAU_ACCES_ID,SYS_ARCHIVE,DIP_ECOLE_DOCTORALE_ID) values ('25632','1','codeAE_3eb2f8da-bc23-4772-ae23-a96fffc0f2da','EC 1 test syllabus',null,'4','4',to_date('19/03/15 17:28:02','DD/MM/RR HH24:MI:SS'),to_date('19/03/15 17:28:02','DD/MM/RR HH24:MI:SS'),null,null,null,'3',null,'0','1',null,null,null,null,null,null,null,null,null,null,null,null,null,null,null,null,null,null,null,null,null,null,null,null,null,null,null,null,'24325',null,null,'0','0',null,null,null,null);
Insert into SCO_SCOLARITE.COMPOSANT (ID_COMPOSANT,TYPE_COMPOSANT_ID,CODE,LL_COMPOSANT,LC_COMPOSANT,PERS_ID_CREATION,PERS_ID_MODIFICATION,D_CREATION,D_MODIFICATION,TAG_APPLICATION,COMPOSANT_ORIGINE_ID,NO_CNU,AE_TYPE_ID,AE_BASE_NOTE,AE_SANS_NOTE,AE_EPREUVE,AE_DUREE_MIN,AE_DUREE_MAX,AP_TYPE_ID,AP_MODE_ID,AP_VALEUR_TEMPS_ETUDIANT,AP_SEUIL,DIP_SPECIALITE_ID,DIP_GRADE_UNIVERSITAIRE_ID,DIP_TYPE_ORGANISATION_ID,DIP_HABILITATION_ID,DIP_TYPE_FORMATION_ID,DIP_STATUT_FORMATION_ID,DIP_SISE_MESR,DIP_SISE_ETABLISSEMENT,DIP_DELIBERATION_SEMESTRIELLE,DIP_MENTION,DIP_HABILITATION_REQUISE,EC_LIBRE,PER_ORDRE,PER_ID_TYPE,REG_UE_CHOIX_ECTS,REG_UE_CHOIX_MIN,REG_UE_CHOIX_MAX,REG_UE_SANS_COMPOSANT,VDIP_ANNEE,VDIP_NUMERO_VERSION,VOCATION_ID,DIP_MENTION_ID,INFO_VERSION_ID,DIP_TYPE_VALIDATION_ID,DIP_NATURE_FORMATION_ID,PAR_PARCOURS_TYPE,PER_ALTERNANCE,DIP_SECTEUR_SISE_ID,DIP_NIVEAU_ACCES_ID,SYS_ARCHIVE,DIP_ECOLE_DOCTORALE_ID) values ('25629','1','codeAE_dd731167-ec8c-4671-be03-bfbbd4c97488','EC 1 test syllabus',null,'4','4',to_date('19/03/15 17:28:02','DD/MM/RR HH24:MI:SS'),to_date('19/03/15 17:28:02','DD/MM/RR HH24:MI:SS'),null,null,null,'2',null,'0','1',null,null,null,null,null,null,null,null,null,null,null,null,null,null,null,null,null,null,null,null,null,null,null,null,null,null,null,null,'24327',null,null,'0','0',null,null,null,null);
Insert into SCO_SCOLARITE.COMPOSANT (ID_COMPOSANT,TYPE_COMPOSANT_ID,CODE,LL_COMPOSANT,LC_COMPOSANT,PERS_ID_CREATION,PERS_ID_MODIFICATION,D_CREATION,D_MODIFICATION,TAG_APPLICATION,COMPOSANT_ORIGINE_ID,NO_CNU,AE_TYPE_ID,AE_BASE_NOTE,AE_SANS_NOTE,AE_EPREUVE,AE_DUREE_MIN,AE_DUREE_MAX,AP_TYPE_ID,AP_MODE_ID,AP_VALEUR_TEMPS_ETUDIANT,AP_SEUIL,DIP_SPECIALITE_ID,DIP_GRADE_UNIVERSITAIRE_ID,DIP_TYPE_ORGANISATION_ID,DIP_HABILITATION_ID,DIP_TYPE_FORMATION_ID,DIP_STATUT_FORMATION_ID,DIP_SISE_MESR,DIP_SISE_ETABLISSEMENT,DIP_DELIBERATION_SEMESTRIELLE,DIP_MENTION,DIP_HABILITATION_REQUISE,EC_LIBRE,PER_ORDRE,PER_ID_TYPE,REG_UE_CHOIX_ECTS,REG_UE_CHOIX_MIN,REG_UE_CHOIX_MAX,REG_UE_SANS_COMPOSANT,VDIP_ANNEE,VDIP_NUMERO_VERSION,VOCATION_ID,DIP_MENTION_ID,INFO_VERSION_ID,DIP_TYPE_VALIDATION_ID,DIP_NATURE_FORMATION_ID,PAR_PARCOURS_TYPE,PER_ALTERNANCE,DIP_SECTEUR_SISE_ID,DIP_NIVEAU_ACCES_ID,SYS_ARCHIVE,DIP_ECOLE_DOCTORALE_ID) values ('25631','1','codeAE_6c76e102-5a84-4975-a21b-9c2e452a007c','EC 1 test syllabus',null,'4','4',to_date('19/03/15 17:28:02','DD/MM/RR HH24:MI:SS'),to_date('19/03/15 17:28:02','DD/MM/RR HH24:MI:SS'),null,null,null,'4',null,'0','1',null,null,null,null,null,null,null,null,null,null,null,null,null,null,null,null,null,null,null,null,null,null,null,null,null,null,null,null,'24326',null,null,'0','0',null,null,null,null);
Insert into SCO_SCOLARITE.COMPOSANT (ID_COMPOSANT,TYPE_COMPOSANT_ID,CODE,LL_COMPOSANT,LC_COMPOSANT,PERS_ID_CREATION,PERS_ID_MODIFICATION,D_CREATION,D_MODIFICATION,TAG_APPLICATION,COMPOSANT_ORIGINE_ID,NO_CNU,AE_TYPE_ID,AE_BASE_NOTE,AE_SANS_NOTE,AE_EPREUVE,AE_DUREE_MIN,AE_DUREE_MAX,AP_TYPE_ID,AP_MODE_ID,AP_VALEUR_TEMPS_ETUDIANT,AP_SEUIL,DIP_SPECIALITE_ID,DIP_GRADE_UNIVERSITAIRE_ID,DIP_TYPE_ORGANISATION_ID,DIP_HABILITATION_ID,DIP_TYPE_FORMATION_ID,DIP_STATUT_FORMATION_ID,DIP_SISE_MESR,DIP_SISE_ETABLISSEMENT,DIP_DELIBERATION_SEMESTRIELLE,DIP_MENTION,DIP_HABILITATION_REQUISE,EC_LIBRE,PER_ORDRE,PER_ID_TYPE,REG_UE_CHOIX_ECTS,REG_UE_CHOIX_MIN,REG_UE_CHOIX_MAX,REG_UE_SANS_COMPOSANT,VDIP_ANNEE,VDIP_NUMERO_VERSION,VOCATION_ID,DIP_MENTION_ID,INFO_VERSION_ID,DIP_TYPE_VALIDATION_ID,DIP_NATURE_FORMATION_ID,PAR_PARCOURS_TYPE,PER_ALTERNANCE,DIP_SECTEUR_SISE_ID,DIP_NIVEAU_ACCES_ID,SYS_ARCHIVE,DIP_ECOLE_DOCTORALE_ID) values ('25625','3','code7354','EC 1 test syllabus',null,'4','4',to_date('19/03/15 17:27:51','DD/MM/RR HH24:MI:SS'),to_date('19/03/15 17:27:51','DD/MM/RR HH24:MI:SS'),null,null,null,null,null,null,null,null,null,null,null,null,null,null,null,null,null,null,null,null,null,null,null,null,'0',null,null,null,null,null,null,null,null,null,null,'24323',null,null,'0','0',null,null,null,null);
Insert into SCO_SCOLARITE.COMPOSANT (ID_COMPOSANT,TYPE_COMPOSANT_ID,CODE,LL_COMPOSANT,LC_COMPOSANT,PERS_ID_CREATION,PERS_ID_MODIFICATION,D_CREATION,D_MODIFICATION,TAG_APPLICATION,COMPOSANT_ORIGINE_ID,NO_CNU,AE_TYPE_ID,AE_BASE_NOTE,AE_SANS_NOTE,AE_EPREUVE,AE_DUREE_MIN,AE_DUREE_MAX,AP_TYPE_ID,AP_MODE_ID,AP_VALEUR_TEMPS_ETUDIANT,AP_SEUIL,DIP_SPECIALITE_ID,DIP_GRADE_UNIVERSITAIRE_ID,DIP_TYPE_ORGANISATION_ID,DIP_HABILITATION_ID,DIP_TYPE_FORMATION_ID,DIP_STATUT_FORMATION_ID,DIP_SISE_MESR,DIP_SISE_ETABLISSEMENT,DIP_DELIBERATION_SEMESTRIELLE,DIP_MENTION,DIP_HABILITATION_REQUISE,EC_LIBRE,PER_ORDRE,PER_ID_TYPE,REG_UE_CHOIX_ECTS,REG_UE_CHOIX_MIN,REG_UE_CHOIX_MAX,REG_UE_SANS_COMPOSANT,VDIP_ANNEE,VDIP_NUMERO_VERSION,VOCATION_ID,DIP_MENTION_ID,INFO_VERSION_ID,DIP_TYPE_VALIDATION_ID,DIP_NATURE_FORMATION_ID,PAR_PARCOURS_TYPE,PER_ALTERNANCE,DIP_SECTEUR_SISE_ID,DIP_NIVEAU_ACCES_ID,SYS_ARCHIVE,DIP_ECOLE_DOCTORALE_ID) values ('25627','2','codeAP_9ea955df-609b-4927-8323-f582629222b0','EC 1 test syllabus',null,'4','4',to_date('19/03/15 17:28:02','DD/MM/RR HH24:MI:SS'),to_date('19/03/15 17:28:02','DD/MM/RR HH24:MI:SS'),null,null,null,null,null,null,null,null,null,'2','1',null,null,null,null,null,null,null,null,null,null,null,null,null,null,null,null,null,null,null,null,null,null,null,null,'24328',null,null,'0','0',null,null,null,null);
Insert into SCO_SCOLARITE.COMPOSANT (ID_COMPOSANT,TYPE_COMPOSANT_ID,CODE,LL_COMPOSANT,LC_COMPOSANT,PERS_ID_CREATION,PERS_ID_MODIFICATION,D_CREATION,D_MODIFICATION,TAG_APPLICATION,COMPOSANT_ORIGINE_ID,NO_CNU,AE_TYPE_ID,AE_BASE_NOTE,AE_SANS_NOTE,AE_EPREUVE,AE_DUREE_MIN,AE_DUREE_MAX,AP_TYPE_ID,AP_MODE_ID,AP_VALEUR_TEMPS_ETUDIANT,AP_SEUIL,DIP_SPECIALITE_ID,DIP_GRADE_UNIVERSITAIRE_ID,DIP_TYPE_ORGANISATION_ID,DIP_HABILITATION_ID,DIP_TYPE_FORMATION_ID,DIP_STATUT_FORMATION_ID,DIP_SISE_MESR,DIP_SISE_ETABLISSEMENT,DIP_DELIBERATION_SEMESTRIELLE,DIP_MENTION,DIP_HABILITATION_REQUISE,EC_LIBRE,PER_ORDRE,PER_ID_TYPE,REG_UE_CHOIX_ECTS,REG_UE_CHOIX_MIN,REG_UE_CHOIX_MAX,REG_UE_SANS_COMPOSANT,VDIP_ANNEE,VDIP_NUMERO_VERSION,VOCATION_ID,DIP_MENTION_ID,INFO_VERSION_ID,DIP_TYPE_VALIDATION_ID,DIP_NATURE_FORMATION_ID,PAR_PARCOURS_TYPE,PER_ALTERNANCE,DIP_SECTEUR_SISE_ID,DIP_NIVEAU_ACCES_ID,SYS_ARCHIVE,DIP_ECOLE_DOCTORALE_ID) values ('25623','7','Licence 3 du diplôme v 2014 - code7352 ','Licence 3',null,'4','4',to_date('19/03/15 17:23:45','DD/MM/RR HH24:MI:SS'),to_date('19/03/15 17:23:45','DD/MM/RR HH24:MI:SS'),null,null,null,null,null,null,null,null,null,null,null,null,null,null,null,null,null,null,null,null,null,null,null,null,null,'3','1',null,null,null,null,null,null,null,null,'24321',null,null,'0','0',null,null,null,null);
Insert into SCO_SCOLARITE.COMPOSANT (ID_COMPOSANT,TYPE_COMPOSANT_ID,CODE,LL_COMPOSANT,LC_COMPOSANT,PERS_ID_CREATION,PERS_ID_MODIFICATION,D_CREATION,D_MODIFICATION,TAG_APPLICATION,COMPOSANT_ORIGINE_ID,NO_CNU,AE_TYPE_ID,AE_BASE_NOTE,AE_SANS_NOTE,AE_EPREUVE,AE_DUREE_MIN,AE_DUREE_MAX,AP_TYPE_ID,AP_MODE_ID,AP_VALEUR_TEMPS_ETUDIANT,AP_SEUIL,DIP_SPECIALITE_ID,DIP_GRADE_UNIVERSITAIRE_ID,DIP_TYPE_ORGANISATION_ID,DIP_HABILITATION_ID,DIP_TYPE_FORMATION_ID,DIP_STATUT_FORMATION_ID,DIP_SISE_MESR,DIP_SISE_ETABLISSEMENT,DIP_DELIBERATION_SEMESTRIELLE,DIP_MENTION,DIP_HABILITATION_REQUISE,EC_LIBRE,PER_ORDRE,PER_ID_TYPE,REG_UE_CHOIX_ECTS,REG_UE_CHOIX_MIN,REG_UE_CHOIX_MAX,REG_UE_SANS_COMPOSANT,VDIP_ANNEE,VDIP_NUMERO_VERSION,VOCATION_ID,DIP_MENTION_ID,INFO_VERSION_ID,DIP_TYPE_VALIDATION_ID,DIP_NATURE_FORMATION_ID,PAR_PARCOURS_TYPE,PER_ALTERNANCE,DIP_SECTEUR_SISE_ID,DIP_NIVEAU_ACCES_ID,SYS_ARCHIVE,DIP_ECOLE_DOCTORALE_ID) values ('25622','8','v 2014 - code7352','La version 2014 du diplôme code7352',null,'4','4',to_date('19/03/15 17:23:44','DD/MM/RR HH24:MI:SS'),to_date('19/03/15 17:23:44','DD/MM/RR HH24:MI:SS'),null,null,null,null,null,null,null,null,null,null,null,null,null,null,null,null,null,null,null,null,null,null,null,null,null,null,null,null,null,null,null,'2014',null,null,null,'24320',null,null,'0','0',null,null,null,null);
Insert into SCO_SCOLARITE.COMPOSANT (ID_COMPOSANT,TYPE_COMPOSANT_ID,CODE,LL_COMPOSANT,LC_COMPOSANT,PERS_ID_CREATION,PERS_ID_MODIFICATION,D_CREATION,D_MODIFICATION,TAG_APPLICATION,COMPOSANT_ORIGINE_ID,NO_CNU,AE_TYPE_ID,AE_BASE_NOTE,AE_SANS_NOTE,AE_EPREUVE,AE_DUREE_MIN,AE_DUREE_MAX,AP_TYPE_ID,AP_MODE_ID,AP_VALEUR_TEMPS_ETUDIANT,AP_SEUIL,DIP_SPECIALITE_ID,DIP_GRADE_UNIVERSITAIRE_ID,DIP_TYPE_ORGANISATION_ID,DIP_HABILITATION_ID,DIP_TYPE_FORMATION_ID,DIP_STATUT_FORMATION_ID,DIP_SISE_MESR,DIP_SISE_ETABLISSEMENT,DIP_DELIBERATION_SEMESTRIELLE,DIP_MENTION,DIP_HABILITATION_REQUISE,EC_LIBRE,PER_ORDRE,PER_ID_TYPE,REG_UE_CHOIX_ECTS,REG_UE_CHOIX_MIN,REG_UE_CHOIX_MAX,REG_UE_SANS_COMPOSANT,VDIP_ANNEE,VDIP_NUMERO_VERSION,VOCATION_ID,DIP_MENTION_ID,INFO_VERSION_ID,DIP_TYPE_VALIDATION_ID,DIP_NATURE_FORMATION_ID,PAR_PARCOURS_TYPE,PER_ALTERNANCE,DIP_SECTEUR_SISE_ID,DIP_NIVEAU_ACCES_ID,SYS_ARCHIVE,DIP_ECOLE_DOCTORALE_ID) values ('25620','7','Licence 2 du diplôme v 2014 - code7352 ','Licence 2',null,'4','4',to_date('19/03/15 17:23:45','DD/MM/RR HH24:MI:SS'),to_date('19/03/15 17:23:45','DD/MM/RR HH24:MI:SS'),null,null,null,null,null,null,null,null,null,null,null,null,null,null,null,null,null,null,null,null,null,null,null,null,null,'2','1',null,null,null,null,null,null,null,null,'24319',null,null,'0','0',null,null,null,null);
Insert into SCO_SCOLARITE.COMPOSANT (ID_COMPOSANT,TYPE_COMPOSANT_ID,CODE,LL_COMPOSANT,LC_COMPOSANT,PERS_ID_CREATION,PERS_ID_MODIFICATION,D_CREATION,D_MODIFICATION,TAG_APPLICATION,COMPOSANT_ORIGINE_ID,NO_CNU,AE_TYPE_ID,AE_BASE_NOTE,AE_SANS_NOTE,AE_EPREUVE,AE_DUREE_MIN,AE_DUREE_MAX,AP_TYPE_ID,AP_MODE_ID,AP_VALEUR_TEMPS_ETUDIANT,AP_SEUIL,DIP_SPECIALITE_ID,DIP_GRADE_UNIVERSITAIRE_ID,DIP_TYPE_ORGANISATION_ID,DIP_HABILITATION_ID,DIP_TYPE_FORMATION_ID,DIP_STATUT_FORMATION_ID,DIP_SISE_MESR,DIP_SISE_ETABLISSEMENT,DIP_DELIBERATION_SEMESTRIELLE,DIP_MENTION,DIP_HABILITATION_REQUISE,EC_LIBRE,PER_ORDRE,PER_ID_TYPE,REG_UE_CHOIX_ECTS,REG_UE_CHOIX_MIN,REG_UE_CHOIX_MAX,REG_UE_SANS_COMPOSANT,VDIP_ANNEE,VDIP_NUMERO_VERSION,VOCATION_ID,DIP_MENTION_ID,INFO_VERSION_ID,DIP_TYPE_VALIDATION_ID,DIP_NATURE_FORMATION_ID,PAR_PARCOURS_TYPE,PER_ALTERNANCE,DIP_SECTEUR_SISE_ID,DIP_NIVEAU_ACCES_ID,SYS_ARCHIVE,DIP_ECOLE_DOCTORALE_ID) values ('25621','7','Licence 1 du diplôme v 2014 - code7352 ','Licence 1',null,'4','4',to_date('19/03/15 17:23:44','DD/MM/RR HH24:MI:SS'),to_date('19/03/15 17:23:44','DD/MM/RR HH24:MI:SS'),null,null,null,null,null,null,null,null,null,null,null,null,null,null,null,null,null,null,null,null,null,null,null,null,null,'1','1',null,null,null,null,null,null,null,null,'24318',null,null,'0','0',null,null,null,null);
Insert into SCO_SCOLARITE.COMPOSANT (ID_COMPOSANT,TYPE_COMPOSANT_ID,CODE,LL_COMPOSANT,LC_COMPOSANT,PERS_ID_CREATION,PERS_ID_MODIFICATION,D_CREATION,D_MODIFICATION,TAG_APPLICATION,COMPOSANT_ORIGINE_ID,NO_CNU,AE_TYPE_ID,AE_BASE_NOTE,AE_SANS_NOTE,AE_EPREUVE,AE_DUREE_MIN,AE_DUREE_MAX,AP_TYPE_ID,AP_MODE_ID,AP_VALEUR_TEMPS_ETUDIANT,AP_SEUIL,DIP_SPECIALITE_ID,DIP_GRADE_UNIVERSITAIRE_ID,DIP_TYPE_ORGANISATION_ID,DIP_HABILITATION_ID,DIP_TYPE_FORMATION_ID,DIP_STATUT_FORMATION_ID,DIP_SISE_MESR,DIP_SISE_ETABLISSEMENT,DIP_DELIBERATION_SEMESTRIELLE,DIP_MENTION,DIP_HABILITATION_REQUISE,EC_LIBRE,PER_ORDRE,PER_ID_TYPE,REG_UE_CHOIX_ECTS,REG_UE_CHOIX_MIN,REG_UE_CHOIX_MAX,REG_UE_SANS_COMPOSANT,VDIP_ANNEE,VDIP_NUMERO_VERSION,VOCATION_ID,DIP_MENTION_ID,INFO_VERSION_ID,DIP_TYPE_VALIDATION_ID,DIP_NATURE_FORMATION_ID,PAR_PARCOURS_TYPE,PER_ALTERNANCE,DIP_SECTEUR_SISE_ID,DIP_NIVEAU_ACCES_ID,SYS_ARCHIVE,DIP_ECOLE_DOCTORALE_ID) values ('25626','1','codeAE_27df3e84-f29f-46b6-ada5-255045bbad32','EC 1 test syllabus',null,'4','4',to_date('19/03/15 17:28:02','DD/MM/RR HH24:MI:SS'),to_date('19/03/15 17:28:02','DD/MM/RR HH24:MI:SS'),null,null,null,'1',null,'0','1',null,null,null,null,null,null,null,null,null,null,null,null,null,null,null,null,null,null,null,null,null,null,null,null,null,null,null,null,'24324',null,null,'0','0',null,null,null,null);
Insert into SCO_SCOLARITE.COMPOSANT (ID_COMPOSANT,TYPE_COMPOSANT_ID,CODE,LL_COMPOSANT,LC_COMPOSANT,PERS_ID_CREATION,PERS_ID_MODIFICATION,D_CREATION,D_MODIFICATION,TAG_APPLICATION,COMPOSANT_ORIGINE_ID,NO_CNU,AE_TYPE_ID,AE_BASE_NOTE,AE_SANS_NOTE,AE_EPREUVE,AE_DUREE_MIN,AE_DUREE_MAX,AP_TYPE_ID,AP_MODE_ID,AP_VALEUR_TEMPS_ETUDIANT,AP_SEUIL,DIP_SPECIALITE_ID,DIP_GRADE_UNIVERSITAIRE_ID,DIP_TYPE_ORGANISATION_ID,DIP_HABILITATION_ID,DIP_TYPE_FORMATION_ID,DIP_STATUT_FORMATION_ID,DIP_SISE_MESR,DIP_SISE_ETABLISSEMENT,DIP_DELIBERATION_SEMESTRIELLE,DIP_MENTION,DIP_HABILITATION_REQUISE,EC_LIBRE,PER_ORDRE,PER_ID_TYPE,REG_UE_CHOIX_ECTS,REG_UE_CHOIX_MIN,REG_UE_CHOIX_MAX,REG_UE_SANS_COMPOSANT,VDIP_ANNEE,VDIP_NUMERO_VERSION,VOCATION_ID,DIP_MENTION_ID,INFO_VERSION_ID,DIP_TYPE_VALIDATION_ID,DIP_NATURE_FORMATION_ID,PAR_PARCOURS_TYPE,PER_ALTERNANCE,DIP_SECTEUR_SISE_ID,DIP_NIVEAU_ACCES_ID,SYS_ARCHIVE,DIP_ECOLE_DOCTORALE_ID) values ('25628','2','codeAP_e53b0380-2013-4bc3-998a-f2e086fc6dc0','EC 1 test syllabus',null,'4','4',to_date('19/03/15 17:28:02','DD/MM/RR HH24:MI:SS'),to_date('19/03/15 17:28:02','DD/MM/RR HH24:MI:SS'),null,null,null,null,null,null,null,null,null,'3','1',null,null,null,null,null,null,null,null,null,null,null,null,null,null,null,null,null,null,null,null,null,null,null,null,'24329',null,null,'0','0',null,null,null,null);
Insert into SCO_SCOLARITE.COMPOSANT (ID_COMPOSANT,TYPE_COMPOSANT_ID,CODE,LL_COMPOSANT,LC_COMPOSANT,PERS_ID_CREATION,PERS_ID_MODIFICATION,D_CREATION,D_MODIFICATION,TAG_APPLICATION,COMPOSANT_ORIGINE_ID,NO_CNU,AE_TYPE_ID,AE_BASE_NOTE,AE_SANS_NOTE,AE_EPREUVE,AE_DUREE_MIN,AE_DUREE_MAX,AP_TYPE_ID,AP_MODE_ID,AP_VALEUR_TEMPS_ETUDIANT,AP_SEUIL,DIP_SPECIALITE_ID,DIP_GRADE_UNIVERSITAIRE_ID,DIP_TYPE_ORGANISATION_ID,DIP_HABILITATION_ID,DIP_TYPE_FORMATION_ID,DIP_STATUT_FORMATION_ID,DIP_SISE_MESR,DIP_SISE_ETABLISSEMENT,DIP_DELIBERATION_SEMESTRIELLE,DIP_MENTION,DIP_HABILITATION_REQUISE,EC_LIBRE,PER_ORDRE,PER_ID_TYPE,REG_UE_CHOIX_ECTS,REG_UE_CHOIX_MIN,REG_UE_CHOIX_MAX,REG_UE_SANS_COMPOSANT,VDIP_ANNEE,VDIP_NUMERO_VERSION,VOCATION_ID,DIP_MENTION_ID,INFO_VERSION_ID,DIP_TYPE_VALIDATION_ID,DIP_NATURE_FORMATION_ID,PAR_PARCOURS_TYPE,PER_ALTERNANCE,DIP_SECTEUR_SISE_ID,DIP_NIVEAU_ACCES_ID,SYS_ARCHIVE,DIP_ECOLE_DOCTORALE_ID) values ('25630','2','codeAP_908465f3-ede1-4a4a-959a-875cd5d46cc1','EC 1 test syllabus',null,'4','4',to_date('19/03/15 17:28:02','DD/MM/RR HH24:MI:SS'),to_date('19/03/15 17:28:02','DD/MM/RR HH24:MI:SS'),null,null,null,null,null,null,null,null,null,'1','1',null,null,null,null,null,null,null,null,null,null,null,null,null,null,null,null,null,null,null,null,null,null,null,null,'24330',null,null,'0','0',null,null,null,null);

-- Insertion des liens
Insert into SCO_SCOLARITE.LIEN (ID_LIEN,PARENT_ID,CHILD_ID,TYPE_LIEN_ID,ORDRE,LCO_OBLIGATOIRE,LCO_COEFFICIENT,LCO_CHOIX_ECTS,LCO_CHOIX_MIN,LCO_CHOIX_MAX,LCO_SANS_COMPOSANT,LCO_VALEUR_TEMPS_ETUDIANT,LCO_SEUIL,LCO_BASE_NOTE,LCO_SANS_NOTE,LCO_EPREUVE,LCO_DUREE_MIN,LCO_DUREE_MAX) values ('18561','25625','25628','1','3','0',null,null,null,null,null,null,null,null,null,null,null,null);
Insert into SCO_SCOLARITE.LIEN (ID_LIEN,PARENT_ID,CHILD_ID,TYPE_LIEN_ID,ORDRE,LCO_OBLIGATOIRE,LCO_COEFFICIENT,LCO_CHOIX_ECTS,LCO_CHOIX_MIN,LCO_CHOIX_MAX,LCO_SANS_COMPOSANT,LCO_VALEUR_TEMPS_ETUDIANT,LCO_SEUIL,LCO_BASE_NOTE,LCO_SANS_NOTE,LCO_EPREUVE,LCO_DUREE_MIN,LCO_DUREE_MAX) values ('18559','25625','25629','1','3','0',null,null,null,null,null,null,null,null,null,null,null,null);
Insert into SCO_SCOLARITE.LIEN (ID_LIEN,PARENT_ID,CHILD_ID,TYPE_LIEN_ID,ORDRE,LCO_OBLIGATOIRE,LCO_COEFFICIENT,LCO_CHOIX_ECTS,LCO_CHOIX_MIN,LCO_CHOIX_MAX,LCO_SANS_COMPOSANT,LCO_VALEUR_TEMPS_ETUDIANT,LCO_SEUIL,LCO_BASE_NOTE,LCO_SANS_NOTE,LCO_EPREUVE,LCO_DUREE_MIN,LCO_DUREE_MAX) values ('18557','25625','25631','1','1','0',null,null,null,null,null,null,null,null,null,null,null,null);
Insert into SCO_SCOLARITE.LIEN (ID_LIEN,PARENT_ID,CHILD_ID,TYPE_LIEN_ID,ORDRE,LCO_OBLIGATOIRE,LCO_COEFFICIENT,LCO_CHOIX_ECTS,LCO_CHOIX_MIN,LCO_CHOIX_MAX,LCO_SANS_COMPOSANT,LCO_VALEUR_TEMPS_ETUDIANT,LCO_SEUIL,LCO_BASE_NOTE,LCO_SANS_NOTE,LCO_EPREUVE,LCO_DUREE_MIN,LCO_DUREE_MAX) values ('18554','25621','25624','1','1','0',null,null,null,null,null,null,null,null,null,null,null,null);
Insert into SCO_SCOLARITE.LIEN (ID_LIEN,PARENT_ID,CHILD_ID,TYPE_LIEN_ID,ORDRE,LCO_OBLIGATOIRE,LCO_COEFFICIENT,LCO_CHOIX_ECTS,LCO_CHOIX_MIN,LCO_CHOIX_MAX,LCO_SANS_COMPOSANT,LCO_VALEUR_TEMPS_ETUDIANT,LCO_SEUIL,LCO_BASE_NOTE,LCO_SANS_NOTE,LCO_EPREUVE,LCO_DUREE_MIN,LCO_DUREE_MAX) values ('18553','25622','25620','1','2','0',null,null,null,null,null,null,null,null,null,null,null,null);
Insert into SCO_SCOLARITE.LIEN (ID_LIEN,PARENT_ID,CHILD_ID,TYPE_LIEN_ID,ORDRE,LCO_OBLIGATOIRE,LCO_COEFFICIENT,LCO_CHOIX_ECTS,LCO_CHOIX_MIN,LCO_CHOIX_MAX,LCO_SANS_COMPOSANT,LCO_VALEUR_TEMPS_ETUDIANT,LCO_SEUIL,LCO_BASE_NOTE,LCO_SANS_NOTE,LCO_EPREUVE,LCO_DUREE_MIN,LCO_DUREE_MAX) values ('18550','25622','25621','1','1','0',null,null,null,null,null,null,null,null,null,null,null,null);
Insert into SCO_SCOLARITE.LIEN (ID_LIEN,PARENT_ID,CHILD_ID,TYPE_LIEN_ID,ORDRE,LCO_OBLIGATOIRE,LCO_COEFFICIENT,LCO_CHOIX_ECTS,LCO_CHOIX_MIN,LCO_CHOIX_MAX,LCO_SANS_COMPOSANT,LCO_VALEUR_TEMPS_ETUDIANT,LCO_SEUIL,LCO_BASE_NOTE,LCO_SANS_NOTE,LCO_EPREUVE,LCO_DUREE_MIN,LCO_DUREE_MAX) values ('18556','25625','25626','1','4','0',null,null,null,null,null,null,null,null,null,null,null,null);
Insert into SCO_SCOLARITE.LIEN (ID_LIEN,PARENT_ID,CHILD_ID,TYPE_LIEN_ID,ORDRE,LCO_OBLIGATOIRE,LCO_COEFFICIENT,LCO_CHOIX_ECTS,LCO_CHOIX_MIN,LCO_CHOIX_MAX,LCO_SANS_COMPOSANT,LCO_VALEUR_TEMPS_ETUDIANT,LCO_SEUIL,LCO_BASE_NOTE,LCO_SANS_NOTE,LCO_EPREUVE,LCO_DUREE_MIN,LCO_DUREE_MAX) values ('18562','25625','25627','1','2','0',null,null,null,null,null,null,null,null,null,null,null,null);
Insert into SCO_SCOLARITE.LIEN (ID_LIEN,PARENT_ID,CHILD_ID,TYPE_LIEN_ID,ORDRE,LCO_OBLIGATOIRE,LCO_COEFFICIENT,LCO_CHOIX_ECTS,LCO_CHOIX_MIN,LCO_CHOIX_MAX,LCO_SANS_COMPOSANT,LCO_VALEUR_TEMPS_ETUDIANT,LCO_SEUIL,LCO_BASE_NOTE,LCO_SANS_NOTE,LCO_EPREUVE,LCO_DUREE_MIN,LCO_DUREE_MAX) values ('18558','25625','25630','1','1','0',null,null,null,null,null,null,null,null,null,null,null,null);
Insert into SCO_SCOLARITE.LIEN (ID_LIEN,PARENT_ID,CHILD_ID,TYPE_LIEN_ID,ORDRE,LCO_OBLIGATOIRE,LCO_COEFFICIENT,LCO_CHOIX_ECTS,LCO_CHOIX_MIN,LCO_CHOIX_MAX,LCO_SANS_COMPOSANT,LCO_VALEUR_TEMPS_ETUDIANT,LCO_SEUIL,LCO_BASE_NOTE,LCO_SANS_NOTE,LCO_EPREUVE,LCO_DUREE_MIN,LCO_DUREE_MAX) values ('18560','25625','25632','1','2','0',null,null,null,null,null,null,null,null,null,null,null,null);
Insert into SCO_SCOLARITE.LIEN (ID_LIEN,PARENT_ID,CHILD_ID,TYPE_LIEN_ID,ORDRE,LCO_OBLIGATOIRE,LCO_COEFFICIENT,LCO_CHOIX_ECTS,LCO_CHOIX_MIN,LCO_CHOIX_MAX,LCO_SANS_COMPOSANT,LCO_VALEUR_TEMPS_ETUDIANT,LCO_SEUIL,LCO_BASE_NOTE,LCO_SANS_NOTE,LCO_EPREUVE,LCO_DUREE_MIN,LCO_DUREE_MAX) values ('18552','25619','25622','2','1','0',null,null,null,null,'0',null,null,null,'0','0',null,null);
Insert into SCO_SCOLARITE.LIEN (ID_LIEN,PARENT_ID,CHILD_ID,TYPE_LIEN_ID,ORDRE,LCO_OBLIGATOIRE,LCO_COEFFICIENT,LCO_CHOIX_ECTS,LCO_CHOIX_MIN,LCO_CHOIX_MAX,LCO_SANS_COMPOSANT,LCO_VALEUR_TEMPS_ETUDIANT,LCO_SEUIL,LCO_BASE_NOTE,LCO_SANS_NOTE,LCO_EPREUVE,LCO_DUREE_MIN,LCO_DUREE_MAX) values ('18555','25624','25625','1','1','0',null,null,null,null,null,null,null,null,null,null,null,null);
Insert into SCO_SCOLARITE.LIEN (ID_LIEN,PARENT_ID,CHILD_ID,TYPE_LIEN_ID,ORDRE,LCO_OBLIGATOIRE,LCO_COEFFICIENT,LCO_CHOIX_ECTS,LCO_CHOIX_MIN,LCO_CHOIX_MAX,LCO_SANS_COMPOSANT,LCO_VALEUR_TEMPS_ETUDIANT,LCO_SEUIL,LCO_BASE_NOTE,LCO_SANS_NOTE,LCO_EPREUVE,LCO_DUREE_MIN,LCO_DUREE_MAX) values ('18551','25622','25623','1','3','0',null,null,null,null,null,null,null,null,null,null,null,null);

-- Insertion des syllabus
Insert into SCO_SCOLARITE.DESCRIPTIF (ID_DESCRIPTIF,COMPOSANT_ID,LIBELLE,DESTINATION_ID,ANNEE,VERSION_DESCRIPTIF) values ('91','25619','En cours de création','1',to_date('19/03/15 17:29:02','DD/MM/RR HH24:MI:SS'),'v 0.1');
Insert into SCO_SCOLARITE.DESCRIPTIF (ID_DESCRIPTIF,COMPOSANT_ID,LIBELLE,DESTINATION_ID,ANNEE,VERSION_DESCRIPTIF) values ('92','25619','En cours de création','1',to_date('19/03/15 17:29:15','DD/MM/RR HH24:MI:SS'),'v 0.2');
Insert into SCO_SCOLARITE.DESCRIPTIF (ID_DESCRIPTIF,COMPOSANT_ID,LIBELLE,DESTINATION_ID,ANNEE,VERSION_DESCRIPTIF) values ('89','25619','En cours de création','2',to_date('19/03/15 17:28:20','DD/MM/RR HH24:MI:SS'),'v 0.1');
Insert into SCO_SCOLARITE.DESCRIPTIF (ID_DESCRIPTIF,COMPOSANT_ID,LIBELLE,DESTINATION_ID,ANNEE,VERSION_DESCRIPTIF) values ('90','25619','En cours de création','2',to_date('19/03/15 17:28:45','DD/MM/RR HH24:MI:SS'),'v 0.2');

-- Insertion des syllabus sélectionnés
Insert into SCO_SCOLARITE.SELECTION_LIEN_DESCRIPTIF (LIEN_ID,DESCRIPTIF_ID) values ('18552','91');
Insert into SCO_SCOLARITE.SELECTION_LIEN_DESCRIPTIF (LIEN_ID,DESCRIPTIF_ID) values ('18552','90');
